000
CXUS53 KDDC 061309
CF6P28
PRELIMINARY LOCAL CLIMATOLOGICAL DATA (WS FORM: F-6)
STATION: MEDICINE LODGE KS
MONTH: JUNE
YEAR: 2023
LATITUDE: 37 17 N
LONGITUDE: 98 35 W
TEMPERATURE IN F: :PCPN: SNOW: WIND :SUNSHINE: SKY :PK WND
================================================================================
1 2 3 4 5 6A 6B 7 8 9 10 11 12 13 14 15 16 17 18
12Z AVG MX 2MIN
DY MAX MIN AVG DEP HDD CDD WTR SNW DPTH SPD SPD DIR MIN PSBL S-S WX SPD DR
================================================================================
1 82 63 73 0 0 8 1.22 0.0 0 5.8 29 200 M M 0 47 200
2 81 61 71 -3 0 6 0.98 0.0 0 6.9 23 330 M M 0 35 330
3 80 62 71 -3 0 6 0.00 0.0 0 3.8 12 20 M M 0 17 20
4 79 62 71 -3 0 6 0.00 0.0 0 4.1 14 90 M M 0 19 80
5 89 60 75 0 0 10 0.00 0.0 0 6.6 24 90 M M 0 35 80
6 87 59 73 -2 0 8 0.00 0.0 0 4.1 20 170 M M 0 27 170
7 87 57 72 -3 0 7 0.00 0.0 0 3.3 14 120 M M 0 20 110
8 89 61 75 -1 0 10 0.00 0.0 0 2.6 9 230 M M 0 13 210
9 93 62 78 2 0 13 0.04 0.0 0 6.5 28 310 M M 0 40 310
10 87 62 75 -1 0 10 0.43 0.0 0 5.8 26 320 M M 0 32 310
11 80 62 71 -6 0 6 0.15 0.0 0 9.5 22 330 M M 0 32 330
12 77 62 70 -7 0 5 0.00 0.0 0 5.1 14 40 M M 0 21 50
13 80 58 69 -8 0 4 0.00 0.0 0 3.2 12 180 M M 0 16 170
14 85 61 73 -4 0 8 0.00 0.0 0 3.8 14 20 M M 0 17 10
15 89 57 73 -5 0 8 0.58 0.0 0 8.0 41 280 M M 0 63 290
16 88 60 74 -4 0 9 0.00 0.0 0 3.9 12 10 M M 0 18 310
17 85 60 73 -5 0 8 0.56 0.0 0 6.7 33 30 M M 0 45 30
18 85 59 72 -6 0 7 0.01 0.0 0 6.0 13 260 M M 0 18 250
19 92 65 79 0 0 14 0.00 0.0 0 8.1 18 160 M M 0 31 150
20 91 73 82 3 0 17 0.00 0.0 0 10.2 17 120 M M 0 30 110
21 84 65 75 -4 0 10 0.61 0.0 0 8.0 28 40 M M 0 36 30
22 85 66 76 -3 0 11 0.00 0.0 0 3.2 14 200 M M 0 20 210
23 85 66 76 -4 0 11 0.01 0.0 0 5.4 17 50 M M 0 25 180
24 96 70 83 3 0 18 0.00 0.0 0 6.1 16 170 M M 0 24 160
25 90 66 78 -2 0 13 0.00 0.0 0 9.5 29 10 M M 0 41 20
26 90 60 75 -5 0 10 0.00 0.0 0 6.4 12 80 M M 0 17 90
27 85 66 76 -4 0 11 0.03 0.0 0 10.0 28 230 M M 0 41 230
28 103 70 87 7 0 22 0.01 0.0 0 10.7 22 180 M M 0 30 190
29 100 68 84 3 0 19 0.00 0.0 0 7.0 16 340 M M 0 26 340
30 100 68 84 3 0 19 0.00 0.0 M 7.9 23 340 M M 0 36 340
================================================================================
SM 2624 1891 0 314 4.63 0.0 188.2 M 0
================================================================================
AV 87.5 63.0 6.3 FASTST M M 0 MAX(MPH)
MISC ----> 41 280 63 290
================================================================================
NOTES:
# LAST OF SEVERAL OCCURRENCES
COLUMN 17 PEAK WIND IN M.P.H.
PRELIMINARY LOCAL CLIMATOLOGICAL DATA (WS FORM: F-6) , PAGE 2
STATION: MEDICINE LODGE KS
MONTH: JUNE
YEAR: 2023
LATITUDE: 37 17 N
LONGITUDE: 98 35 W
[TEMPERATURE DATA] [PRECIPITATION DATA] SYMBOLS USED IN COLUMN 16
AVERAGE MONTHLY: 75.3 TOTAL FOR MONTH: 4.63 1 = FOG OR MIST
DPTR FM NORMAL: -2.3 DPTR FM NORMAL: 0.70 2 = FOG REDUCING VISIBILITY
HIGHEST: 103 ON 28 GRTST 24HR 2.17 ON 1- 2 TO 1/4 MILE OR LESS
LOWEST: 57 ON 15, 7 3 = THUNDER
SNOW, ICE PELLETS, HAIL 4 = ICE PELLETS
TOTAL MONTH: 0.0 INCH 5 = HAIL
GRTST 24HR 0.0 6 = FREEZING RAIN OR DRIZZLE
GRTST DEPTH: 0 7 = DUSTSTORM OR SANDSTORM:
VSBY 1/2 MILE OR LESS
8 = SMOKE OR HAZE
[NO. OF DAYS WITH] [WEATHER - DAYS WITH] 9 = BLOWING SNOW
X = TORNADO
MAX 32 OR BELOW: 0 0.01 INCH OR MORE: 12
MAX 90 OR ABOVE: 9 0.10 INCH OR MORE: 7
MIN 32 OR BELOW: 0 0.50 INCH OR MORE: 5
MIN 0 OR BELOW: 0 1.00 INCH OR MORE: 1
[HDD (BASE 65) ]
TOTAL THIS MO. 0
DPTR FM NORMAL -3
TOTAL FM JUL 1 4201
DPTR FM NORMAL -184
[CDD (BASE 65) ]
TOTAL THIS MO. 314
DPTR FM NORMAL -65 [PRESSURE DATA]
TOTAL FM JAN 1 479 HIGHEST SLP 30.04 ON 12
DPTR FM NORMAL -74 LOWEST SLP 29.60 ON 15
[REMARKS]
#FINAL-06-23#