000
CXUS51 KRLX 021338
CF6PKB
PRELIMINARY LOCAL CLIMATOLOGICAL DATA (WS FORM: F-6)
STATION: PARKERSBURG WV
MONTH: NOVEMBER
YEAR: 2020
LATITUDE: 39 20 N
LONGITUDE: 81 26 W
TEMPERATURE IN F: :PCPN: SNOW: WIND :SUNSHINE: SKY :PK WND
================================================================================
1 2 3 4 5 6A 6B 7 8 9 10 11 12 13 14 15 16 17 18
12Z AVG MX 2MIN
DY MAX MIN AVG DEP HDD CDD WTR SNW DPTH SPD SPD DIR MIN PSBL S-S WX SPD DR
================================================================================
1 59 35 47 -3 18 0 0.01 M M 14.5 30 300 M M 6 46 290
2 49 33 41 -9 24 0 0.00 M M 10.5 22 300 M M 3 34 330
3 61 36 49 -1 16 0 0.00 M M 6.5 15 200 M M 0 19 240
4 69 34 52 2 13 0 0.00 M M 3.8 13 180 M M 0 16 170
5 71 37 54 5 11 0 0.00 M M 3.5 14 210 M M 0 19 240
6 71 38 55 6 10 0 0.00 M M 1.9 10 250 M M 0 14 240
7 76 36 56 8 9 0 0.00 M M 0.2 7 220 M M 0 1 8 270
8 79 40 60 12 5 0 0.00 M M 1.1 9 80 M M 0 12 80
9 77 44 61 13 4 0 0.00 M M 2.1 13 160 M M 0 1 17 170
10 80 60 70 22 0 5 0.00 M M 7.9 14 170 M M 0 8 20 170
11 72 48 60 13 5 0 1.25 M M 6.1 14 300 M M 9 1 19 180
12 57 36 47 0 18 0 0.00 M M 3.8 13 50 M M 1 18 16 50
13 59 33 46 0 19 0 0.00 M M 4.5 14 280 M M 3 12 19 270
14 56 28 42 -4 23 0 0.00 M M 2.6 8 140 M M 2 128 11 140
15 64 47 56 10 9 0 0.18 M M 12.7 36 280 M M 6 8 54 300
16 53 41 47 2 18 0 0.00 M M 9.6 17 250 M M 2 28 300
17 47 35 41 -4 24 0 T M M 11.1 25 290 M M 7 37 280
18 45 27 36 -8 29 0 0.00 M M 3.0 12 300 M M 2 15 290
19 66 32 49 5 16 0 0.00 M M 8.8 20 200 M M 0 29 230
20 66 44 55 11 10 0 0.00 M M 10.6 17 240 M M 2 28 240
21 60 48 54 11 11 0 0.00 M M 5.6 9 10 M M 7 1 9 10
22 64 42 53 10 12 0 0.50 M M 7.2 15 200 M M 5 1 23 300
23 46 34 40 -3 25 0 0.00 M M 5.3 13 280 M M 4 1 21 300
24 45 30 38 -4 27 0 0.00 M M 3.5 7 140 M M 4 12 7 140
25 61 34 48 6 17 0 0.14 M M 6.3 16 170 M M 7 21 170
26 61 49 55 14 10 0 0.16 M M 6.0 17 270 M M 8 1 25 240
27 55 40 48 7 17 0 0.00 M M 2.3 10 270 M M 9 1 15 250
28 50 30 40 -1 25 0 0.00 M M 2.4 10 310 M M 3 1 15 320
29 56 26 41 1 24 0 0.00 M M 0.9 8 180 M M 0 1 10 170
30 46 32 39 -1 26 0 0.49 M M 6.6 15 270 M M 10 1 22 270
================================================================================
SM 1821 1129 475 5 2.73 M 170.9 M 100
================================================================================
AV 60.7 37.6 5.7 FASTST M M 3 MAX(MPH)
MISC ----> 36 280 54 300
================================================================================
NOTES:
# LAST OF SEVERAL OCCURRENCES
COLUMN 17 PEAK WIND IN M.P.H.
PRELIMINARY LOCAL CLIMATOLOGICAL DATA (WS FORM: F-6) , PAGE 2
STATION: PARKERSBURG WV
MONTH: NOVEMBER
YEAR: 2020
LATITUDE: 39 20 N
LONGITUDE: 81 26 W
[TEMPERATURE DATA] [PRECIPITATION DATA] SYMBOLS USED IN COLUMN 16
AVERAGE MONTHLY: 49.2 TOTAL FOR MONTH: 2.73 1 = FOG OR MIST
DPTR FM NORMAL: 3.8 DPTR FM NORMAL: -0.63 2 = FOG REDUCING VISIBILITY
HIGHEST: 80 ON 10 GRTST 24HR 1.25 ON 11-11 TO 1/4 MILE OR LESS
LOWEST: 26 ON 29 3 = THUNDER
SNOW, ICE PELLETS, HAIL 4 = ICE PELLETS
TOTAL MONTH: M 5 = HAIL
GRTST 24HR M ON M 6 = FREEZING RAIN OR DRIZZLE
GRTST DEPTH: M ON M 7 = DUSTSTORM OR SANDSTORM:
VSBY 1/2 MILE OR LESS
8 = SMOKE OR HAZE
[NO. OF DAYS WITH] [WEATHER - DAYS WITH] 9 = BLOWING SNOW
X = TORNADO
MAX 32 OR BELOW: 0 0.01 INCH OR MORE: 7
MAX 90 OR ABOVE: 0 0.10 INCH OR MORE: 6
MIN 32 OR BELOW: 7 0.50 INCH OR MORE: 2
MIN 0 OR BELOW: 0 1.00 INCH OR MORE: 1
[HDD (BASE 65) ]
TOTAL THIS MO. 475 CLEAR (SCALE 0-3) 17
DPTR FM NORMAL -116 PTCLDY (SCALE 4-7) 9
TOTAL FM JUL 1 825 CLOUDY (SCALE 8-10) 4
DPTR FM NORMAL -161
[CDD (BASE 65) ]
TOTAL THIS MO. 5
DPTR FM NORMAL 3 [PRESSURE DATA]
TOTAL FM JAN 1 1186 HIGHEST SLP 30.65 ON 18
DPTR FM NORMAL 231 LOWEST SLP 29.46 ON 30
[REMARKS]
#FINAL-11-20#
PKB BACKUP SITE USED FOR TEMPERATURES ON 20TH, 21ST, AND 24TH.