000
CXUS52 KFFC 281010
CF6RMG
PRELIMINARY LOCAL CLIMATOLOGICAL DATA (WS FORM: F-6)
STATION: ROME
MONTH: APRIL
YEAR: 2024
LATITUDE: 34 20 N
LONGITUDE: 85 10 W
TEMPERATURE IN F: :PCPN: SNOW: WIND :SUNSHINE: SKY :PK WND
================================================================================
1 2 3 4 5 6A 6B 7 8 9 10 11 12 13 14 15 16 17 18
12Z AVG MX 2MIN
DY MAX MIN AVG DEP HDD CDD WTR SNW DPTH SPD SPD DIR MIN PSBL S-S WX SPD DR
================================================================================
1 75 58 67 9 0 2 0.00 M M 2.3 12 200 M M 7 16 170
2 81 61 71 13 0 6 0.18 M M 7.5 21 180 M M 6 1 32 240
3 68 50 59 1 6 0 0.28 M M 11.9 24 280 M M 6 1 38 290
4 62 42 52 -6 13 0 0.00 M M 10.2 23 270 M M 4 35 290
5 61 41 51 -8 14 0 0.00 M M 7.0 20 280 M M 1 30 260
6 65 35 50 -9 15 0 0.00 M M 3.8 16 50 M M 1 8 26 40
7 75 35 55 -4 10 0 0.00 M M 2.6 10 130 M M 2 18 15 130
8 78 52 65 6 0 0 T M M 4.0 16 160 M M 4 8 26 110
9 62 57 60 0 5 0 0.75 M M 3.6 8 150 M M 10 138 12 130
10 72 59 66 6 0 1 0.03 M M 6.7 23 110 M M 8 1 37 160
11 75 54 65 5 0 0 0.48 M M 8.2 25 230 M M 9 13 41 240
12 69 49 59 -1 6 0 0.00 M M 9.7 26 300 M M 1 42 310
13 79 40 60 -1 5 0 0.00 M M 4.5 17 340 M M 0 28 320
14 82 45 64 3 1 0 0.00 M M 4.4 17 220 M M 0 26 210
15 83 52 68 7 0 3 0.00 M M 3.7 15 270 M M 0 20 190
16 86 57 72 10 0 7 0.00 M M 3.5 16 190 M M 0 18 21 180
17 74 57 66 4 0 1 0.28 M M 2.0 15 170 M M 4 123 18 290
18 83 55 69 7 0 4 0.00 M M 2.0 10 260 M M 5 12 15 270
19 83 64 74 12 0 9 0.28 M M 2.5 17 260 M M 6 138 24 270
20 71 55 63 0 2 0 0.07 M M 6.5 17 350 M M 8 1 23 350
21 62 49 56 -7 9 0 0.02 M M 8.1 20 360 M M 7 28 10
22 67 41 54 -9 11 0 0.00 M M 4.6 21 20 M M 0 27 30
23 75 36 56 -7 9 0 0.00 M M 3.7 15 170 M M 0 22 180
24 77 46 62 -2 3 0 0.00 M M 2.6 12 240 M M 4 18 330
25 79 46 63 -1 2 0 0.00 M M 1.5 7 250 M M 1 10 160
26 81 57 69 5 0 4 0.00 M M 6.0 20 130 M M 8 27 130
27 77 60 69 5 0 4 0.00 M M 7.3 17 120 M M 4 24 160
================================================================================
SM 2002 1353 111 41 2.37 M 140.4 M 106
================================================================================
AV 74.1 50.1 5.2 FASTST M M 4 MAX(MPH)
MISC ----> 26 300 42 310
================================================================================
NOTES:
# LAST OF SEVERAL OCCURRENCES
COLUMN 17 PEAK WIND IN M.P.H.
PRELIMINARY LOCAL CLIMATOLOGICAL DATA (WS FORM: F-6) , PAGE 2
STATION: ROME
MONTH: APRIL
YEAR: 2024
LATITUDE: 34 20 N
LONGITUDE: 85 10 W
[TEMPERATURE DATA] [PRECIPITATION DATA] SYMBOLS USED IN COLUMN 16
AVERAGE MONTHLY: 62.1 TOTAL FOR MONTH: 2.37 1 = FOG OR MIST
DPTR FM NORMAL: 1.1 DPTR FM NORMAL: -1.66 2 = FOG REDUCING VISIBILITY
HIGHEST: 86 ON 16 GRTST 24HR 0.75 ON 8- 9 TO 1/4 MILE OR LESS
LOWEST: 35 ON 7, 6 3 = THUNDER
SNOW, ICE PELLETS, HAIL 4 = ICE PELLETS
TOTAL MONTH: M 5 = HAIL
GRTST 24HR M ON M 6 = FREEZING RAIN OR DRIZZLE
GRTST DEPTH: M ON M 7 = DUSTSTORM OR SANDSTORM:
VSBY 1/2 MILE OR LESS
8 = SMOKE OR HAZE
[NO. OF DAYS WITH] [WEATHER - DAYS WITH] 9 = BLOWING SNOW
X = TORNADO
MAX 32 OR BELOW: 0 0.01 INCH OR MORE: 9
MAX 90 OR ABOVE: 0 0.10 INCH OR MORE: 6
MIN 32 OR BELOW: 0 0.50 INCH OR MORE: 1
MIN 0 OR BELOW: 0 1.00 INCH OR MORE: 0
[HDD (BASE 65) ]
TOTAL THIS MO. 111 CLEAR (SCALE 0-3) 11
DPTR FM NORMAL -33 PTCLDY (SCALE 4-7) 13
TOTAL FM JUL 1 2493 CLOUDY (SCALE 8-10) 3
DPTR FM NORMAL -442
[CDD (BASE 65) ]
TOTAL THIS MO. 41
DPTR FM NORMAL 3 [PRESSURE DATA]
TOTAL FM JAN 1 41 HIGHEST SLP M ON M
DPTR FM NORMAL -6 LOWEST SLP 29.42 ON 3
[REMARKS]