000
CXUS52 KFFC 011110
CF6RMG
PRELIMINARY LOCAL CLIMATOLOGICAL DATA (WS FORM: F-6)
STATION: ROME
MONTH: FEBRUARY
YEAR: 2022
LATITUDE: 34 20 N
LONGITUDE: 85 10 W
TEMPERATURE IN F: :PCPN: SNOW: WIND :SUNSHINE: SKY :PK WND
================================================================================
1 2 3 4 5 6A 6B 7 8 9 10 11 12 13 14 15 16 17 18
12Z AVG MX 2MIN
DY MAX MIN AVG DEP HDD CDD WTR SNW DPTH SPD SPD DIR MIN PSBL S-S WX SPD DR
================================================================================
1 62 25 44 0 21 0 0.00 M M 5.5 16 130 M M 0 8 22 150
2 56 47 52 8 13 0 0.26 M M 7.6 17 130 M M 7 1 24 120
3 67 48 58 14 7 0 2.70 M M 4.9 17 160 M M 10 13 25 180
4 65 33 49 5 16 0 0.24 M M 8.8 17 330 M M 10 1 27 320
5 43 28 36 -8 29 0 0.00 M M 8.6 18 360 M M 1 25 30
6 52 23 38 -6 27 0 0.00 M M 2.4 13 110 M M 0 18 120
7 55 28 42 -3 23 0 0.00 M M 2.0 10 300 M M 0 16 320
8 58 26 42 -3 23 0 0.00 M M 3.2 16 10 M M 0 20 20
9 63 26 45 0 20 0 0.00 M M 3.8 16 230 M M 0 27 260
10 67 28 48 3 17 0 0.00 M M 2.5 18 280 M M 0 28 270
11 70 31 51 5 14 0 0.00 M M 3.4 18 260 M M 0 26 270
12 68 37 53 7 12 0 0.00 M M 5.6 15 350 M M 1 8 23 340
13 49 30 40 -6 25 0 0.00 M M 8.4 21 360 M M 3 29 10
14 58 25 42 -4 23 0 0.00 M M 2.5 14 260 M M 0 21 290
15 65 28 47 1 18 0 0.00 M M 3.6 13 110 M M 0 18 130
16 72 38 55 9 10 0 0.00 M M 4.6 20 160 M M 5 30 210
17 71 51 61 14 4 0 1.66 M M 10.4 39 270 M M 10 13 62 270
18 61 31 46 -1 19 0 0.00 M M 9.7 17 330 M M 7 25 340
19 58 25 42 -5 23 0 0.00 M M 4.0 14 330 M M 0 23 350
20 63 27 45 -2 20 0 0.00 M M 3.3 17 160 M M 0 26 150
21 56 38 47 -1 18 0 0.57 M M 3.2 14 170 M M 7 1 19 160
22 72 54 63 15 2 0 0.04 M M 3.7 15 170 M M 7 1 18 180
23 76 60 68 20 0 3 2.47 M M 3.3 14 310 M M 8 13 21 310
24 73 52 63 15 2 0 T M M 3.4 10 200 M M 7 1 15 250
25 66 40 53 4 12 0 0.13 M M 8.2 17 300 M M 4 18 29 300
26 49 38 44 -5 21 0 0.01 M M 7.9 15 350 M M 8 21 360
27 49 43 46 -3 19 0 1.48 M M 5.1 12 360 M M 10 18 15 350
28 64 33 49 0 16 0 0.00 M M 2.8 8 360 M M 0 13 350
================================================================================
SM 1728 993 454 3 9.56 M 142.4 M 105
================================================================================
AV 61.7 35.5 5.1 FASTST M M 4 MAX(MPH)
MISC ----> 39 270 62 270
================================================================================
NOTES:
# LAST OF SEVERAL OCCURRENCES
COLUMN 17 PEAK WIND IN M.P.H.
PRELIMINARY LOCAL CLIMATOLOGICAL DATA (WS FORM: F-6) , PAGE 2
STATION: ROME
MONTH: FEBRUARY
YEAR: 2022
LATITUDE: 34 20 N
LONGITUDE: 85 10 W
[TEMPERATURE DATA] [PRECIPITATION DATA] SYMBOLS USED IN COLUMN 16
AVERAGE MONTHLY: 48.6 TOTAL FOR MONTH: 9.56 1 = FOG OR MIST
DPTR FM NORMAL: 2.3 DPTR FM NORMAL: 4.75 2 = FOG REDUCING VISIBILITY
HIGHEST: 76 ON 23 GRTST 24HR 2.72 ON 3- 4 TO 1/4 MILE OR LESS
LOWEST: 23 ON 6 3 = THUNDER
SNOW, ICE PELLETS, HAIL 4 = ICE PELLETS
TOTAL MONTH: M 5 = HAIL
GRTST 24HR M ON M 6 = FREEZING RAIN OR DRIZZLE
GRTST DEPTH: M ON M 7 = DUSTSTORM OR SANDSTORM:
VSBY 1/2 MILE OR LESS
8 = SMOKE OR HAZE
[NO. OF DAYS WITH] [WEATHER - DAYS WITH] 9 = BLOWING SNOW
X = TORNADO
MAX 32 OR BELOW: 0 0.01 INCH OR MORE: 10
MAX 90 OR ABOVE: 0 0.10 INCH OR MORE: 8
MIN 32 OR BELOW: 14 0.50 INCH OR MORE: 5
MIN 0 OR BELOW: 0 1.00 INCH OR MORE: 4
[HDD (BASE 65) ]
TOTAL THIS MO. 454 CLEAR (SCALE 0-3) 15
DPTR FM NORMAL -71 PTCLDY (SCALE 4-7) 9
TOTAL FM JUL 1 2032 CLOUDY (SCALE 8-10) 4
DPTR FM NORMAL -390
[CDD (BASE 65) ]
TOTAL THIS MO. 3
DPTR FM NORMAL 1 [PRESSURE DATA]
TOTAL FM JAN 1 11 HIGHEST SLP 30.53 ON 15
DPTR FM NORMAL 11 LOWEST SLP 29.65 ON 17
[REMARKS]
#FINAL-02-22#