000
CXUS52 KFFC 011110
CF6RMG
PRELIMINARY LOCAL CLIMATOLOGICAL DATA (WS FORM: F-6)
STATION: ROME
MONTH: FEBRUARY
YEAR: 2023
LATITUDE: 34 20 N
LONGITUDE: 85 10 W
TEMPERATURE IN F: :PCPN: SNOW: WIND :SUNSHINE: SKY :PK WND
================================================================================
1 2 3 4 5 6A 6B 7 8 9 10 11 12 13 14 15 16 17 18
12Z AVG MX 2MIN
DY MAX MIN AVG DEP HDD CDD WTR SNW DPTH SPD SPD DIR MIN PSBL S-S WX SPD DR
================================================================================
1 53 43 48 4 17 0 0.02 M M 5.4 12 350 M M 10 1 16 320
2 46 43 45 1 20 0 1.07 M M 3.7 8 360 M M 10 1 11 330
3 47 33 40 -4 25 0 0.00 M M 10.1 20 20 M M 2 32 340
4 52 26 39 -5 26 0 0.00 M M 4.1 12 150 M M 0 19 150
5 61 30 46 2 19 0 0.00 M M 2.2 15 260 M M 1 23 240
6 66 31 49 5 16 0 0.00 M M 1.1 12 350 M M 0 1 16 360
7 70 32 51 6 14 0 0.00 M M 1.3 14 180 M M 1 20 170
8 74 50 62 17 3 0 0.01 M M 2.3 9 150 M M 8 14 150
9 65 49 57 12 8 0 0.09 0.0 M 5.2 18 140 M M 7 1 29 120
10 62 42 52 7 13 0 0.00 0.0 M 7.0 17 360 M M 1 24 10
11 51 44 48 2 17 0 0.28 M M 7.7 16 360 M M 5 1 23 10
12 47 33 40 -6 25 0 0.78 M M 5.0 18 320 M M 8 1 25 320
13 63 28 46 0 19 0 0.00 M M 2.4 14 200 M M 0 22 190
14 72 31 52 6 13 0 0.00 M M 5.3 18 180 M M 0 27 150
15 62 55 59 13 6 0 0.09 M M 4.6 14 180 M M 10 1 19 190
16 76 55 66 20 0 1 0.43 M M 4.4 13 170 M M 10 1 19 180
17 65 34 50 3 15 0 1.68 M M 11.6 20 340 M M 10 1 31 320
18 57 30 44 -3 21 0 0.00 M M 4.4 14 330 M M 0 20 350
19 65 36 51 4 14 0 0.00 M M 2.4 13 190 M M 0 8 21 250
20 70 39 55 8 10 0 0.00 M M 4.5 16 210 M M 0 24 250
21 74 58 66 18 0 1 T M M 5.2 14 240 M M 6 1 23 220
22 83 57 70 22 0 5 0.00 M M 8.3 22 180 M M 6 1 36 200
23 74 62 68 20 0 3 0.09 M M 3.7 12 190 M M 8 128 19 210
24 69 51 60 12 5 0 0.03 M M 6.9 17 10 M M 8 12 22 20
25 60 51 56 7 9 0 0.04 M M 2.9 12 160 M M 10 1 18 170
26 66 53 60 11 5 0 M M M 2.7 13 230 M M 7 12 18 220
27 76 50 63 14 2 0 0.04 M M 5.9 20 220 M M 8 12 34 220
28 79 46 63 14 2 0 0.00 M M 3.7 14 200 M M 0 20 210
================================================================================
SM 1805 1192 324 10 4.65 0.0 134.0 M 136
================================================================================
AV 64.5 42.6 4.8 FASTST M M 5 MAX(MPH)
MISC ----> 22 180 36 200
================================================================================
NOTES:
# LAST OF SEVERAL OCCURRENCES
COLUMN 17 PEAK WIND IN M.P.H.
PRELIMINARY LOCAL CLIMATOLOGICAL DATA (WS FORM: F-6) , PAGE 2
STATION: ROME
MONTH: FEBRUARY
YEAR: 2023
LATITUDE: 34 20 N
LONGITUDE: 85 10 W
[TEMPERATURE DATA] [PRECIPITATION DATA] SYMBOLS USED IN COLUMN 16
AVERAGE MONTHLY: 53.5 TOTAL FOR MONTH: 4.65 1 = FOG OR MIST
DPTR FM NORMAL: 7.2 DPTR FM NORMAL: -0.16 2 = FOG REDUCING VISIBILITY
HIGHEST: 83 ON 22 GRTST 24HR 2.11 ON 16-17 TO 1/4 MILE OR LESS
LOWEST: 26 ON 4 3 = THUNDER
SNOW, ICE PELLETS, HAIL 4 = ICE PELLETS
TOTAL MONTH: 0.0 INCH 5 = HAIL
GRTST 24HR 0.0 6 = FREEZING RAIN OR DRIZZLE
GRTST DEPTH: M ON M 7 = DUSTSTORM OR SANDSTORM:
VSBY 1/2 MILE OR LESS
8 = SMOKE OR HAZE
[NO. OF DAYS WITH] [WEATHER - DAYS WITH] 9 = BLOWING SNOW
X = TORNADO
MAX 32 OR BELOW: 0 0.01 INCH OR MORE: 13
MAX 90 OR ABOVE: 0 0.10 INCH OR MORE: 5
MIN 32 OR BELOW: 7 0.50 INCH OR MORE: 3
MIN 0 OR BELOW: 0 1.00 INCH OR MORE: 2
[HDD (BASE 65) ]
TOTAL THIS MO. 324 CLEAR (SCALE 0-3) 12
DPTR FM NORMAL -201 PTCLDY (SCALE 4-7) 9
TOTAL FM JUL 1 1917 CLOUDY (SCALE 8-10) 7
DPTR FM NORMAL -505
[CDD (BASE 65) ]
TOTAL THIS MO. 10
DPTR FM NORMAL 8 [PRESSURE DATA]
TOTAL FM JAN 1 11 HIGHEST SLP 30.58 ON 4
DPTR FM NORMAL 11 LOWEST SLP 29.58 ON 27
[REMARKS]
#FINAL-02-23#