000
CXUS56 KLKN 011310
CF6TPH
PRELIMINARY LOCAL CLIMATOLOGICAL DATA (WS FORM: F-6)
STATION: TONOPAH AIRPORT NV
MONTH: JANUARY
YEAR: 2024
LATITUDE: 38 3 N
LONGITUDE: 117 5 W
TEMPERATURE IN F: :PCPN: SNOW: WIND :SUNSHINE: SKY :PK WND
================================================================================
1 2 3 4 5 6A 6B 7 8 9 10 11 12 13 14 15 16 17 18
12Z AVG MX 2MIN
DY MAX MIN AVG DEP HDD CDD WTR SNW DPTH SPD SPD DIR MIN PSBL S-S WX SPD DR
================================================================================
1 48 23 36 4 29 0 0.00 M M 6.3 13 360 M M 1 14 360
2 45 17 31 -1 34 0 0.00 M M 5.9 13 120 M M 1 15 10
3 39 25 32 -1 33 0 0.02 M M 16.4 35 300 M M 6 1 49 300
4 41 22 32 -1 33 0 0.00 M M 17.3 28 310 M M 2 38 310
5 41 19 30 -3 35 0 0.00 M M 14.6 32 320 M M 1 42 320
6 30 15 23 -10 42 0 0.03 M M 6.9 33 310 M M 4 18 48 310
7 28 15 22 -11 43 0 T M M 20.0 32 320 M M 1 46 320
8 34 11 23 -10 42 0 0.00 M M 9.4 17 320 M M 0 26 320
9 41 13 27 -6 38 0 0.00 M M 4.6 12 310 M M 0 15 310
10 48 17 33 0 32 0 0.04 M M 11.5 29 280 M M 2 1 42 280
11 28 11 20 -14 45 0 T M M 11.2 24 310 M M 2 1 33 330
12 38 10 24 -10 41 0 0.00 M M 3.5 16 340 M M 5 22 340
13 36 22 29 -5 36 0 0.04 M M 4.7 20 360 M M 5 1 24 350
14 47 19 33 -1 32 0 0.00 M M 10.8 29 320 M M 1 39 320
15 48 25 37 3 28 0 0.00 M M 6.9 15 310 M M 0 20 310
16 47 19 33 -1 32 0 0.00 M M 4.6 14 20 M M 3 17 20
17 54 26 40 6 25 0 0.00 M M 6.1 17 310 M M 2 21 340
18 51 23 37 3 28 0 0.00 M M 5.8 15 360 M M 0 18 360
19 52 29 41 7 24 0 0.00 M M 7.8 16 160 M M 0 24 140
20 49 34 42 8 23 0 0.00 M M 9.7 21 190 M M 5 29 210
21 45 34 40 6 25 0 0.03 M M 6.4 12 130 M M 9 15 140
22 40 33 37 3 28 0 0.54 M M 8.9 18 170 M M 10 1 26 170
23 49 31 40 6 25 0 T M M 10.7 21 320 M M 5 29 360
24 43 29 36 1 29 0 T M M 3.6 14 360 M M 6 17 360
25 46 28 37 2 28 0 0.00 M M 13.1 28 310 M M 1 37 310
26 49 25 37 2 28 0 0.00 M M 5.3 16 10 M M 3 19 10
27 57 29 43 8 22 0 0.00 M M 4.1 12 350 M M 0 13 10
28 62 32 47 12 18 0 0.00 M M 6.8 20 360 M M 0 25 10
29 64 33 49 14 16 0 0.00 M M 6.6 13 360 M M 0 17 190
30 61 30 46 11 19 0 0.00 M M 6.5 16 190 M M 0 22 190
31 54 30 42 7 23 0 0.00 M M 13.5 32 160 M M 1 43 150
================================================================================
SM 1415 729 936 0 0.70 M 269.5 M 76
================================================================================
AV 45.6 23.5 8.7 FASTST M M 2 MAX(MPH)
MISC ----> 35 300 49 300
================================================================================
NOTES:
# LAST OF SEVERAL OCCURRENCES
COLUMN 17 PEAK WIND IN M.P.H.
PRELIMINARY LOCAL CLIMATOLOGICAL DATA (WS FORM: F-6) , PAGE 2
STATION: TONOPAH AIRPORT NV
MONTH: JANUARY
YEAR: 2024
LATITUDE: 38 3 N
LONGITUDE: 117 5 W
[TEMPERATURE DATA] [PRECIPITATION DATA] SYMBOLS USED IN COLUMN 16
AVERAGE MONTHLY: 34.6 TOTAL FOR MONTH: 0.70 1 = FOG OR MIST
DPTR FM NORMAL: 0.7 DPTR FM NORMAL: 0.25 2 = FOG REDUCING VISIBILITY
HIGHEST: 64 ON 29 GRTST 24HR 0.55 ON 22-23 TO 1/4 MILE OR LESS
LOWEST: 10 ON 12 3 = THUNDER
SNOW, ICE PELLETS, HAIL 4 = ICE PELLETS
TOTAL MONTH: M 5 = HAIL
GRTST 24HR M ON M 6 = FREEZING RAIN OR DRIZZLE
GRTST DEPTH: M ON M 7 = DUSTSTORM OR SANDSTORM:
VSBY 1/2 MILE OR LESS
8 = SMOKE OR HAZE
[NO. OF DAYS WITH] [WEATHER - DAYS WITH] 9 = BLOWING SNOW
X = TORNADO
MAX 32 OR BELOW: 3 0.01 INCH OR MORE: 6
MAX 90 OR ABOVE: 0 0.10 INCH OR MORE: 1
MIN 32 OR BELOW: 27 0.50 INCH OR MORE: 1
MIN 0 OR BELOW: 0 1.00 INCH OR MORE: 0
[HDD (BASE 65) ]
TOTAL THIS MO. 936 CLEAR (SCALE 0-3) 22
DPTR FM NORMAL -28 PTCLDY (SCALE 4-7) 7
TOTAL FM JUL 1 2914 CLOUDY (SCALE 8-10) 2
DPTR FM NORMAL -208
[CDD (BASE 65) ]
TOTAL THIS MO. 0
DPTR FM NORMAL 0 [PRESSURE DATA]
TOTAL FM JAN 1 0 HIGHEST SLP 30.50 ON 27
DPTR FM NORMAL 0 LOWEST SLP 29.56 ON 10
[REMARKS]
#FINAL-01-24#