000
CXUS51 KBTV 010700
CF61V4
PRELIMINARY LOCAL CLIMATOLOGICAL DATA (WS FORM: F-6)
STATION: SAINT JOHNSBURY VT ASOS
MONTH: JULY
YEAR: 2020
LATITUDE: 44 25 N
LONGITUDE: 72 1 W
TEMPERATURE IN F: :PCPN: SNOW: WIND :SUNSHINE: SKY :PK WND
================================================================================
1 2 3 4 5 6A 6B 7 8 9 10 11 12 13 14 15 16 17 18
12Z AVG MX 2MIN
DY MAX MIN AVG DEP HDD CDD WTR SNW DPTH SPD SPD DIR MIN PSBL S-S WX SPD DR
================================================================================
1 74 63 69 0 0 4 0.00 M M M M M M M 0 M M
2 91 62 77 8 0 12 0.09 M M M M M M M 0 M M
3 86 65 76 7 0 11 0.12 M M M M M M M 0 M M
4 86 61 74 4 0 9 0.00 M M M M M M M 0 M M
5 83 61 72 2 0 7 0.00 M M M M M M M 0 M M
6 84 56 70 0 0 5 0.00 M M M M M M M 0 M M
7 85 54 70 0 0 5 0.10 M M M M M M M 0 M M
8 89 65 77 7 0 12 0.13 M M M M M M M 0 M M
9 91 62 77 7 0 12 0.08 M M M M M M M 0 M M
10 90 66 78 8 0 13 0.07 M M M M M M M 0 M M
11 86 73 80 10 0 15 0.20 M M M M M M M 0 M M
12 81 67 74 4 0 9 0.28 M M M M M M M 0 M M
13 83 63 73 3 0 8 0.04 M M M M M M M 0 M M
14 74 60 67 -3 0 2 1.82 M M M M M M M 0 M M
15 78 58 68 -2 0 3 0.00 M M M M M M M 0 M M
16 77 58 68 -2 0 3 0.00 M M M M M M M 0 M M
17 72 59 66 -4 0 1 0.20 M M M M M M M 0 M M
18 88 61 75 5 0 10 0.00 M M M M M M M 0 M M
19 93 64 79 9 0 14 0.21 M M M M M M M 0 M M
20 87 67 77 7 0 12 0.00 M M M M M M M 0 M M
21 81 60 71 1 0 6 0.00 M M M M M M M 0 M M
22 76 59 68 -2 0 3 0.00 M M M M M M M 0 M M
23 82 64 73 3 0 8 0.13 M M M M M M M 0 M M
24 84 59 72 2 0 7 0.00 M M M M M M M 0 M M
25 85 55 70 0 0 5 0.00 M M M M M M M 0 M M
26 87 60 74 4 0 9 0.00 M M M M M M M 0 M M
27 90 72 81 11 0 16 0.16 M M M M M M M 0 M M
28 86 63 75 5 0 10 0.01 M M M M M M M 0 M M
29 86 58 72 2 0 7 0.00 M M M M M M M 0 M M
30 83 61 72 2 0 7 0.00 M M M M M M M 0 M M
31 82 58 70 0 0 5 0.00 M M M M M M M 0 M M
================================================================================
SM 2600 1914 0 250 3.64 M M M 0
================================================================================
AV 83.9 61.7 M FASTST M M 0 MAX(MPH)
MISC ----> M M M M
================================================================================
NOTES:
# LAST OF SEVERAL OCCURRENCES
COLUMN 17 PEAK WIND IN M.P.H.
PRELIMINARY LOCAL CLIMATOLOGICAL DATA (WS FORM: F-6) , PAGE 2
STATION: SAINT JOHNSBURY VT ASOS
MONTH: JULY
YEAR: 2020
LATITUDE: 44 25 N
LONGITUDE: 72 1 W
[TEMPERATURE DATA] [PRECIPITATION DATA] SYMBOLS USED IN COLUMN 16
AVERAGE MONTHLY: 72.8 TOTAL FOR MONTH: 3.64 1 = FOG OR MIST
DPTR FM NORMAL: 2.8 DPTR FM NORMAL: -0.48 2 = FOG REDUCING VISIBILITY
HIGHEST: 93 ON 19 GRTST 24HR 1.83 ON 13-14 TO 1/4 MILE OR LESS
LOWEST: 54 ON 7 3 = THUNDER
SNOW, ICE PELLETS, HAIL 4 = ICE PELLETS
TOTAL MONTH: M 5 = HAIL
GRTST 24HR M ON M 6 = FREEZING RAIN OR DRIZZLE
GRTST DEPTH: M ON M 7 = DUSTSTORM OR SANDSTORM:
VSBY 1/2 MILE OR LESS
8 = SMOKE OR HAZE
[NO. OF DAYS WITH] [WEATHER - DAYS WITH] 9 = BLOWING SNOW
X = TORNADO
MAX 32 OR BELOW: 0 0.01 INCH OR MORE: 15
MAX 90 OR ABOVE: 5 0.10 INCH OR MORE: 10
MIN 32 OR BELOW: 0 0.50 INCH OR MORE: 1
MIN 0 OR BELOW: 0 1.00 INCH OR MORE: 1
[HDD (BASE 65) ]
TOTAL THIS MO. 0 CLEAR (SCALE 0-3) 31
DPTR FM NORMAL -15 PTCLDY (SCALE 4-7) 0
TOTAL FM JUL 1 0 CLOUDY (SCALE 8-10) 0
DPTR FM NORMAL -10
[CDD (BASE 65) ]
TOTAL THIS MO. 250
DPTR FM NORMAL 81 [PRESSURE DATA]
TOTAL FM JAN 1 396 HIGHEST SLP M ON M
DPTR FM NORMAL 119 LOWEST SLP 29.43 ON 12
[REMARKS]
#FINAL-07-20#