000
CXUS52 KGSP 010817
CF6AVL
PRELIMINARY LOCAL CLIMATOLOGICAL DATA (WS FORM: F-6)
STATION: ASHEVILLE NC
MONTH: MARCH
YEAR: 2021
LATITUDE: 35 25 N
LONGITUDE: 82 33 W
TEMPERATURE IN F: :PCPN: SNOW: WIND :SUNSHINE: SKY :PK WND
================================================================================
1 2 3 4 5 6A 6B 7 8 9 10 11 12 13 14 15 16 17 18
12Z AVG MX 2MIN
DY MAX MIN AVG DEP HDD CDD WTR SNW DPTH SPD SPD DIR MIN PSBL S-S WX SPD DR
================================================================================
1 65 39 52 9 13 0 0.56 0.0 0 12.7 28 340 M M 7 1 37 340
2 46 35 41 -3 24 0 0.00 0.0 0 7.9 21 340 M M 1 29 350
3 61 36 49 5 16 0 0.00 0.0 0 9.1 25 330 M M 2 32 320
4 61 38 50 6 15 0 0.00 0.0 0 11.6 23 320 M M 0 32 330
5 53 36 45 1 20 0 0.00 0.0 0 13.7 22 350 M M 0 29 360
6 51 35 43 -2 22 0 0.00 0.0 0 11.7 22 340 M M 3 29 330
7 50 27 39 -6 26 0 0.00 0.0 0 8.9 26 330 M M 1 34 330
8 65 26 46 1 19 0 0.00 0.0 0 3.3 12 350 M M 0 8 17 350
9 68 27 48 3 17 0 0.00 0.0 0 1.7 14 200 M M 0 17 200
10 71 29 50 4 15 0 0.00 0.0 0 5.4 20 190 M M 0 26 180
11 69 43 56 10 9 0 0.00 0.0 0 4.8 18 210 M M 0 25 220
12 73 41 57 11 8 0 T 0.0 0 6.6 22 340 M M 4 27 330
13 63 50 57 11 8 0 0.07 0.0 0 4.5 14 350 M M 9 1 17 340
14 67 50 59 13 6 0 0.04 0.0 0 6.3 20 340 M M 9 1 23 330
15 55 46 51 4 14 0 T 0.0 0 7.2 14 150 M M 9 8 21 170
16 49 37 43 -4 22 0 0.71 0.0 0 4.0 13 180 M M 10 13 15 190
17 66 44 55 8 10 0 0.93 0.0 0 5.4 13 160 M M 9 12 18 140
18 71 48 60 12 5 0 1.05 0.0 0 9.7 22 330 M M 9 13 30 210
19 51 39 45 -3 20 0 0.08 0.0 0 9.7 22 330 M M 8 1 28 340
20 56 31 44 -4 21 0 0.00 0.0 0 3.5 13 100 M M 1 19 90
21 60 41 51 3 14 0 T 0.0 0 2.6 13 130 M M 8 18 130
22 66 42 54 5 11 0 0.00 0.0 0 3.5 13 130 M M 2 18 130
23 60 42 51 2 14 0 T 0.0 0 4.1 15 160 M M 5 18 160
24 64 53 59 10 6 0 0.05 0.0 0 6.2 20 180 M M 7 1 24 180
25 59 48 54 5 11 0 3.64 0.0 0 3.8 15 340 M M 8 13 19 340
26 81 51 66 16 0 1 0.04 0.0 0 6.4 17 310 M M 3 13 27 320
27 74 45 60 10 5 0 0.39 0.0 0 3.8 24 350 M M 5 13 33 340
28 67 44 56 6 9 0 0.29 0.0 0 13.2 28 340 M M 6 13 38 330
29 64 37 51 1 14 0 0.00 0.0 0 9.1 25 340 M M 0 33 330
30 69 35 52 1 13 0 0.00 0.0 0 6.0 18 200 M M 2 24 160
31 61 38 50 -1 15 0 1.44 0.0 0 8.5 38 340 M M 9 1 47 340
================================================================================
SM 1936 1233 422 1 9.29 0.0 214.9 M 137
================================================================================
AV 62.5 39.8 6.9 FASTST M M 4 MAX(MPH)
MISC ----> 38 340 47 340
================================================================================
NOTES:
# LAST OF SEVERAL OCCURRENCES
COLUMN 17 PEAK WIND IN M.P.H.
PRELIMINARY LOCAL CLIMATOLOGICAL DATA (WS FORM: F-6) , PAGE 2
STATION: ASHEVILLE NC
MONTH: MARCH
YEAR: 2021
LATITUDE: 35 25 N
LONGITUDE: 82 33 W
[TEMPERATURE DATA] [PRECIPITATION DATA] SYMBOLS USED IN COLUMN 16
AVERAGE MONTHLY: 51.1 TOTAL FOR MONTH: 9.29 1 = FOG OR MIST
DPTR FM NORMAL: 4.0 DPTR FM NORMAL: 5.46 2 = FOG REDUCING VISIBILITY
HIGHEST: 81 ON 26 GRTST 24HR 3.68 ON 25-26 TO 1/4 MILE OR LESS
LOWEST: 26 ON 8 3 = THUNDER
SNOW, ICE PELLETS, HAIL 4 = ICE PELLETS
TOTAL MONTH: 0.0 INCH 5 = HAIL
GRTST 24HR 0.0 6 = FREEZING RAIN OR DRIZZLE
GRTST DEPTH: 0 7 = DUSTSTORM OR SANDSTORM:
VSBY 1/2 MILE OR LESS
8 = SMOKE OR HAZE
[NO. OF DAYS WITH] [WEATHER - DAYS WITH] 9 = BLOWING SNOW
X = TORNADO
MAX 32 OR BELOW: 0 0.01 INCH OR MORE: 13
MAX 90 OR ABOVE: 0 0.10 INCH OR MORE: 8
MIN 32 OR BELOW: 5 0.50 INCH OR MORE: 6
MIN 0 OR BELOW: 0 1.00 INCH OR MORE: 3
[HDD (BASE 65) ]
TOTAL THIS MO. 422 CLEAR (SCALE 0-3) 15
DPTR FM NORMAL -133 PTCLDY (SCALE 4-7) 7
TOTAL FM JUL 1 3294 CLOUDY (SCALE 8-10) 9
DPTR FM NORMAL -477
[CDD (BASE 65) ]
TOTAL THIS MO. 1
DPTR FM NORMAL 0 [PRESSURE DATA]
TOTAL FM JAN 1 1 HIGHEST SLP 30.56 ON 9
DPTR FM NORMAL 0 LOWEST SLP 29.53 ON 18
[REMARKS]
#FINAL-03-21#