000
CXUS55 KCYS 171324
CF6DGW
PRELIMINARY LOCAL CLIMATOLOGICAL DATA (WS FORM: F-6)
STATION: CONVERSE CO (DOUGLAS) WY ARPT
MONTH: SEPTEMBER
YEAR: 2021
LATITUDE: 42 46 N
LONGITUDE: 105 22 W
TEMPERATURE IN F: :PCPN: SNOW: WIND :SUNSHINE: SKY :PK WND
================================================================================
1 2 3 4 5 6A 6B 7 8 9 10 11 12 13 14 15 16 17 18
12Z AVG MX 2MIN
DY MAX MIN AVG DEP HDD CDD WTR SNW DPTH SPD SPD DIR MIN PSBL S-S WX SPD DR
================================================================================
1 84 58 71 5 0 6 T M M 7.9 29 290 M M 7 45 240
2 83 52 68 3 0 3 T M M 8.5 20 20 M M 3 12 25 20
3 77 56 67 2 0 2 0.03 M M 8.3 18 140 M M 6 3 30 150
4 80 47 64 0 1 0 0.00 M M 6.0 20 290 M M 1 27 320
5 87 40 64 0 1 0 0.00 M M 6.2 17 250 M M 0 28 240
6 92 41 67 3 0 2 0.00 M M 8.9 29 270 M M 0 35 290
7 85 48 67 4 0 2 0.00 M M 5.2 14 80 M M 0 17 70
8 86 45 66 3 0 1 0.00 M M 5.4 18 140 M M 0 23 150
9 96 43 70 7 0 5 0.00 M M 9.4 23 300 M M 0 29 300
10 98 46 72 10 0 7 0.00 M M 6.3 33 280 M M 0 42 280
11 92 57 75 13 0 10 0.00 M M 11.6 29 300 M M 1 40 300
12 87 50 69 8 0 4 T M M 7.9 28 230 M M 2 42 240
13 79 53 66 5 0 1 0.01 M M 11.4 35 270 M M 3 48 270
14 78 49 64 4 1 0 0.00 M M 11.3 28 50 M M 2 37 50
15 89 41 65 5 0 0 0.00 M M 9.1 22 300 M M 0 32 250
16 90 41 66 6 0 1 0.00 M M 9.1 32 270 M M 0 44 350
17 77 32 55 -4 10 0 0.00 M M 14.7 31 140 M M 1 42 140
18 93 39 66 7 0 1 0.00 M M 10.9 33 280 M M 0 45 270
19 84 47 66 8 0 1 0.07 M M 14.5 38 270 M M 2 13 54 260
20 54 41 48 -10 17 0 0.63 M M 11.6 25 350 M M 9 13 35 290
21 65 35 50 -7 15 0 0.00 M M 6.4 17 260 M M 0 22 280
22 80 33 57 0 8 0 0.00 M M 3.8 10 110 M M 0 17 130
23 76 40 58 2 7 0 0.00 M M 7.7 18 330 M M 0 26 320
24 73 42 58 2 7 0 0.00 M M 5.9 18 300 M M 1 23 290
25 85 36 61 6 4 0 0.00 M M 3.8 18 290 M M 0 24 280
26 86 45 66 11 0 1 0.00 M M 7.0 20 300 M M 0 28 310
27 88 39 64 10 1 0 0.00 M M 4.0 13 310 M M 0 17 320
28 86 44 65 11 0 0 0.00 M M 8.3 30 140 M M 2 8 40 160
29 62 35 49 -4 16 0 0.12 M M 13.8 37 10 M M 9 1 50 10
30 60 32 46 -7 19 0 0.00 M M 4.9 10 80 M M 3 13 30
================================================================================
SM 2452 1307 107 47 0.86 M 249.8 M 52
================================================================================
AV 81.7 43.6 8.3 FASTST M M 2 MAX(MPH)
MISC ----> 38 270 54 260
================================================================================
NOTES:
# LAST OF SEVERAL OCCURRENCES
COLUMN 17 PEAK WIND IN M.P.H.
PRELIMINARY LOCAL CLIMATOLOGICAL DATA (WS FORM: F-6) , PAGE 2
STATION: CONVERSE CO (DOUGLAS) WY ARPT
MONTH: SEPTEMBER
YEAR: 2021
LATITUDE: 42 46 N
LONGITUDE: 105 22 W
[TEMPERATURE DATA] [PRECIPITATION DATA] SYMBOLS USED IN COLUMN 16
AVERAGE MONTHLY: 62.7 TOTAL FOR MONTH: 0.86 1 = FOG OR MIST
DPTR FM NORMAL: 3.0 DPTR FM NORMAL: -0.11 2 = FOG REDUCING VISIBILITY
HIGHEST: 98 ON 10 GRTST 24HR 0.69 ON 19-20 TO 1/4 MILE OR LESS
LOWEST: 32 ON 30,17 3 = THUNDER
SNOW, ICE PELLETS, HAIL 4 = ICE PELLETS
TOTAL MONTH: M 5 = HAIL
GRTST 24HR M ON M 6 = FREEZING RAIN OR DRIZZLE
GRTST DEPTH: M ON M 7 = DUSTSTORM OR SANDSTORM:
VSBY 1/2 MILE OR LESS
8 = SMOKE OR HAZE
[NO. OF DAYS WITH] [WEATHER - DAYS WITH] 9 = BLOWING SNOW
X = TORNADO
MAX 32 OR BELOW: 0 0.01 INCH OR MORE: 5
MAX 90 OR ABOVE: 6 0.10 INCH OR MORE: 2
MIN 32 OR BELOW: 2 0.50 INCH OR MORE: 1
MIN 0 OR BELOW: 0 1.00 INCH OR MORE: 0
[HDD (BASE 65) ]
TOTAL THIS MO. 107 CLEAR (SCALE 0-3) 26
DPTR FM NORMAL -90 PTCLDY (SCALE 4-7) 2
TOTAL FM JUL 1 125 CLOUDY (SCALE 8-10) 2
DPTR FM NORMAL -108
[CDD (BASE 65) ]
TOTAL THIS MO. 47
DPTR FM NORMAL 12 [PRESSURE DATA]
TOTAL FM JAN 1 715 HIGHEST SLP 30.54 ON 21
DPTR FM NORMAL 203 LOWEST SLP 29.51 ON 28
[REMARKS]
#FINAL-09-21#