000
CXUS54 KFWD 010730
CF6DTO
PRELIMINARY LOCAL CLIMATOLOGICAL DATA (WS FORM: F-6)
STATION: DENTON
MONTH: MAY
YEAR: 2022
LATITUDE: 33 12 N
LONGITUDE: 97 12 W
TEMPERATURE IN F: :PCPN: SNOW: WIND :SUNSHINE: SKY :PK WND
================================================================================
1 2 3 4 5 6A 6B 7 8 9 10 11 12 13 14 15 16 17 18
12Z AVG MX 2MIN
DY MAX MIN AVG DEP HDD CDD WTR SNW DPTH SPD SPD DIR MIN PSBL S-S WX SPD DR
================================================================================
1 84 45 65 -2 0 0 0.01 M M 7.9 18 110 M M 1 3 25 100
2 84 62 73 6 0 8 1.66 M M 14.0 26 180 M M 6 13 37 360
3 65 52 59 -9 6 0 0.22 M M 8.7 17 350 M M 9 13 24 360
4 85 59 72 4 0 7 0.00 M M 11.4 25 160 M M 7 12 34 170
5 81 56 69 1 0 4 T M M 9.3 23 310 M M 3 35 310
6 84 52 68 0 0 3 0.00 M M 3.6 12 140 M M 0 14 140
7 88 69 79 10 0 14 0.00 M M 12.2 21 140 M M 4 31 140
8 94 74 84 15 0 19 T M M 17.7 24 170 M M 1 18 35 170
9 92 75 84 14 0 19 0.00 M M 19.4 28 160 M M 4 8 37 190
10 90 76 83 13 0 18 0.00 M M 16.6 24 170 M M 3 34 170
11 90 70 80 10 0 15 0.00 M M 12.6 21 150 M M 0 30 170
12 93 70 82 11 0 17 0.00 M M 13.4 24 160 M M 0 32 160
13 95 68 82 11 0 17 T M M 11.0 20 160 M M 0 28 190
14 93 63 78 7 0 13 0.00 M M 5.8 14 160 M M 0 1 18 150
15 98 65 82 10 0 17 0.04 M M 11.2 30 30 M M 0 38 47 60
16 88 63 76 4 0 11 0.00 M M 7.6 14 30 M M 0 3 21 50
17 95 72 84 12 0 19 0.00 M M 13.3 25 150 M M 0 32 170
18 94 73 84 11 0 19 0.00 M M 13.9 24 160 M M 0 32 160
19 96 71 84 11 0 19 0.00 M M 19.3 29 160 M M 0 8 39 170
20 95 74 85 11 0 20 0.00 M M 20.2 30 170 M M 3 40 170
21 87 61 74 0 0 9 T M M 16.4 25 180 M M 6 8 36 170
22 67 58 63 -11 2 0 0.00 M M 12.2 25 10 M M 10 1 33 10
23 75 58 67 -8 0 2 0.02 M M 7.5 18 100 M M 9 1 24 100
24 72 62 67 -8 0 2 2.16 M M 9.2 33 300 M M 10 123 45 300
25 70 57 64 -11 1 0 0.08 M M 11.6 23 270 M M 8 13 37 260
26 85 50 68 -8 0 3 0.00 M M 6.9 20 320 M M 0 28 320
27 90 51 71 -5 0 6 0.00 M M 3.3 10 130 M M 0 15 140
28 95 62 79 3 0 14 0.00 M M 15.4 29 180 M M 0 37 150
29 94 73 84 7 0 19 0.00 M M 19.5 30 160 M M 0 41 170
30 93 75 84 7 0 19 0.00 M M 21.9 31 190 M M 6 40 170
31 95 76 86 9 0 21 0.00 M M 17.3 25 180 M M 4 36 160
================================================================================
SM 2707 1992 9 354 4.19 M 390.3 M 94
================================================================================
AV 87.3 64.3 12.6 FASTST M M 3 MAX(MPH)
MISC ----> 33 300 47 60
================================================================================
NOTES:
# LAST OF SEVERAL OCCURRENCES
COLUMN 17 PEAK WIND IN M.P.H.
PRELIMINARY LOCAL CLIMATOLOGICAL DATA (WS FORM: F-6) , PAGE 2
STATION: DENTON
MONTH: MAY
YEAR: 2022
LATITUDE: 33 12 N
LONGITUDE: 97 12 W
[TEMPERATURE DATA] [PRECIPITATION DATA] SYMBOLS USED IN COLUMN 16
AVERAGE MONTHLY: 75.8 TOTAL FOR MONTH: 4.19 1 = FOG OR MIST
DPTR FM NORMAL: 3.7 DPTR FM NORMAL: -0.33 2 = FOG REDUCING VISIBILITY
HIGHEST: 98 ON 15 GRTST 24HR 2.24 ON 24-25 TO 1/4 MILE OR LESS
LOWEST: 45 ON 1 3 = THUNDER
SNOW, ICE PELLETS, HAIL 4 = ICE PELLETS
TOTAL MONTH: M 5 = HAIL
GRTST 24HR M ON M 6 = FREEZING RAIN OR DRIZZLE
GRTST DEPTH: M ON M 7 = DUSTSTORM OR SANDSTORM:
VSBY 1/2 MILE OR LESS
8 = SMOKE OR HAZE
[NO. OF DAYS WITH] [WEATHER - DAYS WITH] 9 = BLOWING SNOW
X = TORNADO
MAX 32 OR BELOW: 0 0.01 INCH OR MORE: 7
MAX 90 OR ABOVE: 17 0.10 INCH OR MORE: 3
MIN 32 OR BELOW: 0 0.50 INCH OR MORE: 2
MIN 0 OR BELOW: 0 1.00 INCH OR MORE: 2
[HDD (BASE 65) ]
TOTAL THIS MO. 9 CLEAR (SCALE 0-3) 18
DPTR FM NORMAL -11 PTCLDY (SCALE 4-7) 9
TOTAL FM JUL 1 2359 CLOUDY (SCALE 8-10) 4
DPTR FM NORMAL -276
[CDD (BASE 65) ]
TOTAL THIS MO. 354
DPTR FM NORMAL 114 [PRESSURE DATA]
TOTAL FM JAN 1 519 HIGHEST SLP M ON M
DPTR FM NORMAL 174 LOWEST SLP 29.49 ON 19
[REMARKS]
#FINAL-05-22#