000
CXUS53 KAPX 010830
CF6GLR
PRELIMINARY LOCAL CLIMATOLOGICAL DATA (WS FORM: F-6)
STATION: GAYLORD
MONTH: JANUARY
YEAR: 2024
LATITUDE: 45 0 N
LONGITUDE: 84 42 W
TEMPERATURE IN F: :PCPN: SNOW: WIND :SUNSHINE: SKY :PK WND
================================================================================
1 2 3 4 5 6A 6B 7 8 9 10 11 12 13 14 15 16 17 18
12Z AVG MX 2MIN
DY MAX MIN AVG DEP HDD CDD WTR SNW DPTH SPD SPD DIR MIN PSBL S-S WX SPD DR
================================================================================
1 27 21 24 4 41 0 0.00 M M 8.2 20 240 M M 10 26 230
2 34 26 30 10 35 0 0.00 M M 14.5 28 230 M M 10 18 35 230
3 33 21 27 7 38 0 0.06 M M 7.7 15 240 M M 10 128 27 330
4 25 19 22 2 43 0 T M M 6.0 14 260 M M 10 21 280
5 29 23 26 7 39 0 0.00 M M 7.6 18 250 M M 10 28 260
6 31 27 29 10 36 0 0.02 M M 4.4 12 150 M M 10 18 15 140
7 33 27 30 11 35 0 0.01 M M 2.9 9 260 M M 10 18 15 340
8 30 28 29 10 36 0 0.00 M M 3.5 7 100 M M 10 18 13 70
9 34 28 31 13 34 0 0.16 M M 11.1 20 50 M M 10 128 32 30
10 28 24 26 8 39 0 0.09 M M 6.2 15 340 M M 10 18 28 350
11 30 25 28 10 37 0 0.05 M M 3.7 9 30 M M 10 1 13 40
12 31 22 27 9 38 0 0.03 M M 12.4 29 40 M M 10 18 43 30
13 22 15 19 1 46 0 0.05 M M 10.3 24 40 M M 10 1 39 40
14 19 10 15 -3 50 0 0.05 M M 12.3 24 250 M M 10 18 34 250
15 15 10 13 -5 52 0 T M M 15.8 23 230 M M 10 8 33 220
16 11 5 8 -10 57 0 T M M 15.3 25 230 M M 10 33 230
17 14 4 9 -8 56 0 T M M 14.4 22 240 M M 10 32 240
18 18 13 16 -1 49 0 T M M 5.3 16 230 M M 10 23 250
19 14 -8 3 -14 62 0 T M M 4.3 12 30 M M 6 18 30
20 20 -9 6 -11 59 0 T M M 4.8 14 300 M M 7 8 25 340
21 25 10 18 1 47 0 T M M 11.2 21 230 M M 5 1 27 240
22 30 19 25 8 40 0 0.00 M M 10.6 15 210 M M 9 M M
23 32 28 30 13 35 0 0.02 M M 3.2 8 50 M M 10 18 13 100
24 35 32 34 17 31 0 0.00 M M 3.0 8 170 M M 10 1 10 180
25 37 32 35 18 30 0 T M M 3.2 9 150 M M 10 12 13 140
26 39 33 36 19 29 0 0.03 M M 3.5 13 50 M M 8 1 18 70
27 38 34 36 20 29 0 T M M 3.4 9 220 M M 10 12 14 200
28 36 31 34 18 31 0 0.01 M M 5.0 10 300 M M 10 1 18 280
29 36 30 33 17 32 0 T M M 8.6 16 170 M M 7 1 23 180
30 36 33 35 19 30 0 0.01 M M 4.5 15 180 M M 10 16 18 180
31 40 33 37 21 28 0 T M M 12.2 22 230 M M 9 12 29 220
================================================================================
SM 882 646 1244 0 0.59 M 239.1 M 291
================================================================================
AV 28.5 20.8 7.7 FASTST M M 9 MAX(MPH)
MISC ----> 29 40 43 30
================================================================================
NOTES:
# LAST OF SEVERAL OCCURRENCES
COLUMN 17 PEAK WIND IN M.P.H.
PRELIMINARY LOCAL CLIMATOLOGICAL DATA (WS FORM: F-6) , PAGE 2
STATION: GAYLORD
MONTH: JANUARY
YEAR: 2024
LATITUDE: 45 0 N
LONGITUDE: 84 42 W
[TEMPERATURE DATA] [PRECIPITATION DATA] SYMBOLS USED IN COLUMN 16
AVERAGE MONTHLY: 24.6 TOTAL FOR MONTH: 0.59 1 = FOG OR MIST
DPTR FM NORMAL: 6.9 DPTR FM NORMAL: -0.65 2 = FOG REDUCING VISIBILITY
HIGHEST: 40 ON 31 GRTST 24HR 0.44 ON 12-13 TO 1/4 MILE OR LESS
LOWEST: -9 ON 20 3 = THUNDER
SNOW, ICE PELLETS, HAIL 4 = ICE PELLETS
TOTAL MONTH: M 5 = HAIL
GRTST 24HR M ON M 6 = FREEZING RAIN OR DRIZZLE
GRTST DEPTH: M ON M 7 = DUSTSTORM OR SANDSTORM:
VSBY 1/2 MILE OR LESS
8 = SMOKE OR HAZE
[NO. OF DAYS WITH] [WEATHER - DAYS WITH] 9 = BLOWING SNOW
X = TORNADO
MAX 32 OR BELOW: 19 0.01 INCH OR MORE: 13
MAX 90 OR ABOVE: 0 0.10 INCH OR MORE: 1
MIN 32 OR BELOW: 27 0.50 INCH OR MORE: 0
MIN 0 OR BELOW: 2 1.00 INCH OR MORE: 0
[HDD (BASE 65) ]
TOTAL THIS MO. 1244 CLEAR (SCALE 0-3) 0
DPTR FM NORMAL -221 PTCLDY (SCALE 4-7) 4
TOTAL FM JUL 1 3753 CLOUDY (SCALE 8-10) 27
DPTR FM NORMAL -883
[CDD (BASE 65) ]
TOTAL THIS MO. 0
DPTR FM NORMAL 0 [PRESSURE DATA]
TOTAL FM JAN 1 0 HIGHEST SLP 30.49 ON 21
DPTR FM NORMAL 0 LOWEST SLP 28.96 ON 9
[REMARKS]
#FINAL-01-24#