000
CXUS53 KARX 011335
CF6OVS
PRELIMINARY LOCAL CLIMATOLOGICAL DATA (WS FORM: F-6)
STATION: BOSCOBEL_(ASOS) WI
MONTH: DECEMBER
YEAR: 2022
LATITUDE: 43 9 N
LONGITUDE: 90 41 W
TEMPERATURE IN F: :PCPN: SNOW: WIND :SUNSHINE: SKY :PK WND
================================================================================
1 2 3 4 5 6A 6B 7 8 9 10 11 12 13 14 15 16 17 18
12Z AVG MX 2MIN
DY MAX MIN AVG DEP HDD CDD WTR SNW DPTH SPD SPD DIR MIN PSBL S-S WX SPD DR
================================================================================
1 38 13 26 -5 39 0 0.00 0.0 0 4.2 12 210 M M 0 21 120
2 50 28 39 9 26 0 0.00 0.0 0 8.4 21 270 M M 9 35 210
3 28 14 21 -9 44 0 T T 0 9.3 23 280 M M 3 36 280
4 39 15 27 -3 38 0 0.00 0.0 0 5.9 10 200 M M 0 18 210
5 37 27 32 3 33 0 0.04 0.0 0 2.8 10 360 M M 8 1 15 10
6 34 24 29 0 36 0 T T 0 2.1 8 10 M M 7 1 12 10
7 32 21 27 -1 38 0 0.00 0.0 0 2.0 12 330 M M 10 12 15 320
8 37 13 25 -3 40 0 0.00 0.0 0 1.5 7 70 M M 5 1 10 90
9 36 29 33 5 32 0 0.77 M M 6.9 13 70 M M 10 12 23 80
10 38 33 36 9 29 0 0.01 M M 1.2 5 230 M M 10 12 9 230
11 38 33 36 9 29 0 0.00 0.0 M 0.9 7 270 M M 10 18 9 280
12 38 32 35 8 30 0 0.00 0.0 M 2.7 9 90 M M 10 14 110
13 38 36 37 11 28 0 0.38 0.0 M 9.4 17 100 M M 10 1 28 100
14 43 36 40 14 25 0 0.94 0.0 M 5.8 12 80 M M 10 18 21 90
15 36 27 32 6 33 0 0.21 M M 9.0 17 230 M M 10 1 29 230
16 27 23 25 0 40 0 T M M 11.1 18 220 M M 10 27 240
17 26 17 22 -3 43 0 T M M 7.7 15 240 M M 10 26 220
18 17 1 9 -16 56 0 T T M 6.3 14 290 M M 5 20 270
19 26 -3 12 -12 53 0 0.03 M M 1.2 9 220 M M 5 18 15 210
20 27 0 14 -10 51 0 0.01 M M 5.6 15 300 M M 4 1 20 300
21 14 -6 4 -20 61 0 0.10 M M 2.8 8 60 M M 6 1 14 30
22 16 -11 3 -21 62 0 0.06 M M 9.4 18 290 M M 7 1 29 280
23 0 -10 -5 -28 70 0 0.00 0.0 M 12.0 24 290 M M 8 8 40 300
24 12 0 6 -17 59 0 0.00 0.0 M 11.6 22 290 M M 2 33 290
25 14 0 7 -16 58 0 T M M 5.9 13 270 M M 3 1 19 280
26 19 -2 9 -14 56 0 T M M 3.8 13 320 M M 5 18 16 320
27 25 -2 12 -10 53 0 0.00 0.0 M 6.5 15 210 M M 1 25 180
28 43 25 34 12 31 0 T 0.0 M 6.0 16 190 M M 0 25 200
29 51 33 42 20 23 0 0.00 0.0 M 3.0 15 210 M M 4 1 26 230
30 46 15 31 9 34 0 0.00 0.0 0 5.8 17 230 M M 5 18 26 220
31 36 14 25 4 40 0 0.06 M 0 0.7 6 80 M M 5 1 12 100
================================================================================
SM 961 475 1290 0 2.61 T 171.5 M 192
================================================================================
AV 31.0 15.3 5.5 FASTST M M 6 MAX(MPH)
MISC ----> 24 290 40 300
================================================================================
NOTES:
# LAST OF SEVERAL OCCURRENCES
COLUMN 17 PEAK WIND IN M.P.H.
PRELIMINARY LOCAL CLIMATOLOGICAL DATA (WS FORM: F-6) , PAGE 2
STATION: BOSCOBEL_(ASOS) WI
MONTH: DECEMBER
YEAR: 2022
LATITUDE: 43 9 N
LONGITUDE: 90 41 W
[TEMPERATURE DATA] [PRECIPITATION DATA] SYMBOLS USED IN COLUMN 16
AVERAGE MONTHLY: 23.2 TOTAL FOR MONTH: 2.61 1 = FOG OR MIST
DPTR FM NORMAL: -2.4 DPTR FM NORMAL: 1.29 2 = FOG REDUCING VISIBILITY
HIGHEST: 51 ON 29 GRTST 24HR 0.95 ON 14-15 TO 1/4 MILE OR LESS
LOWEST: -11 ON 22 3 = THUNDER
SNOW, ICE PELLETS, HAIL 4 = ICE PELLETS
TOTAL MONTH: T 5 = HAIL
GRTST 24HR T ON 3- 3 6 = FREEZING RAIN OR DRIZZLE
GRTST DEPTH: 0 7 = DUSTSTORM OR SANDSTORM:
VSBY 1/2 MILE OR LESS
8 = SMOKE OR HAZE
[NO. OF DAYS WITH] [WEATHER - DAYS WITH] 9 = BLOWING SNOW
X = TORNADO
MAX 32 OR BELOW: 14 0.01 INCH OR MORE: 11
MAX 90 OR ABOVE: 0 0.10 INCH OR MORE: 5
MIN 32 OR BELOW: 26 0.50 INCH OR MORE: 2
MIN 0 OR BELOW: 9 1.00 INCH OR MORE: 0
[HDD (BASE 65) ]
TOTAL THIS MO. 1290 CLEAR (SCALE 0-3) 7
DPTR FM NORMAL 70 PTCLDY (SCALE 4-7) 12
TOTAL FM JUL 1 2707 CLOUDY (SCALE 8-10) 12
DPTR FM NORMAL 51
[CDD (BASE 65) ]
TOTAL THIS MO. 0
DPTR FM NORMAL 0 [PRESSURE DATA]
TOTAL FM JAN 1 735 HIGHEST SLP 30.62 ON 20
DPTR FM NORMAL -3 LOWEST SLP 29.40 ON 15
[REMARKS]
#FINAL-12-22#