000
CXUS54 KEWX 011010
CF6T82
PRELIMINARY LOCAL CLIMATOLOGICAL DATA (WS FORM: F-6)
STATION: FREDERICKSBURG
MONTH: JUNE
YEAR: 2021
LATITUDE: 30 15 N
LONGITUDE: 98 55 W
TEMPERATURE IN F: :PCPN: SNOW: WIND :SUNSHINE: SKY :PK WND
================================================================================
1 2 3 4 5 6A 6B 7 8 9 10 11 12 13 14 15 16 17 18
12Z AVG MX 2MIN
DY MAX MIN AVG DEP HDD CDD WTR SNW DPTH SPD SPD DIR MIN PSBL S-S WX SPD DR
================================================================================
1 79 66 73 M 0 8 0.09 M M 3.6 8 70 M M 7 18 0
2 83 61 72 M 0 7 0.00 M M 4.4 22 10 M M 6 45 200
3 69 61 65 M 0 0 1.05 M M 4.4 14 350 M M 7 3 20 350
4 75 67 71 M 0 6 0.00 M M 2.7 8 30 M M 7 1 M M
5 81 67 74 M 0 9 0.00 M M 2.6 9 170 M M 5 12 17 170
6 86 68 77 M 0 12 0.00 M M 7.5 15 210 M M 7 8 21 210
7 85 75 80 M 0 15 0.00 M M 6.6 13 180 M M 8 138 17 180
8 87 76 82 M 0 17 0.09 M M 7.3 13 170 M M 8 8 23 170
9 86 74 80 M 0 15 0.00 M M 7.7 13 180 M M 8 18 190
10 89 72 81 M 0 16 0.00 M M 9.2 14 190 M M 4 18 170
11 90 74 82 M 0 17 0.00 M M 10.8 15 210 M M 4 21 210
12 90 72 81 M 0 16 0.00 M M 5.2 9 170 M M 4 21 210
13 91 72 82 M 0 17 0.00 M M 1.9 5 110 M M 1 M M
14 92 70 81 M 0 16 0.00 M M 2.8 7 320 M M 1 M M
15 92 68 80 M 0 15 0.00 M M 3.4 9 50 M M 3 M M
16 91 70 81 M 0 16 0.00 M M 2.4 7 100 M M 1 M M
17 92 67 80 M 0 15 0.00 M M 1.8 9 100 M M 2 M M
18 91 67 79 M 0 14 0.00 M M 2.7 7 160 M M 1 M M
19 91 65 78 M 0 13 0.00 M M 3.8 8 150 M M 0 M M
20 92 70 81 M 0 16 0.00 M M 7.8 14 190 M M 5 21 190
21 93 76 85 M 0 20 0.61 M M 5.2 10 30 M M 6 13 17 30
22 83 72 78 M 0 13 0.00 M M 4.3 10 60 M M 7 8 18 80
23 92 73 83 M 0 18 0.00 M M 7.0 16 170 M M 5 8 22 170
24 91 73 82 M 0 17 0.00 0.0 0 8.3 15 180 M M 5 20 190
25 91 73 82 M 0 17 0.00 0.0 0 10.5 15 180 M M 5 8 27 160
26 91 74 83 M 0 18 0.00 0.0 0 11.7 17 190 M M 5 23 190
27 86 70 78 M 0 13 0.06 M M 3.7 9 170 M M 5 3 22 160
28 87 70 79 M 0 14 0.02 M M 4.0 13 50 M M 6 3 17 60
29 85 71 78 M 0 13 0.00 M M 4.0 14 130 M M 7 21 130
30 89 70 80 M 0 15 0.36 0.0 0 2.2 8 110 M M 7 3 16 90
================================================================================
SM 2620 2104 0 418 2.28 0.0 159.6 M 147
================================================================================
AV 87.3 70.1 5.3 FASTST M M 5 MAX(MPH)
MISC ----> 22 10 45 200
================================================================================
NOTES:
# LAST OF SEVERAL OCCURRENCES
COLUMN 17 PEAK WIND IN M.P.H.
PRELIMINARY LOCAL CLIMATOLOGICAL DATA (WS FORM: F-6) , PAGE 2
STATION: FREDERICKSBURG
MONTH: JUNE
YEAR: 2021
LATITUDE: 30 15 N
LONGITUDE: 98 55 W
[TEMPERATURE DATA] [PRECIPITATION DATA] SYMBOLS USED IN COLUMN 16
AVERAGE MONTHLY: 78.7 TOTAL FOR MONTH: 2.28 1 = FOG OR MIST
DPTR FM NORMAL: 0.0 DPTR FM NORMAL: M 2 = FOG REDUCING VISIBILITY
HIGHEST: 93 ON 21 GRTST 24HR 1.05 ON 3- 3 TO 1/4 MILE OR LESS
LOWEST: 61 ON 3, 2 3 = THUNDER
SNOW, ICE PELLETS, HAIL 4 = ICE PELLETS
TOTAL MONTH: 0.0 INCH 5 = HAIL
GRTST 24HR 0.0 6 = FREEZING RAIN OR DRIZZLE
GRTST DEPTH: 0 7 = DUSTSTORM OR SANDSTORM:
VSBY 1/2 MILE OR LESS
8 = SMOKE OR HAZE
[NO. OF DAYS WITH] [WEATHER - DAYS WITH] 9 = BLOWING SNOW
X = TORNADO
MAX 32 OR BELOW: 0 0.01 INCH OR MORE: 7
MAX 90 OR ABOVE: 15 0.10 INCH OR MORE: 3
MIN 32 OR BELOW: 0 0.50 INCH OR MORE: 2
MIN 0 OR BELOW: 0 1.00 INCH OR MORE: 1
[HDD (BASE 65) ]
TOTAL THIS MO. 0 CLEAR (SCALE 0-3) 7
DPTR FM NORMAL M PTCLDY (SCALE 4-7) 21
TOTAL FM JUL 1 2118 CLOUDY (SCALE 8-10) 2
DPTR FM NORMAL M
[CDD (BASE 65) ]
TOTAL THIS MO. 418
DPTR FM NORMAL M [PRESSURE DATA]
TOTAL FM JAN 1 728 HIGHEST SLP M ON M
DPTR FM NORMAL M LOWEST SLP M ON M
[REMARKS]
#FINAL-06-21#