000
CXUS54 KEWX 011111
CF6T82
PRELIMINARY LOCAL CLIMATOLOGICAL DATA (WS FORM: F-6)
STATION: FREDERICKSBURG
MONTH: DECEMBER
YEAR: 2023
LATITUDE: 30 15 N
LONGITUDE: 98 55 W
TEMPERATURE IN F: :PCPN: SNOW: WIND :SUNSHINE: SKY :PK WND
================================================================================
1 2 3 4 5 6A 6B 7 8 9 10 11 12 13 14 15 16 17 18
12Z AVG MX 2MIN
DY MAX MIN AVG DEP HDD CDD WTR SNW DPTH SPD SPD DIR MIN PSBL S-S WX SPD DR
================================================================================
1 71 41 56 M 9 0 0.00 M M 3.0 7 30 M M 0 M M
2 71 41 56 M 9 0 0.00 M M 4.0 16 300 M M 1 17 280
3 73 34 54 M 11 0 0.00 M M 5.4 15 250 M M 0 22 250
4 68 37 53 M 12 0 0.00 M M 2.2 7 90 M M 0 18 0
5 71 35 53 M 12 0 0.00 M M 1.5 5 330 M M 0 M M
6 67 38 53 M 12 0 0.00 M M 2.3 8 180 M M 0 M M
7 68 43 56 M 9 0 0.00 M M 6.7 20 200 M M 8 24 200
8 72 51 62 M 3 0 0.00 M M 8.4 13 210 M M 6 1 20 210
9 67 46 57 M 8 0 0.00 M M 8.3 21 360 M M 3 12 28 360
10 56 30 43 M 22 0 0.00 M M 7.0 16 360 M M 0 23 360
11 63 27 45 M 20 0 0.00 M M 3.7 13 210 M M 0 17 230
12 64 32 48 M 17 0 0.00 M M 5.7 16 150 M M 7 20 150
13 57 48 53 M 12 0 0.23 M M 7.1 12 100 M M 10 17 100
14 58 45 52 M 13 0 0.04 M M 4.8 8 130 M M 10 1 M M
15 60 43 52 M 13 0 0.11 M M 4.9 10 140 M M 8 1 M M
16 64 37 51 M 14 0 0.00 M M 7.0 15 330 M M 0 1 22 340
17 71 31 51 M 14 0 0.00 M M 2.7 10 220 M M 0 16 250
18 65 36 51 M 14 0 0.00 M M 3.7 10 50 M M 0 M M
19 65 36 51 M 14 0 0.00 0.0 M 4.1 14 180 M M 0 20 180
20 66 52 59 M 6 0 0.00 M M 6.9 14 170 M M 8 1 21 160
21 60 59 60 M 5 0 0.09 M M 4.9 8 140 M M 10 M M
22 69 53 61 M 4 0 0.00 M M 3.3 9 190 M M 7 1 M M
23 66 60 63 M 2 0 0.00 M M 7.5 12 170 M M 10 1 22 190
24 67 48 58 M 7 0 1.02 M M 8.7 18 290 M M 4 3 25 210
25 52 35 44 M 21 0 0.00 M M 9.6 17 350 M M 0 23 350
26 56 30 43 M 22 0 0.00 M M 4.9 17 210 M M 1 20 210
27 60 31 46 M 19 0 0.00 M M 4.9 13 330 M M 0 20 320
28 58 31 45 M 20 0 0.00 M M 3.2 8 360 M M 0 18 320
29 58 29 44 M 21 0 0.00 M M 4.2 15 290 M M 0 20 290
30 69 28 49 M 16 0 0.00 M M 2.9 9 230 M M 0 10 280
31 69 31 50 M 15 0 0.00 M M 5.0 15 210 M M 0 20 210
================================================================================
SM 2001 1218 396 0 1.49 0.0 158.5 M 93
================================================================================
AV 64.5 39.3 5.1 FASTST M M 3 MAX(MPH)
MISC ----> 21 360 28 360
================================================================================
NOTES:
# LAST OF SEVERAL OCCURRENCES
COLUMN 17 PEAK WIND IN M.P.H.
PRELIMINARY LOCAL CLIMATOLOGICAL DATA (WS FORM: F-6) , PAGE 2
STATION: FREDERICKSBURG
MONTH: DECEMBER
YEAR: 2023
LATITUDE: 30 15 N
LONGITUDE: 98 55 W
[TEMPERATURE DATA] [PRECIPITATION DATA] SYMBOLS USED IN COLUMN 16
AVERAGE MONTHLY: 51.9 TOTAL FOR MONTH: 1.49 1 = FOG OR MIST
DPTR FM NORMAL: 0.0 DPTR FM NORMAL: M 2 = FOG REDUCING VISIBILITY
HIGHEST: 73 ON 3 GRTST 24HR 1.02 ON 24-24 TO 1/4 MILE OR LESS
LOWEST: 27 ON 11 3 = THUNDER
SNOW, ICE PELLETS, HAIL 4 = ICE PELLETS
TOTAL MONTH: 0.0 INCH 5 = HAIL
GRTST 24HR 0.0 6 = FREEZING RAIN OR DRIZZLE
GRTST DEPTH: M ON M 7 = DUSTSTORM OR SANDSTORM:
VSBY 1/2 MILE OR LESS
8 = SMOKE OR HAZE
[NO. OF DAYS WITH] [WEATHER - DAYS WITH] 9 = BLOWING SNOW
X = TORNADO
MAX 32 OR BELOW: 0 0.01 INCH OR MORE: 5
MAX 90 OR ABOVE: 0 0.10 INCH OR MORE: 3
MIN 32 OR BELOW: 10 0.50 INCH OR MORE: 1
MIN 0 OR BELOW: 0 1.00 INCH OR MORE: 1
[HDD (BASE 65) ]
TOTAL THIS MO. 396 CLEAR (SCALE 0-3) 19
DPTR FM NORMAL M PTCLDY (SCALE 4-7) 8
TOTAL FM JUL 1 766 CLOUDY (SCALE 8-10) 4
DPTR FM NORMAL M
[CDD (BASE 65) ]
TOTAL THIS MO. 0
DPTR FM NORMAL M [PRESSURE DATA]
TOTAL FM JAN 1 2970 HIGHEST SLP M ON M
DPTR FM NORMAL M LOWEST SLP M ON M
[REMARKS]
#FINAL-12-23#