000
CXUS56 KTFX 310915
CF6WYS
30
PRELIMINARY LOCAL CLIMATOLOGICAL DATA (WS FORM: F-6)
STATION: WEST YELLOWSTO MT
MONTH: July
YEAR: 2022
LATITUDE: 44.68 N
LONGITUDE: 111.12 W
TEMPERATURE IN F: :PCPN: SNOW: WIND :SUNSHINE: SKY :PK WND
================================================================================
1 2 3 4 5 6A 6B 7 8 9 10 11 12 13 14 15 16 17 18
12Z AVG MX 2MIN
DY MAX MIN AVG DEP HDD CDD WTR SNW DPTH SPD SPD DIR MIN PSBL S-S WX SPD DR
================================================================================
01 77 32 54 -2 11 0 0.00 M M 3.3 M M M M M 33 310
02 81 36 58 1 7 0 0.00 M M 4.2 M M M M M 51 360
03 77 45 61 4 4 0 0.00 M M 4.8 M M M M M 39 360
04 75 46 60 3 5 0 0.00 M M 7.8 M M M M M 30 360
05 77 37 57 0 8 0 0.00 M M 4.3 M M M M M 26 240
06 82 36 59 1 6 0 0.00 M M 5.3 M M M M M 33 310
07 82 50 66 8 0 1 0.00 M M 7.5 M M M M M 29 360
08 84 43 63 5 2 0 0.00 M M 6.9 M M M M M 32 350
09 84 37 60 2 5 0 0.00 M M 8.6 M M M M M 36 300
10 79 39 59 1 6 0 0.00 M M 7.0 M M M M M 36 360
11 79 39 59 0 6 0 0.00 M M 3.9 M M M M M 16 360
12 84 37 60 1 5 0 0.00 M M 4.0 M M M M M 23 360
13 84 37 60 1 5 0 0.00 M M 6.0 M M M M M 32 340
14 86 46 66 7 0 1 0.00 M M 4.2 M M M M M 35 350
15 81 39 60 1 5 0 0.00 M M 4.1 M M M M M 26 360
16 82 41 61 2 4 0 0.01 M M 3.7 M M M M M 23 340
17 81 41 61 2 4 0 0.00 M M 2.5 M M M M M 13 360
18 81 52 66 7 0 1 0.00 M M 12.8 M M M M M 56 310
19 81 34 57 -2 8 0 0.00 M M 6.3 M M M M M 26 360
20 82 36 59 0 6 0 0.00 M M 4.9 M M M M M 28 320
21 82 39 60 1 5 0 0.00 M M 4.0 M M M M M 38 330
22 86 39 62 3 3 0 0.00 M M 7.8 M M M M M 32 340
23 81 39 60 1 5 0 0.00 M M 3.7 M M M M M 25 360
24 81 36 58 -1 7 0 0.00 M M 4.8 M M M M M 30 350
25 81 36 58 -1 7 0 0.00 M M 2.7 M M M M M 20 310
26 82 45 63 4 2 0 0.00 M M 3.1 M M M M M 21 360
27 84 41 62 3 3 0 0.00 M M 4.2 M M M M M 21 360
28 84 43 63 4 2 0 0.00 M M 5.1 M M M M M 22 350
29 86 39 62 3 3 0 0.00 M M 3.3 M M M M M 20 300
30 86 41 63 4 2 0 0.00 M M 3.8 M M M M M 24 360
================================================================================
SM 2452 1201 136 3 0.01 154.6
================================================================================
AV 81.7 40.0 5.2 MAX(MPH)
56
[TEMPERATURE DATA] [PRECIPITATION DATA]
Average Monthly: 60.9 Total for Month: 0.01
Dptr fm Normal: 2.1 Dptr fm Normal: -1.71