000
CXUS55 KALY 250711
CF6DDH
PRELIMINARY LOCAL CLIMATOLOGICAL DATA (WS FORM: F-6)

                                          STATION:   BENNINGTON VT
                                          MONTH:     APRIL
                                          YEAR:      2019
                                          LATITUDE:   42 53 N
                                          LONGITUDE:  73 15 W

  TEMPERATURE IN F:       :PCPN:    SNOW:  WIND      :SUNSHINE: SKY     :PK WND
================================================================================
1   2   3   4   5  6A  6B    7    8   9   10  11  12  13   14  15   16   17  18
                                     12Z  AVG MX 2MIN
DY MAX MIN AVG DEP HDD CDD  WTR  SNW DPTH SPD SPD DIR MIN PSBL S-S WX    SPD DR
================================================================================

 1  39  22  31  -9  34   0 0.01    M    M  9.7 21 290   M    M   5        32 320
 2  51  19  35  -5  30   0 0.00    M    M  8.1 23 150   M    M   0        30 150
 3  56  31  44   4  21   0 0.00    M    M  9.2 26 270   M    M   3        42 280
 4  44  28  36  -5  29   0 0.00    M    M 11.0 23 270   M    M   1        34 310
 5  43  20  32  -9  33   0 0.25    M    M  3.6 14 180   M    M   5 1      18 220
 6  54  34  44   2  21   0    T    M    M  3.2 14 270   M    M   7 1      19 280
 7  65  30  48   6  17   0    T    M    M  1.5  8  80   M    M   6 1      11 280
 8  56  37  47   4  18   0 0.11    M    M  5.9 22 120   M    M   8        30 120
 9  60  35  48   5  17   0 0.42    M    M  6.5 26 160   M    M   7 123    37 150
10  44  28  36  -8  29   0    T    M    M  7.9 16 350   M    M   7        21 350
11  46  22  34 -10  31   0 0.00    M    M  3.1 13 270   M    M   5        16 280
12  61  34  48   4  17   0 0.09    M    M  5.3 16 130   M    M   8        25 190
13  72  41  57  12   8   0 0.06    M    M  6.5 17 200   M    M   3        25 170
14  67  37  52   7  13   0 0.18    M    M  3.6 20 160   M    M   6 1      28 150
15  69  39  54   8  11   0 0.20    M    M 11.9 28 150   M    M  10 13     49 260
16  56  35  46   0  19   0 0.00    M    M 11.3 25 280   M    M   4        36 290
17  60  27  44  -2  21   0 0.00    M    M  2.5 12  20   M    M   0        17 330
18  59  39  49   2  16   0 0.09    M    M  6.6 20 160   M    M   9        28 170
19  76  57  67  20   0   2 0.03    M    M 13.1 26 200   M    M   5 1      38 190
20  71  59  65  18   0   0 0.46    M    M 14.0 31 180   M    M   7 1      45 180
21  69  51  60  12   5   0 0.00    M    M  6.8 21 150   M    M   5        29 150
22  70  47  59  11   6   0 0.00    M    M  5.4 15 350   M    M   7        21 330
23  74  47  61  13   4   0 0.13    M    M  4.5 13 160   M    M   3        20 240
24  62  38  50   1  15   0    T    M    M  9.7 22 280   M    M  10        29 290
================================================================================
SM 1424  857       415   2  2.03    M    170.9          M      131
================================================================================
AV 59.3 35.7                               7.1 FASTST   M    M   5    MAX(MPH)
                                 MISC ---->  # 31 180               # 49  260
================================================================================
NOTES:
# LAST OF SEVERAL OCCURRENCES

COLUMN 17 PEAK WIND IN M.P.H.

PRELIMINARY LOCAL CLIMATOLOGICAL DATA (WS FORM: F-6) , PAGE 2

                                          STATION:  BENNINGTON VT
                                          MONTH:    APRIL
                                          YEAR:     2019
                                          LATITUDE:   42 53 N
                                          LONGITUDE:  73 15 W

[TEMPERATURE DATA]      [PRECIPITATION DATA]       SYMBOLS USED IN COLUMN 16

AVERAGE MONTHLY: 47.5   TOTAL FOR MONTH:   2.03    1 = FOG OR MIST
DPTR FM NORMAL:   3.1   DPTR FM NORMAL:   -0.60    2 = FOG REDUCING VISIBILITY
HIGHEST:    76 ON 19    GRTST 24HR  0.46 ON 20-20      TO 1/4 MILE OR LESS
LOWEST:     19 ON  2                               3 = THUNDER
                        SNOW, ICE PELLETS, HAIL    4 = ICE PELLETS
                        TOTAL MONTH:    M          5 = HAIL
                        GRTST 24HR    M  ON   M    6 = FREEZING RAIN OR DRIZZLE
                        GRTST DEPTH:  M  ON   M    7 = DUSTSTORM OR SANDSTORM:
                                                       VSBY 1/2 MILE OR LESS
                                                   8 = SMOKE OR HAZE
[NO. OF DAYS WITH]      [WEATHER - DAYS WITH]      9 = BLOWING SNOW
                                                   X = TORNADO
MAX 32 OR BELOW:   0    0.01 INCH OR MORE:  12
MAX 90 OR ABOVE:   0    0.10 INCH OR MORE:   7
MIN 32 OR BELOW:   9    0.50 INCH OR MORE:   0
MIN  0 OR BELOW:   0    1.00 INCH OR MORE:   0

[HDD (BASE 65) ]
TOTAL THIS MO.   415    CLEAR  (SCALE 0-3)   5
DPTR FM NORMAL   -81    PTCLDY (SCALE 4-7)  16
TOTAL FM JUL 1  6218    CLOUDY (SCALE 8-10)  3
DPTR FM NORMAL  -513

[CDD (BASE 65) ]
TOTAL THIS MO.     2
DPTR FM NORMAL     2    [PRESSURE DATA]
TOTAL FM JAN 1     2    HIGHEST SLP M ON M
DPTR FM NORMAL     2    LOWEST  SLP 29.25 ON 15

[REMARKS]
