000
CXUS55 KALY 260710
CF6DDH
PRELIMINARY LOCAL CLIMATOLOGICAL DATA (WS FORM: F-6)

                                          STATION:   BENNINGTON VT
                                          MONTH:     JUNE
                                          YEAR:      2019
                                          LATITUDE:   42 53 N
                                          LONGITUDE:  73 15 W

  TEMPERATURE IN F:       :PCPN:    SNOW:  WIND      :SUNSHINE: SKY     :PK WND
================================================================================
1   2   3   4   5  6A  6B    7    8   9   10  11  12  13   14  15   16   17  18
                                     12Z  AVG MX 2MIN
DY MAX MIN AVG DEP HDD CDD  WTR  SNW DPTH SPD SPD DIR MIN PSBL S-S WX    SPD DR
================================================================================

 1  79  45  62   2   3   0    T    M    M  2.1  9 130   M    M   4        13 110
 2  74  53  64   4   1   0 0.42    M    M  3.9 16 270   M    M   7 138    22 270
 3  60  38  49 -11  16   0 0.00    M    M  8.9 23 270   M    M   3        38 270
 4  64  36  50 -10  15   0 0.07    M    M  4.1 14 270   M    M   5        20 280
 5  78  50  64   3   1   0 1.05    M    M  3.0 10 220   M    M   9 1      16 220
 6  75  56  66   5   0   1 1.01    M    M  4.9 12 330   M    M   6 1      17 320
 7  78  50  64   3   1   0 0.00    M    M  2.5 10 270   M    M   1        15 280
 8  78  45  62   0   3   0 0.00    M    M  3.0 12 350   M    M   0        16 360
 9  81  44  63   1   2   0 0.00    M    M  3.0 13 200   M    M   0        18 200
10  79  48  64   2   1   0 0.16    M    M  7.6 22 150   M    M   2 1      31 150
11  71  50  61  -2   4   0 0.68    M    M  7.5 18 350   M    M   7 1      27 350
12  75  43  59  -4   6   0 0.00    M    M  3.4 13 170   M    M   0 1      20 180
13  61  53  57  -6   8   0 0.06    M    M  7.0 21 120   M    M   6        32 100
14  64  46  55  -9  10   0 0.04    M    M  6.0 18 230   M    M   7        25 240
15  77  45  61  -3   4   0 0.01    M    M  6.2 18 200   M    M   4        27 200
16  67  60  64   0   1   0 0.76    M    M  0.7 12 210   M    M  10 1      17 250
17  75  56  66   2   0   1 0.00    M    M  2.7 10 250   M    M   3 1      14 320
18  74  54  64  -1   1   0 0.08    M    M  1.5 10 160   M    M   4        11 150
19  80  59  70   5   0   5    T    M    M  2.0 10 180   M    M   7        17 190
20  79  64  72   7   0   7 0.02    M    M  5.8 16 180   M    M   9 1      21 170
21  73  52  63  -2   2   0 0.24    M    M  6.8 20 350   M    M   7 1      30  10
22  75  47  61  -5   4   0 0.13    M    M  4.1 18 350   M    M   2 13     26 350
23  80  46  63  -3   2   0 0.00    M    M  4.4 14 240   M    M   0        22 260
24  81  50  66   0   0   1 0.00    M    M  1.7  8 100   M    M   0        11 110
25  80  60  70   4   0   5 0.32    M    M  3.9 12 140   M    M   6 1      19 180
================================================================================
SM 1858 1250        85  20  5.05    M    106.7          M      109
================================================================================
AV 74.3 50.0                               4.3 FASTST   M    M   4    MAX(MPH)
                                 MISC ---->  # 23 270               # 38  270
================================================================================
NOTES:
# LAST OF SEVERAL OCCURRENCES

COLUMN 17 PEAK WIND IN M.P.H.

PRELIMINARY LOCAL CLIMATOLOGICAL DATA (WS FORM: F-6) , PAGE 2

                                          STATION:  BENNINGTON VT
                                          MONTH:    JUNE
                                          YEAR:     2019
                                          LATITUDE:   42 53 N
                                          LONGITUDE:  73 15 W

[TEMPERATURE DATA]      [PRECIPITATION DATA]       SYMBOLS USED IN COLUMN 16

AVERAGE MONTHLY: 62.2   TOTAL FOR MONTH:   5.05    1 = FOG OR MIST
DPTR FM NORMAL:  -1.0   DPTR FM NORMAL:    1.54    2 = FOG REDUCING VISIBILITY
HIGHEST:    81 ON 24, 9 GRTST 24HR  1.05 ON  5- 5      TO 1/4 MILE OR LESS
LOWEST:     36 ON  4                               3 = THUNDER
                        SNOW, ICE PELLETS, HAIL    4 = ICE PELLETS
                        TOTAL MONTH:    M          5 = HAIL
                        GRTST 24HR    M  ON   M    6 = FREEZING RAIN OR DRIZZLE
                        GRTST DEPTH:  M  ON   M    7 = DUSTSTORM OR SANDSTORM:
                                                       VSBY 1/2 MILE OR LESS
                                                   8 = SMOKE OR HAZE
[NO. OF DAYS WITH]      [WEATHER - DAYS WITH]      9 = BLOWING SNOW
                                                   X = TORNADO
MAX 32 OR BELOW:   0    0.01 INCH OR MORE:  15
MAX 90 OR ABOVE:   0    0.10 INCH OR MORE:   9
MIN 32 OR BELOW:   0    0.50 INCH OR MORE:   4
MIN  0 OR BELOW:   0    1.00 INCH OR MORE:   2

[HDD (BASE 65) ]
TOTAL THIS MO.    85    CLEAR  (SCALE 0-3)   9
DPTR FM NORMAL    -6    PTCLDY (SCALE 4-7)  13
TOTAL FM JUL 1  6720    CLOUDY (SCALE 8-10)  3
DPTR FM NORMAL  -510

[CDD (BASE 65) ]
TOTAL THIS MO.    20
DPTR FM NORMAL   -23    [PRESSURE DATA]
TOTAL FM JAN 1    26    HIGHEST SLP M ON M
DPTR FM NORMAL   -31    LOWEST  SLP 29.43 ON 20

[REMARKS]
