000
CXUS55 KALY 190710
CF6DDH
PRELIMINARY LOCAL CLIMATOLOGICAL DATA (WS FORM: F-6)

                                          STATION:   BENNINGTON VT
                                          MONTH:     FEBRUARY
                                          YEAR:      2019
                                          LATITUDE:   42 53 N
                                          LONGITUDE:  73 15 W

  TEMPERATURE IN F:       :PCPN:    SNOW:  WIND      :SUNSHINE: SKY     :PK WND
================================================================================
1   2   3   4   5  6A  6B    7    8   9   10  11  12  13   14  15   16   17  18
                                     12Z  AVG MX 2MIN
DY MAX MIN AVG DEP HDD CDD  WTR  SNW DPTH SPD SPD DIR MIN PSBL S-S WX    SPD DR
================================================================================

 1  15  -8   4 -18  61   0 0.00    M    M  3.5 13 220   M    M   0        16 230
 2  29  -7  11 -11  54   0 0.00    M    M  1.4  8 290   M    M   6        13 210
 3  46  27  37  14  28   0 0.00    M    M  1.2  7 230   M    M   9 18     10 220
 4  63  37  50  27  15   0    T    M    M  1.6  9 120   M    M   5        11 100
 5  53  32  43  20  22   0 0.05    M    M  6.0 18 280   M    M   6 1      26 280
 6  39  21  30   7  35   0 0.53    M    M  3.0 14 130   M    M   4 1      22 140
 7  48  37  43  20  22   0 0.15    M    M  4.2 13  90   M    M   9 1      17 100
 8  50  22  36  12  29   0 0.28    M    M 11.3 25 290   M    M   8 1      40 270
 9  29  17  23  -1  42   0    T    M    M 10.6 28 280   M    M   5        41 270
10  28  17  23  -1  42   0 0.00    M    M  6.4 16 250   M    M   2        21 280
11  31  15  23  -1  42   0 0.00    M    M  3.6 13 350   M    M   4        17 320
12  32  12  22  -2  43   0 0.35    M    M  8.3 31 120   M    M   6 16     47 130
13  35  25  30   5  35   0 0.14    M    M  7.6 35 130   M    M  10 16     47 110
14  32  22  27   2  38   0    T    M    M  7.0 18 290   M    M   7        29 300
15  50  29  40  15  25   0 0.04    M    M 13.4 37 140   M    M   6        46 130
16  32  19  26   1  39   0    T    M    M  7.2 15 290   M    M   6        24 300
17  29  11  20  -6  45   0    T    M    M  2.3 10 270   M    M   2        14 280
18  26   8  17  -9  48   0 0.06    M    M  4.6 13 300   M    M   9 18     19 320
================================================================================
SM  667  336       665   0  1.60    M    103.2          M      104
================================================================================
AV 37.1 18.7                               5.7 FASTST   M    M   6    MAX(MPH)
                                 MISC ---->  # 37 140               # 47  130
================================================================================
NOTES:
# LAST OF SEVERAL OCCURRENCES

COLUMN 17 PEAK WIND IN M.P.H.

PRELIMINARY LOCAL CLIMATOLOGICAL DATA (WS FORM: F-6) , PAGE 2

                                          STATION:  BENNINGTON VT
                                          MONTH:    FEBRUARY
                                          YEAR:     2019
                                          LATITUDE:   42 53 N
                                          LONGITUDE:  73 15 W

[TEMPERATURE DATA]      [PRECIPITATION DATA]       SYMBOLS USED IN COLUMN 16

AVERAGE MONTHLY: 27.9   TOTAL FOR MONTH:   1.60    1 = FOG OR MIST
DPTR FM NORMAL:   3.9   DPTR FM NORMAL:    0.28    2 = FOG REDUCING VISIBILITY
HIGHEST:    63 ON  4    GRTST 24HR  0.53 ON  6- 6      TO 1/4 MILE OR LESS
LOWEST:     -8 ON  1                               3 = THUNDER
                        SNOW, ICE PELLETS, HAIL    4 = ICE PELLETS
                        TOTAL MONTH:    M          5 = HAIL
                        GRTST 24HR    M  ON   M    6 = FREEZING RAIN OR DRIZZLE
                        GRTST DEPTH:  M  ON   M    7 = DUSTSTORM OR SANDSTORM:
                                                       VSBY 1/2 MILE OR LESS
                                                   8 = SMOKE OR HAZE
[NO. OF DAYS WITH]      [WEATHER - DAYS WITH]      9 = BLOWING SNOW
                                                   X = TORNADO
MAX 32 OR BELOW:  10    0.01 INCH OR MORE:   8
MAX 90 OR ABOVE:   0    0.10 INCH OR MORE:   5
MIN 32 OR BELOW:  16    0.50 INCH OR MORE:   1
MIN  0 OR BELOW:   2    1.00 INCH OR MORE:   0

[HDD (BASE 65) ]
TOTAL THIS MO.   665    CLEAR  (SCALE 0-3)   3
DPTR FM NORMAL   -75    PTCLDY (SCALE 4-7)  10
TOTAL FM JUL 1  4584    CLOUDY (SCALE 8-10)  5
DPTR FM NORMAL  -287

[CDD (BASE 65) ]
TOTAL THIS MO.     0
DPTR FM NORMAL     0    [PRESSURE DATA]
TOTAL FM JAN 1     0    HIGHEST SLP M ON M
DPTR FM NORMAL     0    LOWEST  SLP 29.53 ON 15

[REMARKS]
