000
CXUS54 KHGX 260741
CF6IAH
PRELIMINARY LOCAL CLIMATOLOGICAL DATA (WS FORM: F-6)

                                          STATION:   HOUSTON INTERCONTINENTAL
                                          MONTH:     JUNE
                                          YEAR:      2019
                                          LATITUDE:   29 58 N
                                          LONGITUDE:  95 21 W

  TEMPERATURE IN F:       :PCPN:    SNOW:  WIND      :SUNSHINE: SKY     :PK WND
================================================================================
1   2   3   4   5  6A  6B    7    8   9   10  11  12  13   14  15   16   17  18
                                     12Z  AVG MX 2MIN
DY MAX MIN AVG DEP HDD CDD  WTR  SNW DPTH SPD SPD DIR MIN PSBL S-S WX    SPD DR
================================================================================

 1  95  70  83   3   0  18    T  0.0    0  3.5 13 150   M    M   7        16 130
 2  96  74  85   4   0  20 0.00  0.0    0  4.8 16 150   M    M   6        18 140
 3  95  73  84   3   0  19 0.00  0.0    0  5.3 16 130   M    M   5        21 130
 4  95  72  84   3   0  19 0.01  0.0    0  7.4 23 130   M    M   7 1      30 180
 5  79  73  76  -5   0  11 2.45  0.0    0 11.9 28 130   M    M  10 13     34 140
 6  95  75  85   4   0  20    T  0.0    0  5.7 15 220   M    M   5        21 320
 7  95  74  85   4   0  20 0.00  0.0    0  7.4 17 310   M    M   3        26 340
 8  95  72  84   2   0  19 0.00  0.0    0  5.3 16 350   M    M   1        22 340
 9  97  73  85   3   0  20 0.00  0.0    0  5.6 18  60   M    M   3        23  60
10  93  76  85   3   0  20 0.00  0.0    0  9.5 22 350   M    M   6        26  30
11  88  71  80  -2   0  15    T  0.0    0  6.9 15  10   M    M   7        18  10
12  91  69  80  -2   0  15 0.01  0.0    0  3.4 14  30   M    M   4        17 360
13  92  72  82   0   0  17 0.00  0.0    0  6.0 14  40   M    M   2        18  40
14  91  73  82   0   0  17 0.00  0.0    0  9.5 22 140   M    M   6        25 150
15  94  77  86   4   0  21    T  0.0    0 10.5 21 160   M    M   6 3      30 160
16  90  67  79  -4   0  14 1.47  0.0    0 11.9 31 310   M    M   8 13     39 320
17  89  68  79  -4   0  14 0.04  0.0    0  5.8 15 120   M    M   7        19 120
18  94  74  84   1   0  19 0.00  0.0    0  4.3 12 320   M    M   6        16 300
19  96  78  87   4   0  22 0.00  0.0    0  8.1 16 170   M    M   4        21 180
20  94  78  86   3   0  21 0.00  0.0    0  8.5 16 170   M    M   8        22 160
21  94  82  88   5   0  23 0.00  0.0    0 12.5 21 170   M    M   7        26 160
22  93  82  88   5   0  23 0.02  0.0    0 12.5 23 160   M    M   8 3      27 160
23  94  83  89   6   0  24 0.02  0.0    0 13.8 22 150   M    M   7 3      29 170
24  88  68  78  -5   0  13 1.28  0.0    0  9.0 32  20   M    M   8 13     38  30
25  84  73  79  -4   0  14 0.30  0.0    0  8.1 18 110   M    M   9 13     27 200
================================================================================
SM 2307 1847         0 458  5.60     0.0 197.2          M      150
================================================================================
AV 92.3 73.9                               7.9 FASTST   M    M   6    MAX(MPH)
                                 MISC ---->  # 32  20               # 39  320
================================================================================
NOTES:
# LAST OF SEVERAL OCCURRENCES

COLUMN 17 PEAK WIND IN M.P.H.

PRELIMINARY LOCAL CLIMATOLOGICAL DATA (WS FORM: F-6) , PAGE 2

                                          STATION:  HOUSTON INTERCONTINENTAL
                                          MONTH:    JUNE
                                          YEAR:     2019
                                          LATITUDE:   29 58 N
                                          LONGITUDE:  95 21 W

[TEMPERATURE DATA]      [PRECIPITATION DATA]       SYMBOLS USED IN COLUMN 16

AVERAGE MONTHLY: 83.1   TOTAL FOR MONTH:   5.60    1 = FOG OR MIST
DPTR FM NORMAL:   1.0   DPTR FM NORMAL:    0.62    2 = FOG REDUCING VISIBILITY
HIGHEST:    97 ON  9    GRTST 24HR  2.45 ON  5- 5      TO 1/4 MILE OR LESS
LOWEST:     67 ON 16                               3 = THUNDER
                        SNOW, ICE PELLETS, HAIL    4 = ICE PELLETS
                        TOTAL MONTH:   0.0 INCH    5 = HAIL
                        GRTST 24HR     0.0         6 = FREEZING RAIN OR DRIZZLE
                        GRTST DEPTH:   0           7 = DUSTSTORM OR SANDSTORM:
                                                       VSBY 1/2 MILE OR LESS
                                                   8 = SMOKE OR HAZE
[NO. OF DAYS WITH]      [WEATHER - DAYS WITH]      9 = BLOWING SNOW
                                                   X = TORNADO
MAX 32 OR BELOW:   0    0.01 INCH OR MORE:   9
MAX 90 OR ABOVE:  20    0.10 INCH OR MORE:   4
MIN 32 OR BELOW:   0    0.50 INCH OR MORE:   3
MIN  0 OR BELOW:   0    1.00 INCH OR MORE:   3

[HDD (BASE 65) ]
TOTAL THIS MO.     0    CLEAR  (SCALE 0-3)   4
DPTR FM NORMAL     0    PTCLDY (SCALE 4-7)  18
TOTAL FM JUL 1  1290    CLOUDY (SCALE 8-10)  3
DPTR FM NORMAL   -77

[CDD (BASE 65) ]
TOTAL THIS MO.   458
DPTR FM NORMAL    31    [PRESSURE DATA]
TOTAL FM JAN 1  1193    HIGHEST SLP M ON M
DPTR FM NORMAL   114    LOWEST  SLP 29.64 ON  6

[REMARKS]
