000
CXUS54 KHGX 251515
CF6IAH
PRELIMINARY LOCAL CLIMATOLOGICAL DATA (WS FORM: F-6)

                                          STATION:   HOUSTON INTERCONTINENTAL
                                          MONTH:     APRIL
                                          YEAR:      2019
                                          LATITUDE:   29 58 N
                                          LONGITUDE:  95 21 W

  TEMPERATURE IN F:       :PCPN:    SNOW:  WIND      :SUNSHINE: SKY     :PK WND
================================================================================
1   2   3   4   5  6A  6B    7    8   9   10  11  12  13   14  15   16   17  18
                                     12Z  AVG MX 2MIN
DY MAX MIN AVG DEP HDD CDD  WTR  SNW DPTH SPD SPD DIR MIN PSBL S-S WX    SPD DR
================================================================================

 1  57  38  48 -18  17   0    T  0.0    0  4.3 13  30   M    M   5        18  20
 2  72  37  55 -11  10   0 0.00  0.0    0  4.2 15  40   M    M   5        23  60
 3  73  47  60  -7   5   0 0.06    M    0 10.3 24 140   M    M  10 13     30 140
 4  84  65  75   8   0  10 0.29  0.0    0  7.2 17 230   M    M   7 123    24 220
 5  83  69  76   9   0  11 0.00  0.0    0  7.6 16 130   M    M   9 128    19 120
 6  84  70  77  10   0  12 0.02  0.0    0 11.8 20 150   M    M   9 138    26 170
 7  76  62  69   1   0   4 0.97  0.0    0  9.1 30 250   M    M   9 13     42 260
 8  84  63  74   6   0   9 0.01  0.0    0  9.8 22 330   M    M   7 1      32 340
 9  90  61  76   8   0  11 0.00  0.0    0  3.6 10 310   M    M   0 1       M  M
10  91  61  76   8   0  11 0.00  0.0    0 11.5 23 160   M    M   2        30 170
11  79  64  72   4   0   7 0.04  0.0    0  8.0 21 160   M    M   7 18     33 160
12  73  60  67  -2   0   2 0.15  0.0    0 10.3 20 120   M    M   9 1      22 120
13  85  51  68  -1   0   3 0.19  0.0    0 13.0 25 320   M    M   7 18     34 280
14  73  48  61  -8   4   0 0.00  0.0    0 10.6 24 300   M    M   2        33  10
15  80  48  64  -5   1   0 0.00  0.0    0  7.9 22 150   M    M   3        30 150
16  81  59  70   0   0   5 0.00  0.0    0 13.2 23 140   M    M   7        30 140
17  78  70  74   4   0   9 0.03  0.0    0 14.2 26 150   M    M  10 1      31 150
18  76  59  68  -2   0   3 1.51  0.0    0 11.1 35 330   M    M   7 13     48 310
19  74  54  64  -6   1   0 0.00  0.0    0 12.8 30 310   M    M   1        38 300
20  79  48  64  -6   1   0 0.00  0.0    0  3.0 10 300   M    M   0        13 230
21  82  54  68  -3   0   3 0.00  0.0    0 11.6 22 140   M    M   1        29 140
22  80  61  71   0   0   6 0.00  0.0    0 12.0 22 130   M    M   7        27 130
23  77  67  72   1   0   7 0.02  0.0    0  8.8 20 110   M    M  10        25 130
24  80  66  73   1   0   8 0.05  0.0    0 10.9 26 140   M    M   9 13     34 140
================================================================================
SM 1891 1382        39 121  3.34     0.0 226.8          M      143
================================================================================
AV 78.8 57.6                               9.4 FASTST   M    M   6    MAX(MPH)
                                 MISC ---->  # 35 330               # 48  310
================================================================================
NOTES:
# LAST OF SEVERAL OCCURRENCES

COLUMN 17 PEAK WIND IN M.P.H.

PRELIMINARY LOCAL CLIMATOLOGICAL DATA (WS FORM: F-6) , PAGE 2

                                          STATION:  HOUSTON INTERCONTINENTAL
                                          MONTH:    APRIL
                                          YEAR:     2019
                                          LATITUDE:   29 58 N
                                          LONGITUDE:  95 21 W

[TEMPERATURE DATA]      [PRECIPITATION DATA]       SYMBOLS USED IN COLUMN 16

AVERAGE MONTHLY: 68.2   TOTAL FOR MONTH:   3.34    1 = FOG OR MIST
DPTR FM NORMAL:  -0.6   DPTR FM NORMAL:    0.80    2 = FOG REDUCING VISIBILITY
HIGHEST:    91 ON 10    GRTST 24HR  1.51 ON 18-18      TO 1/4 MILE OR LESS
LOWEST:     37 ON  2                               3 = THUNDER
                        SNOW, ICE PELLETS, HAIL    4 = ICE PELLETS
                        TOTAL MONTH:   0.0 INCH    5 = HAIL
                        GRTST 24HR     0.0         6 = FREEZING RAIN OR DRIZZLE
                        GRTST DEPTH:   0           7 = DUSTSTORM OR SANDSTORM:
                                                       VSBY 1/2 MILE OR LESS
                                                   8 = SMOKE OR HAZE
[NO. OF DAYS WITH]      [WEATHER - DAYS WITH]      9 = BLOWING SNOW
                                                   X = TORNADO
MAX 32 OR BELOW:   0    0.01 INCH OR MORE:  12
MAX 90 OR ABOVE:   2    0.10 INCH OR MORE:   5
MIN 32 OR BELOW:   0    0.50 INCH OR MORE:   2
MIN  0 OR BELOW:   0    1.00 INCH OR MORE:   1

[HDD (BASE 65) ]
TOTAL THIS MO.    39    CLEAR  (SCALE 0-3)   7
DPTR FM NORMAL     4    PTCLDY (SCALE 4-7)   9
TOTAL FM JUL 1  1290    CLOUDY (SCALE 8-10)  8
DPTR FM NORMAL   -74

[CDD (BASE 65) ]
TOTAL THIS MO.   121
DPTR FM NORMAL    -5    [PRESSURE DATA]
TOTAL FM JAN 1   239    HIGHEST SLP M ON M
DPTR FM NORMAL     4    LOWEST  SLP 29.50 ON 13

[REMARKS]
