000
CXUS55 KJKL 181000
CF6LOZ
PRELIMINARY LOCAL CLIMATOLOGICAL DATA (WS FORM: F-6)

                                          STATION:   LONDON KY
                                          MONTH:     AUGUST
                                          YEAR:      2019
                                          LATITUDE:   37  4 N
                                          LONGITUDE:  84  5 W

  TEMPERATURE IN F:       :PCPN:    SNOW:  WIND      :SUNSHINE: SKY     :PK WND
================================================================================
1   2   3   4   5  6A  6B    7    8   9   10  11  12  13   14  15   16   17  18
                                     12Z  AVG MX 2MIN
DY MAX MIN AVG DEP HDD CDD  WTR  SNW DPTH SPD SPD DIR MIN PSBL S-S WX    SPD DR
================================================================================

 1  88  67  78   2   0  13    T    M    M  2.0  8  20   M    M   6 123    12  20
 2  88  66  77   1   0  12    M    M    M  2.3 17 170   M    M   4 123    27 140
 3  87  64  76   0   0  11    M    M    M  2.3  8  90   M    M   5 12     13  90
 4  87  66  77   1   0  12 0.00    M    M  2.1  9  60   M    M   0 1      14  50
 5  87  62  75  -1   0  10 0.00    M    M  1.5  8 120   M    M   4 12     12  10
 6  86  64  75  -1   0  10    T    M    M  4.4 14 250   M    M   0 1      19 250
 7  85  67  76   0   0  11    T    M    M  5.0 16 270   M    M   5 13     21 270
 8  86  64  75  -1   0  10 0.00    M    M  4.6 14 240   M    M   2 1      21 240
 9  88  66  77   1   0  12 0.00    M    M  3.7 14 260   M    M   3 1      20 240
10  88  68  78   2   0  13 0.00    M    M  3.7 14 350   M    M   3 12     20 290
11  88  61  75  -1   0  10 0.00    M    M  2.3  8  50   M    M   0 18     11  40
12  85  63  74  -2   0   9 0.00    M    M  2.8 10 230   M    M   0 1      16 220
13  88  71  80   4   0  15    T    M    M  5.6 16 300   M    M   4 1      25 280
14  90  69  80   4   0  15    T    M    M  3.0 14 300   M    M   5 12     20 290
15  88  66  77   1   0  12    T    M    M  3.4 15 300   M    M   3 1      21 280
16  88  61  75  -1   0  10 0.00    M    M  1.2  9  20   M    M   1 1      14 190
17  91  64  78   3   0  13 0.00    M    M  1.3 10 200   M    M   1 1      15  70
================================================================================
SM 1488 1109         0 198    T     M     51.2          M       46
================================================================================
AV 87.5 65.2                               3.0 FASTST   M    M   3    MAX(MPH)
                                 MISC ---->  # 17 170               # 27  140
================================================================================
NOTES:
# LAST OF SEVERAL OCCURRENCES

COLUMN 17 PEAK WIND IN M.P.H.

PRELIMINARY LOCAL CLIMATOLOGICAL DATA (WS FORM: F-6) , PAGE 2

                                          STATION:  LONDON KY
                                          MONTH:    AUGUST
                                          YEAR:     2019
                                          LATITUDE:   37  4 N
                                          LONGITUDE:  84  5 W

[TEMPERATURE DATA]      [PRECIPITATION DATA]       SYMBOLS USED IN COLUMN 16

AVERAGE MONTHLY: 76.4   TOTAL FOR MONTH:      T    1 = FOG OR MIST
DPTR FM NORMAL:   0.4   DPTR FM NORMAL:   -2.16    2 = FOG REDUCING VISIBILITY
HIGHEST:    91 ON 17    GRTST 24HR    T  ON 15-15      TO 1/4 MILE OR LESS
LOWEST:     61 ON 16,11                            3 = THUNDER
                        SNOW, ICE PELLETS, HAIL    4 = ICE PELLETS
                        TOTAL MONTH:    M          5 = HAIL
                        GRTST 24HR    M  ON   M    6 = FREEZING RAIN OR DRIZZLE
                        GRTST DEPTH:  M  ON   M    7 = DUSTSTORM OR SANDSTORM:
                                                       VSBY 1/2 MILE OR LESS
                                                   8 = SMOKE OR HAZE
[NO. OF DAYS WITH]      [WEATHER - DAYS WITH]      9 = BLOWING SNOW
                                                   X = TORNADO
MAX 32 OR BELOW:   0    0.01 INCH OR MORE:   0
MAX 90 OR ABOVE:   2    0.10 INCH OR MORE:   0
MIN 32 OR BELOW:   0    0.50 INCH OR MORE:   0
MIN  0 OR BELOW:   0    1.00 INCH OR MORE:   0

[HDD (BASE 65) ]
TOTAL THIS MO.     0    CLEAR  (SCALE 0-3)  10
DPTR FM NORMAL     0    PTCLDY (SCALE 4-7)   7
TOTAL FM JUL 1     0    CLOUDY (SCALE 8-10)  0
DPTR FM NORMAL     0

[CDD (BASE 65) ]
TOTAL THIS MO.   198
DPTR FM NORMAL    13    [PRESSURE DATA]
TOTAL FM JAN 1   971    HIGHEST SLP M ON M
DPTR FM NORMAL    79    LOWEST  SLP 29.80 ON  7

[REMARKS]
