000
CXUS55 KJKL 201355
CF6LOZ
PRELIMINARY LOCAL CLIMATOLOGICAL DATA (WS FORM: F-6)

                                          STATION:   LONDON KY
                                          MONTH:     APRIL
                                          YEAR:      2019
                                          LATITUDE:   37  4 N
                                          LONGITUDE:  84  5 W

  TEMPERATURE IN F:       :PCPN:    SNOW:  WIND      :SUNSHINE: SKY     :PK WND
================================================================================
1   2   3   4   5  6A  6B    7    8   9   10  11  12  13   14  15   16   17  18
                                     12Z  AVG MX 2MIN
DY MAX MIN AVG DEP HDD CDD  WTR  SNW DPTH SPD SPD DIR MIN PSBL S-S WX    SPD DR
================================================================================

 1  52  25  39 -13  26   0 0.00    M    M  4.7 12  50   M    M   0        17  50
 2  56  34  45  -7  20   0 0.00    M    M  2.9 12 260   M    M   6        18 190
 3  69  31  50  -3  15   0 0.00    M    M  3.7 16 290   M    M   0 8      24 290
 4  73  41  57   4   8   0    T    M    M  4.7 20 180   M    M   1        25 180
 5  63  51  57   4   8   0 0.37    M    M  3.9 12 250   M    M  10 1      16 180
 6  75  53  64  10   1   0 0.00    M    M  2.1  9 260   M    M   6        15 260
 7  71  51  61   7   4   0 0.38    M    M  4.3 16 180   M    M   5 13     27 170
 8  64  54  59   5   6   0 0.92    M    M  1.8 17 350   M    M   7 123    25 340
 9  77  50  64   9   1   0 0.00    M    M  3.9 16 330   M    M   5 12     22 340
10  76  42  59   4   6   0 0.00    M    M  2.3  8 150   M    M   0        12  20
11  82  53  68  13   0   3 0.00    M    M  8.6 24 190   M    M   0        37 200
12  76  53  65   9   0   0 0.30    M    M  7.6 20 270   M    M   5 1      28 190
13  69  52  61   5   4   0    T    M    M  3.4 12  10   M    M   7        16  90
14  79  42  61   5   4   0 0.52    M    M 14.3 36 270   M    M   6 13     52 230
15  54  38  46 -10  19   0    T    M    M  8.2 22 270   M    M   7        31 260
16  80  35  58   1   7   0 0.00    M    M  5.6 17 240   M    M   0 8      23 190
17  79  50  65   8   0   0 0.00    M    M  5.7 15 220   M    M   0        21 210
18  80  54  67  10   0   2    T    M    M  7.7 23 190   M    M   2        37 200
19  70  46  58   0   7   0    M    M    M  8.1 20 270   M    M   9 13     28 270
================================================================================
SM 1345  855       136   5  2.49    M    103.5          M       76
================================================================================
AV 70.8 45.0                               5.4 FASTST   M    M   4    MAX(MPH)
                                 MISC ---->  # 36 270               # 52  230
================================================================================
NOTES:
# LAST OF SEVERAL OCCURRENCES

COLUMN 17 PEAK WIND IN M.P.H.

PRELIMINARY LOCAL CLIMATOLOGICAL DATA (WS FORM: F-6) , PAGE 2

                                          STATION:  LONDON KY
                                          MONTH:    APRIL
                                          YEAR:     2019
                                          LATITUDE:   37  4 N
                                          LONGITUDE:  84  5 W

[TEMPERATURE DATA]      [PRECIPITATION DATA]       SYMBOLS USED IN COLUMN 16

AVERAGE MONTHLY: 57.9   TOTAL FOR MONTH:   2.49    1 = FOG OR MIST
DPTR FM NORMAL:   3.0   DPTR FM NORMAL:    0.01    2 = FOG REDUCING VISIBILITY
HIGHEST:    82 ON 11    GRTST 24HR  0.92 ON  8- 8      TO 1/4 MILE OR LESS
LOWEST:     25 ON  1                               3 = THUNDER
                        SNOW, ICE PELLETS, HAIL    4 = ICE PELLETS
                        TOTAL MONTH:    M          5 = HAIL
                        GRTST 24HR    M  ON   M    6 = FREEZING RAIN OR DRIZZLE
                        GRTST DEPTH:  M  ON   M    7 = DUSTSTORM OR SANDSTORM:
                                                       VSBY 1/2 MILE OR LESS
                                                   8 = SMOKE OR HAZE
[NO. OF DAYS WITH]      [WEATHER - DAYS WITH]      9 = BLOWING SNOW
                                                   X = TORNADO
MAX 32 OR BELOW:   0    0.01 INCH OR MORE:   5
MAX 90 OR ABOVE:   0    0.10 INCH OR MORE:   5
MIN 32 OR BELOW:   2    0.50 INCH OR MORE:   2
MIN  0 OR BELOW:   0    1.00 INCH OR MORE:   0

[HDD (BASE 65) ]
TOTAL THIS MO.   136    CLEAR  (SCALE 0-3)   8
DPTR FM NORMAL   -66    PTCLDY (SCALE 4-7)   9
TOTAL FM JUL 1  3916    CLOUDY (SCALE 8-10)  2
DPTR FM NORMAL  -111

[CDD (BASE 65) ]
TOTAL THIS MO.     5
DPTR FM NORMAL    -6    [PRESSURE DATA]
TOTAL FM JAN 1     5    HIGHEST SLP M ON M
DPTR FM NORMAL    -9    LOWEST  SLP 29.31 ON 19

[REMARKS]
