732
CXUS53 KGID 190730
CF6ODX
PRELIMINARY LOCAL CLIMATOLOGICAL DATA (WS FORM: F-6)

                                          STATION:   ORD NE
                                          MONTH:     AUGUST
                                          YEAR:      2019
                                          LATITUDE:   41 37 N
                                          LONGITUDE:  98 57 W

  TEMPERATURE IN F:       :PCPN:    SNOW:  WIND      :SUNSHINE: SKY     :PK WND
================================================================================
1   2   3   4   5  6A  6B    7    8   9   10  11  12  13   14  15   16   17  18
                                     12Z  AVG MX 2MIN
DY MAX MIN AVG DEP HDD CDD  WTR  SNW DPTH SPD SPD DIR MIN PSBL S-S WX    SPD DR
================================================================================

 1  76  63  70  -5   0   5 0.00    M    M  6.1 13 140   M    M   7 1      17 150
 2  74  69  72  -3   0   7 1.80    M    M  7.8 21 190   M    M  10 13     29 180
 3  83  69  76   1   0  11 0.00    M    M  2.4  7 240   M    M   6 1       9 170
 4  88  62  75   0   0  10 0.02    M    M  4.7 22 350   M    M   2 123    30 350
 5  85  68  77   3   0  12 0.00    M    M  5.2 14 230   M    M   2 1      20 310
 6  85  60  73  -1   0   8    T    M    M  5.6 15 150   M    M   1        21 190
 7  86  64  75   1   0  10 2.22    M    M  5.8 41  40   M    M   1 3      59  40
 8  83  66  75   1   0  10 0.03    M    M  4.9 15  20   M    M   3 3      20  20
 9  85  64  75   1   0  10 0.00    M    M  9.0 21 180   M    M   4 3      28 190
10  85  65  75   1   0  10 1.43    M    M  5.7 26 330   M    M   5 13     39 330
11  84  72  78   4   0  13 0.06    M    M  7.6 15 120   M    M   6 1      22 150
12  85  66  76   2   0  11 0.43    M    M  7.2 14 340   M    M   6 123    19 350
13  83  58  71  -3   0   6    T    M    M  5.1 16 300   M    M   0        21 310
14  73  55  64 -10   1   0 0.01    M    M  4.3 13 350   M    M   0        16 340
15  78  54  66  -8   0   1 0.59    M    M  5.8 20 110   M    M   4 13     28 110
16  80  59  70  -3   0   5 0.08    M    M  4.4 17 190   M    M   3 123    24 190
17  86  62  74   1   0   9    T    M    M  9.8 32 320   M    M   2 12     45 300
18  77  60  69  -4   0   4 0.00  0.0    0  6.9 17 360   M    M   5        26 360
================================================================================
SM 1476 1136         1 142  6.67     0.0 108.3          M       67
================================================================================
AV 82.0 63.1                               6.0 FASTST   M    M   4    MAX(MPH)
                                 MISC ---->  # 41  40               # 59   40
================================================================================
NOTES:
# LAST OF SEVERAL OCCURRENCES

COLUMN 17 PEAK WIND IN M.P.H.

PRELIMINARY LOCAL CLIMATOLOGICAL DATA (WS FORM: F-6) , PAGE 2

                                          STATION:  ORD NE
                                          MONTH:    AUGUST
                                          YEAR:     2019
                                          LATITUDE:   41 37 N
                                          LONGITUDE:  98 57 W

[TEMPERATURE DATA]      [PRECIPITATION DATA]       SYMBOLS USED IN COLUMN 16

AVERAGE MONTHLY: 72.6   TOTAL FOR MONTH:   6.67    1 = FOG OR MIST
DPTR FM NORMAL:  -1.5   DPTR FM NORMAL:    4.77    2 = FOG REDUCING VISIBILITY
HIGHEST:    88 ON  4    GRTST 24HR  2.22 ON  7- 7      TO 1/4 MILE OR LESS
LOWEST:     54 ON 15                               3 = THUNDER
                        SNOW, ICE PELLETS, HAIL    4 = ICE PELLETS
                        TOTAL MONTH:   0.0 INCH    5 = HAIL
                        GRTST 24HR     0.0         6 = FREEZING RAIN OR DRIZZLE
                        GRTST DEPTH:   0           7 = DUSTSTORM OR SANDSTORM:
                                                       VSBY 1/2 MILE OR LESS
                                                   8 = SMOKE OR HAZE
[NO. OF DAYS WITH]      [WEATHER - DAYS WITH]      9 = BLOWING SNOW
                                                   X = TORNADO
MAX 32 OR BELOW:   0    0.01 INCH OR MORE:  10
MAX 90 OR ABOVE:   0    0.10 INCH OR MORE:   5
MIN 32 OR BELOW:   0    0.50 INCH OR MORE:   4
MIN  0 OR BELOW:   0    1.00 INCH OR MORE:   3

[HDD (BASE 65) ]
TOTAL THIS MO.     1    CLEAR  (SCALE 0-3)   9
DPTR FM NORMAL     1    PTCLDY (SCALE 4-7)   8
TOTAL FM JUL 1     1    CLOUDY (SCALE 8-10)  1
DPTR FM NORMAL    -4

[CDD (BASE 65) ]
TOTAL THIS MO.   142
DPTR FM NORMAL   -25    [PRESSURE DATA]
TOTAL FM JAN 1   620    HIGHEST SLP M ON M
DPTR FM NORMAL   -47    LOWEST  SLP 29.61 ON 18

[REMARKS]
