000
CXUS52 KMLB 200652
CF6ORL
PRELIMINARY LOCAL CLIMATOLOGICAL DATA (WS FORM: F-6)

                                          STATION:   ORLANDO EXEC
                                          MONTH:     APRIL
                                          YEAR:      2019
                                          LATITUDE:   28 32 N
                                          LONGITUDE:  81 20 W

  TEMPERATURE IN F:       :PCPN:    SNOW:  WIND      :SUNSHINE: SKY     :PK WND
================================================================================
1   2   3   4   5  6A  6B    7    8   9   10  11  12  13   14  15   16   17  18
                                     12Z  AVG MX 2MIN
DY MAX MIN AVG DEP HDD CDD  WTR  SNW DPTH SPD SPD DIR MIN PSBL S-S WX    SPD DR
================================================================================

 1  72  63  68  -2   0   3 0.01  0.0    0  7.0 15  50   M    M   8 1      19  50
 2  77  59  68  -2   0   3 0.02  0.0    0  5.9 16 340   M    M   8 1      23 340
 3  77  57  67  -3   0   2 0.00  0.0    0  9.5 20  70   M    M   2        24  70
 4  82  59  71   1   0   6 0.00  0.0    0  8.4 16 100   M    M   2        23  80
 5  84  66  75   5   0  10 0.72  0.0    0  7.0 18 300   M    M   4 13     22 300
 6  89  67  78   8   0  13 0.01  0.0    0  6.4 21  20   M    M   2 3      25  10
 7  89  67  78   8   0  13 0.00  0.0    0  7.3 17 110   M    M   2 12     22 120
 8  91  68  80   9   0  15 0.01  0.0    0  9.2 25 180   M    M   3 13     32 180
 9  87  71  79   8   0  14 0.15  0.0    0 10.6 32 220   M    M   4 13     42 240
10  84  68  76   5   0  11 0.00  0.0    0  6.9 14  70   M    M   4        17 270
11  86  66  76   5   0  11 0.00  0.0    0  6.7 18  90   M    M   3 1      21  90
12  89  69  79   8   0  14    T  0.0    0  8.6 18 120   M    M   3        23 120
13  90  71  81  10   0  16 0.00  0.0    0  9.5 18 110   M    M   3        24 120
14  88  71  80   8   0  15 0.38  0.0    0 12.2 25 260   M    M   6 1      30 180
15  80  65  73   1   0   8    T  0.0    0 10.9 20 280   M    M   2        23 270
16  84  61  73   1   0   8 0.00  0.0    0  7.7 17  80   M    M   0        22  70
17  85  63  74   2   0   9 0.00  0.0    0  7.5 17 130   M    M   2        24 110
18  90  63  77   5   0  12 0.04  0.0    0 10.3 18 130   M    M   4 1      24 130
19  86  64  75   3   0  10 0.54  0.0    0 16.3 38 250   M    M   5 13     49 260
================================================================================
SM 1610 1238         0 193  1.88     0.0 167.9          M       67
================================================================================
AV 84.7 65.2                               8.8 FASTST   M    M   4    MAX(MPH)
                                 MISC ---->  # 38 250               # 49  260
================================================================================
NOTES:
# LAST OF SEVERAL OCCURRENCES

COLUMN 17 PEAK WIND IN M.P.H.

PRELIMINARY LOCAL CLIMATOLOGICAL DATA (WS FORM: F-6) , PAGE 2

                                          STATION:  ORLANDO EXEC
                                          MONTH:    APRIL
                                          YEAR:     2019
                                          LATITUDE:   28 32 N
                                          LONGITUDE:  81 20 W

[TEMPERATURE DATA]      [PRECIPITATION DATA]       SYMBOLS USED IN COLUMN 16

AVERAGE MONTHLY: 75.0   TOTAL FOR MONTH:   1.88    1 = FOG OR MIST
DPTR FM NORMAL:   4.0   DPTR FM NORMAL:    0.35    2 = FOG REDUCING VISIBILITY
HIGHEST:    91 ON  8    GRTST 24HR  0.72 ON  5- 5      TO 1/4 MILE OR LESS
LOWEST:     57 ON  3                               3 = THUNDER
                        SNOW, ICE PELLETS, HAIL    4 = ICE PELLETS
                        TOTAL MONTH:   0.0 INCH    5 = HAIL
                        GRTST 24HR     0.0         6 = FREEZING RAIN OR DRIZZLE
                        GRTST DEPTH:   0           7 = DUSTSTORM OR SANDSTORM:
                                                       VSBY 1/2 MILE OR LESS
                                                   8 = SMOKE OR HAZE
[NO. OF DAYS WITH]      [WEATHER - DAYS WITH]      9 = BLOWING SNOW
                                                   X = TORNADO
MAX 32 OR BELOW:   0    0.01 INCH OR MORE:   9
MAX 90 OR ABOVE:   3    0.10 INCH OR MORE:   4
MIN 32 OR BELOW:   0    0.50 INCH OR MORE:   2
MIN  0 OR BELOW:   0    1.00 INCH OR MORE:   0

[HDD (BASE 65) ]
TOTAL THIS MO.     0    CLEAR  (SCALE 0-3)   9
DPTR FM NORMAL   -11    PTCLDY (SCALE 4-7)   9
TOTAL FM JUL 1   391    CLOUDY (SCALE 8-10)  1
DPTR FM NORMAL  -139

[CDD (BASE 65) ]
TOTAL THIS MO.   193
DPTR FM NORMAL    71    [PRESSURE DATA]
TOTAL FM JAN 1   564    HIGHEST SLP M ON M
DPTR FM NORMAL   221    LOWEST  SLP 29.70 ON  9

[REMARKS]
