000
CXUS52 KMLB 180642
CF6ORL
PRELIMINARY LOCAL CLIMATOLOGICAL DATA (WS FORM: F-6)

                                          STATION:   ORLANDO EXEC
                                          MONTH:     AUGUST
                                          YEAR:      2019
                                          LATITUDE:   28 32 N
                                          LONGITUDE:  81 20 W

  TEMPERATURE IN F:       :PCPN:    SNOW:  WIND      :SUNSHINE: SKY     :PK WND
================================================================================
1   2   3   4   5  6A  6B    7    8   9   10  11  12  13   14  15   16   17  18
                                     12Z  AVG MX 2MIN
DY MAX MIN AVG DEP HDD CDD  WTR  SNW DPTH SPD SPD DIR MIN PSBL S-S WX    SPD DR
================================================================================

 1  91  73  82  -2   0  17 1.08  0.0    0  6.1 28 140   M    M   2 13     37 110
 2  91  76  84   0   0  19 2.57  0.0    0  4.8 24  60   M    M   4 138    29  80
 3  88  75  82  -2   0  17 0.01  0.0    0  3.5 12 140   M    M   3 1      14 140
 4  93  77  85   1   0  20 0.00  0.0    0  6.8 16 190   M    M   2        18 190
 5  90  75  83  -1   0  18 0.81  0.0    0  7.3 30 350   M    M   2 138    47 340
 6  91  76  84   0   0  19 0.07  0.0    0  6.9 18 250   M    M   1 3      25 250
 7  91  75  83  -1   0  18    T  0.0    0  7.0 20 300   M    M   1 3      27 300
 8  94  75  85   1   0  20 0.01  0.0    0  7.8 13 270   M    M   2 3       M  M
 9  94  77  86   2   0  21 0.74  0.0    0  7.2 30 290   M    M   1 1      38 280
10  93  79  86   2   0  21 0.00  0.0    0  6.5 20 200   M    M   2 3      23 210
11  97  80  89   5   0  24 0.01  0.0    0  6.8 21 180   M    M   3 38     23 170
12  96  77  87   3   0  22 0.09  0.0    0  4.5 22 270   M    M   2 13     26 270
13  92  76  84   0   0  19 0.05  0.0    0  5.3 16  20   M    M   4 13     19  30
14  90  75  83  -1   0  18 4.10  0.0    0  7.0 29 190   M    M   5 1238   40 210
15  91  75  83  -1   0  18 0.61  0.0    0  8.6 26 250   M    M   1 13     32 240
16  89  76  83  -1   0  18    T  0.0    0 10.2 22 220   M    M   2        29 220
17  89  76  83  -1   0  18    T  0.0    0  7.4 24 290   M    M   2        30 290
================================================================================
SM 1560 1293         0 327 10.15     0.0 113.7          M       39
================================================================================
AV 91.8 76.1                               6.7 FASTST   M    M   2    MAX(MPH)
                                 MISC ---->  # 30 350               # 47  340
================================================================================
NOTES:
# LAST OF SEVERAL OCCURRENCES

COLUMN 17 PEAK WIND IN M.P.H.

PRELIMINARY LOCAL CLIMATOLOGICAL DATA (WS FORM: F-6) , PAGE 2

                                          STATION:  ORLANDO EXEC
                                          MONTH:    AUGUST
                                          YEAR:     2019
                                          LATITUDE:   28 32 N
                                          LONGITUDE:  81 20 W

[TEMPERATURE DATA]      [PRECIPITATION DATA]       SYMBOLS USED IN COLUMN 16

AVERAGE MONTHLY: 83.9   TOTAL FOR MONTH:  10.15    1 = FOG OR MIST
DPTR FM NORMAL:  -0.1   DPTR FM NORMAL:    5.92    2 = FOG REDUCING VISIBILITY
HIGHEST:    97 ON 11    GRTST 24HR  4.10 ON 14-14      TO 1/4 MILE OR LESS
LOWEST:     73 ON  1                               3 = THUNDER
                        SNOW, ICE PELLETS, HAIL    4 = ICE PELLETS
                        TOTAL MONTH:   0.0 INCH    5 = HAIL
                        GRTST 24HR     0.0         6 = FREEZING RAIN OR DRIZZLE
                        GRTST DEPTH:   0           7 = DUSTSTORM OR SANDSTORM:
                                                       VSBY 1/2 MILE OR LESS
                                                   8 = SMOKE OR HAZE
[NO. OF DAYS WITH]      [WEATHER - DAYS WITH]      9 = BLOWING SNOW
                                                   X = TORNADO
MAX 32 OR BELOW:   0    0.01 INCH OR MORE:  12
MAX 90 OR ABOVE:  14    0.10 INCH OR MORE:   6
MIN 32 OR BELOW:   0    0.50 INCH OR MORE:   6
MIN  0 OR BELOW:   0    1.00 INCH OR MORE:   3

[HDD (BASE 65) ]
TOTAL THIS MO.     0    CLEAR  (SCALE 0-3)  13
DPTR FM NORMAL     0    PTCLDY (SCALE 4-7)   4
TOTAL FM JUL 1     0    CLOUDY (SCALE 8-10)  0
DPTR FM NORMAL     0

[CDD (BASE 65) ]
TOTAL THIS MO.   327
DPTR FM NORMAL     4    [PRESSURE DATA]
TOTAL FM JAN 1  2662    HIGHEST SLP M ON M
DPTR FM NORMAL   415    LOWEST  SLP 29.86 ON 14

[REMARKS]
