000
CXUS56 KLKN 251009
CF6P68
PRELIMINARY LOCAL CLIMATOLOGICAL DATA (WS FORM: F-6)

                                          STATION:   EUREKA AIRPORT NV
                                          MONTH:     APRIL
                                          YEAR:      2019
                                          LATITUDE:   39 30 N
                                          LONGITUDE: 115 58 W

  TEMPERATURE IN F:       :PCPN:    SNOW:  WIND      :SUNSHINE: SKY     :PK WND
================================================================================
1   2   3   4   5  6A  6B    7    8   9   10  11  12  13   14  15   16   17  18
                                     12Z  AVG MX 2MIN
DY MAX MIN AVG DEP HDD CDD  WTR  SNW DPTH SPD SPD DIR MIN PSBL S-S WX    SPD DR
================================================================================

 1  58  27  43   3  22   0 0.00    M    M  5.0 15 270   M    M   M        21 230
 2  49  32  41   1  24   0 0.08    M    M  7.9 21 150   M    M   M        25 200
 3  54  33  44   4  21   0 0.00    M    M  5.2 16 270   M    M   M        21 270
 4  58  33  46   5  19   0 0.00    M    M 11.8 25 180   M    M   M        31 160
 5  56  32  44   3  21   0 0.13    M    M  4.7 20  10   M    M   M        25 200
 6  54  28  41   0  24   0 0.00    M    M  6.0 21 290   M    M   M        25 280
 7  67  31  49   8  16   0 0.00    M    M  8.4 24 270   M    M   M        30 270
 8  65  37  51  10  14   0 0.00    M    M  5.5 13 210   M    M   M        18 270
 9  47  28  38  -4  27   0 0.02    M    M 11.3 37 330   M    M   M        45 340
10  45  28  37  -5  28   0 0.01    M    M 14.2 30 330   M    M   M        37 350
11  42  30  36  -6  29   0 0.26    M    M  4.1 18 350   M    M   M        21 360
12  46  24  35  -7  30   0 0.05    M    M  6.6 23  10   M    M   M        23  10
13  59  23  41  -2  24   0 0.00    M    M  4.9 12 230   M    M   M        15 250
14  61  32  47   4  18   0 0.00    M    M  8.6 20 290   M    M   M        27 240
15  61  40  51   8  14   0 0.39    M    M  8.8 25 180   M    M   M        34 180
16  50  29  40  -3  25   0 0.07    M    M  8.1 23 350   M    M   M        31 320
17  60  26  43  -1  22   0 0.00    M    M  5.4 17  20   M    M   M        22  20
18  71  32  52   8  13   0 0.00    M    M  5.0 10 210   M    M   M        13 330
19  73  35  54  10  11   0 0.00    M    M  8.6 22 150   M    M   M        29 160
20  63  39  51   7  14   0 0.30    M    M  7.0 31 200   M    M   M        40 200
21  47  38  43  -2  22   0 0.38    M    M  8.0 21  10   M    M   M        26 360
22  59  34  47   2  18   0 0.05    M    M  7.5 18 350   M    M   M        23 340
23  66  30  48   3  17   0 0.00    M    M  6.6 13  20   M    M   M        18 350
24  74  37  56  10   9   0 0.00    M    M  5.8 18 320   M    M   M        23 320
================================================================================
SM 1385  758       482   0  1.74    M    175.0          M        M
================================================================================
AV 57.7 31.6                               7.3 FASTST   M    M   2    MAX(MPH)
                                 MISC ---->  # 37 330               # 45  340
================================================================================
NOTES:
# LAST OF SEVERAL OCCURRENCES

COLUMN 17 PEAK WIND IN M.P.H.

PRELIMINARY LOCAL CLIMATOLOGICAL DATA (WS FORM: F-6) , PAGE 2

                                          STATION:  EUREKA AIRPORT NV
                                          MONTH:    APRIL
                                          YEAR:     2019
                                          LATITUDE:   39 30 N
                                          LONGITUDE: 115 58 W

[TEMPERATURE DATA]      [PRECIPITATION DATA]       SYMBOLS USED IN COLUMN 16

AVERAGE MONTHLY: 44.7   TOTAL FOR MONTH:   1.74    1 = FOG OR MIST
DPTR FM NORMAL:   2.1   DPTR FM NORMAL:    0.98    2 = FOG REDUCING VISIBILITY
HIGHEST:    74 ON 24    GRTST 24HR  0.39 ON 15-15      TO 1/4 MILE OR LESS
LOWEST:     23 ON 13                               3 = THUNDER
                        SNOW, ICE PELLETS, HAIL    4 = ICE PELLETS
                        TOTAL MONTH:    M          5 = HAIL
                        GRTST 24HR    M  ON   M    6 = FREEZING RAIN OR DRIZZLE
                        GRTST DEPTH:  M  ON   M    7 = DUSTSTORM OR SANDSTORM:
                                                       VSBY 1/2 MILE OR LESS
                                                   8 = SMOKE OR HAZE
[NO. OF DAYS WITH]      [WEATHER - DAYS WITH]      9 = BLOWING SNOW
                                                   X = TORNADO
MAX 32 OR BELOW:   0    0.01 INCH OR MORE:  11
MAX 90 OR ABOVE:   0    0.10 INCH OR MORE:   5
MIN 32 OR BELOW:  15    0.50 INCH OR MORE:   0
MIN  0 OR BELOW:   0    1.00 INCH OR MORE:   0

[HDD (BASE 65) ]
TOTAL THIS MO.   482    CLEAR  (SCALE 0-3)   0
DPTR FM NORMAL   -56    PTCLDY (SCALE 4-7)   0
TOTAL FM JUL 1  6717    CLOUDY (SCALE 8-10)  0
DPTR FM NORMAL    23

[CDD (BASE 65) ]
TOTAL THIS MO.     0
DPTR FM NORMAL     0    [PRESSURE DATA]
TOTAL FM JAN 1     0    HIGHEST SLP M ON M
DPTR FM NORMAL     0    LOWEST  SLP 29.54 ON 15

[REMARKS]
