000
CXUS56 KLKN 171009
CF6P68
PRELIMINARY LOCAL CLIMATOLOGICAL DATA (WS FORM: F-6)

                                          STATION:   EUREKA AIRPORT NV
                                          MONTH:     FEBRUARY
                                          YEAR:      2019
                                          LATITUDE:   39 30 N
                                          LONGITUDE: 115 58 W

  TEMPERATURE IN F:       :PCPN:    SNOW:  WIND      :SUNSHINE: SKY     :PK WND
================================================================================
1   2   3   4   5  6A  6B    7    8   9   10  11  12  13   14  15   16   17  18
                                     12Z  AVG MX 2MIN
DY MAX MIN AVG DEP HDD CDD  WTR  SNW DPTH SPD SPD DIR MIN PSBL S-S WX    SPD DR
================================================================================

 1  50  24  37  11  28   0 0.00    M    M 11.1 23 190   M    M   M        31 180
 2  46  30  38  12  27   0 0.32    M    M 16.6 35 160   M    M   M        43 160
 3  43  20  32   6  33   0 0.00    M    M 11.3 24 190   M    M   M        30 190
 4  42  29  36  10  29   0 0.01    M    M 15.9 33 180   M    M   M        43 180
 5  31   9  20  -7  45   0 0.25    M    M  4.7 23 300   M    M   M        31 180
 6  25   0  13 -14  52   0 0.07    M    M  6.9 21 350   M    M   M        27 360
 7  27 -14   7 -20  58   0 0.00    M    M  4.6 12 130   M    M   M        13 140
 8  31   1  16 -11  49   0 0.00    M    M  4.7 13 150   M    M   M        15 150
 9  33  13  23  -5  42   0 0.01    M    M 13.2 28 190   M    M   M        34 180
10  31   1  16 -12  49   0 0.19    M    M 13.3 29 180   M    M   M        37 190
11  30  -9  11 -17  54   0 0.00    M    M  6.1 14 200   M    M   M        16 200
12  35   3  19  -9  46   0 0.00    M    M 10.1 25 140   M    M   M        32 140
13  37  26  32   3  33   0 0.12    M    M  8.0 30 160   M    M   M        36 150
14  42  20  31   2  34   0 0.25    M    M 16.2 36 160   M    M   M        52 260
15  40   4  22  -7  43   0 0.23    M    M 10.0 22 180   M    M   M        28 330
16  27   1  14 -16  51   0 0.02    M    M  6.4 17 260   M    M   M        21 260
================================================================================
SM  570  158       673   0  1.47    M    159.1          M        M
================================================================================
AV 35.6  9.9                               9.9 FASTST   M    M   4    MAX(MPH)
                                 MISC ---->  # 36 160               # 52  260
================================================================================
NOTES:
# LAST OF SEVERAL OCCURRENCES

COLUMN 17 PEAK WIND IN M.P.H.

PRELIMINARY LOCAL CLIMATOLOGICAL DATA (WS FORM: F-6) , PAGE 2

                                          STATION:  EUREKA AIRPORT NV
                                          MONTH:    FEBRUARY
                                          YEAR:     2019
                                          LATITUDE:   39 30 N
                                          LONGITUDE: 115 58 W

[TEMPERATURE DATA]      [PRECIPITATION DATA]       SYMBOLS USED IN COLUMN 16

AVERAGE MONTHLY: 22.8   TOTAL FOR MONTH:   1.47    1 = FOG OR MIST
DPTR FM NORMAL:  -4.8   DPTR FM NORMAL:    0.99    2 = FOG REDUCING VISIBILITY
HIGHEST:    50 ON  1    GRTST 24HR  0.32 ON  2- 2      TO 1/4 MILE OR LESS
LOWEST:    -14 ON  7                               3 = THUNDER
                        SNOW, ICE PELLETS, HAIL    4 = ICE PELLETS
                        TOTAL MONTH:    M          5 = HAIL
                        GRTST 24HR    M  ON   M    6 = FREEZING RAIN OR DRIZZLE
                        GRTST DEPTH:  M  ON   M    7 = DUSTSTORM OR SANDSTORM:
                                                       VSBY 1/2 MILE OR LESS
                                                   8 = SMOKE OR HAZE
[NO. OF DAYS WITH]      [WEATHER - DAYS WITH]      9 = BLOWING SNOW
                                                   X = TORNADO
MAX 32 OR BELOW:   7    0.01 INCH OR MORE:  10
MAX 90 OR ABOVE:   0    0.10 INCH OR MORE:   6
MIN 32 OR BELOW:  16    0.50 INCH OR MORE:   0
MIN  0 OR BELOW:   3    1.00 INCH OR MORE:   0

[HDD (BASE 65) ]
TOTAL THIS MO.   673    CLEAR  (SCALE 0-3)   0
DPTR FM NORMAL    73    PTCLDY (SCALE 4-7)   0
TOTAL FM JUL 1  4871    CLOUDY (SCALE 8-10)  0
DPTR FM NORMAL   -12

[CDD (BASE 65) ]
TOTAL THIS MO.     0
DPTR FM NORMAL     0    [PRESSURE DATA]
TOTAL FM JAN 1     0    HIGHEST SLP M ON M
DPTR FM NORMAL     0    LOWEST  SLP 29.32 ON 14

[REMARKS]
