000
CXUS56 KFGZ 210900
CF6PGA
PRELIMINARY LOCAL CLIMATOLOGICAL DATA (WS FORM: F-6)

                                          STATION:   PAGE AZ AIRPORT
                                          MONTH:     JULY
                                          YEAR:      2019
                                          LATITUDE:   36 55 N
                                          LONGITUDE: 111 27 W

  TEMPERATURE IN F:       :PCPN:    SNOW:  WIND      :SUNSHINE: SKY     :PK WND
================================================================================
1   2   3   4   5  6A  6B    7    8   9   10  11  12  13   14  15   16   17  18
                                     12Z  AVG MX 2MIN
DY MAX MIN AVG DEP HDD CDD  WTR  SNW DPTH SPD SPD DIR MIN PSBL S-S WX    SPD DR
================================================================================

 1  98  69  84   2   0  19 0.00    M    M  4.8 14  10   M    M   0        19 290
 2  98  71  85   3   0  20 0.00    M    M  6.3 15 170   M    M   0        23 180
 3  97  72  85   2   0  20 0.00    M    M  7.1 16 180   M    M   0        25 250
 4  96  69  83   0   0  18 0.00    M    M  5.7 16 200   M    M   0 8      23 220
 5  97  66  82  -1   0  17 0.00    M    M  4.8 15  20   M    M   0        22  20
 6  99  69  84   1   0  19 0.00    M    M  6.8 25 170   M    M   0        33 180
 7  93  70  82  -1   0  17    T    M    M  5.5 16  80   M    M   0        24 310
 8  93  70  82  -1   0  17 0.00    M    M  5.8 15 200   M    M   0        22 240
 9  96  65  81  -2   0  16 0.00    M    M  4.0 13  60   M    M   0        17  10
10 102  66  84   0   0  19 0.00    M    M  4.7 13  40   M    M   0        19  50
11 103  74  89   5   0  24 0.00    M    M  6.3 20 280   M    M   0        32 280
12 102  71  87   3   0  22 0.00    M    M  4.9 18 320   M    M   0        25 330
13 102  82  92   8   0  27    T    M    M  6.3 22 210   M    M   3        34 200
14 101  73  87   3   0  22 0.00    M    M  5.2 21 220   M    M   0        29 220
15 103  74  89   5   0  24 0.00    M    M  3.6 14 320   M    M   0        18 330
16 104  76  90   6   0  25 0.00    M    M  6.4 18 200   M    M   1        32 230
17 101  74  88   4   0  23 0.00    M    M  5.8 16 210   M    M   0        23 200
18 101  72  87   3   0  22 0.00    M    M  6.3 15 290   M    M   0        23 280
19 101  73  87   3   0  22 0.00    M    M  5.9 15 230   M    M   0        23 210
20 101  71  86   2   0  21 0.00    M    M  4.3 13 340   M    M   0        17 350
================================================================================
SM 1988 1427         0 414    T     M    110.5          M        4
================================================================================
AV 99.4 71.4                               5.5 FASTST   M    M   0    MAX(MPH)
                                 MISC ---->  # 25 170               # 34  200
================================================================================
NOTES:
# LAST OF SEVERAL OCCURRENCES

COLUMN 17 PEAK WIND IN M.P.H.

PRELIMINARY LOCAL CLIMATOLOGICAL DATA (WS FORM: F-6) , PAGE 2

                                          STATION:  PAGE AZ AIRPORT
                                          MONTH:    JULY
                                          YEAR:     2019
                                          LATITUDE:   36 55 N
                                          LONGITUDE: 111 27 W

[TEMPERATURE DATA]      [PRECIPITATION DATA]       SYMBOLS USED IN COLUMN 16

AVERAGE MONTHLY: 85.4   TOTAL FOR MONTH:      T    1 = FOG OR MIST
DPTR FM NORMAL:   1.9   DPTR FM NORMAL:   -0.29    2 = FOG REDUCING VISIBILITY
HIGHEST:   104 ON 16    GRTST 24HR    T  ON 13-13      TO 1/4 MILE OR LESS
LOWEST:     65 ON  9                               3 = THUNDER
                        SNOW, ICE PELLETS, HAIL    4 = ICE PELLETS
                        TOTAL MONTH:    M          5 = HAIL
                        GRTST 24HR    M  ON   M    6 = FREEZING RAIN OR DRIZZLE
                        GRTST DEPTH:  M  ON   M    7 = DUSTSTORM OR SANDSTORM:
                                                       VSBY 1/2 MILE OR LESS
                                                   8 = SMOKE OR HAZE
[NO. OF DAYS WITH]      [WEATHER - DAYS WITH]      9 = BLOWING SNOW
                                                   X = TORNADO
MAX 32 OR BELOW:   0    0.01 INCH OR MORE:   0
MAX 90 OR ABOVE:  20    0.10 INCH OR MORE:   0
MIN 32 OR BELOW:   0    0.50 INCH OR MORE:   0
MIN  0 OR BELOW:   0    1.00 INCH OR MORE:   0

[HDD (BASE 65) ]
TOTAL THIS MO.     0    CLEAR  (SCALE 0-3)  20
DPTR FM NORMAL     0    PTCLDY (SCALE 4-7)   0
TOTAL FM JUL 1     0    CLOUDY (SCALE 8-10)  0
DPTR FM NORMAL     0

[CDD (BASE 65) ]
TOTAL THIS MO.   414
DPTR FM NORMAL    46    [PRESSURE DATA]
TOTAL FM JAN 1   908    HIGHEST SLP M ON M
DPTR FM NORMAL   -14    LOWEST  SLP 29.80 ON  3

[REMARKS]
