000
CXUS56 KFGZ 180900
CF6PGA
PRELIMINARY LOCAL CLIMATOLOGICAL DATA (WS FORM: F-6)

                                          STATION:   PAGE AZ AIRPORT
                                          MONTH:     APRIL
                                          YEAR:      2019
                                          LATITUDE:   36 55 N
                                          LONGITUDE: 111 27 W

  TEMPERATURE IN F:       :PCPN:    SNOW:  WIND      :SUNSHINE: SKY     :PK WND
================================================================================
1   2   3   4   5  6A  6B    7    8   9   10  11  12  13   14  15   16   17  18
                                     12Z  AVG MX 2MIN
DY MAX MIN AVG DEP HDD CDD  WTR  SNW DPTH SPD SPD DIR MIN PSBL S-S WX    SPD DR
================================================================================

 1  67  40  54   0  11   0 0.00    M    M  4.7 13 200   M    M   0        17  30
 2  67  50  59   5   6   0 0.00    M    M  3.7 15 220   M    M   3        24 240
 3  69  46  58   3   7   0    T    M    M  5.5 14 350   M    M   4        18 260
 4  69  47  58   3   7   0 0.00    M    M  4.0 13 150   M    M   1        23 130
 5  72  47  60   5   5   0 0.00    M    M  6.0 15 230   M    M   2        22 240
 6  71  51  61   6   4   0    T    M    M  5.9 13 270   M    M   4        22 270
 7  77  47  62   7   3   0 0.00    M    M  4.3 10 250   M    M   0        16  10
 8  82  52  67  11   0   2 0.00    M    M  3.5  9  20   M    M   0        12  70
 9  80  54  67  11   0   2    T    M    M 10.1 28 210   M    M   0 8      41 210
10  58  46  52  -4  13   0 0.00    M    M 15.5 28 300   M    M   5        41 310
11  59  43  51  -5  14   0 0.00    M    M 10.3 20 310   M    M   2        30 310
12  62  40  51  -6  14   0 0.00    M    M  5.5 21 310   M    M   2        33 310
13   M   M   M   M   M   M    M    M    M   M   M   M   M    M   M         M  M
14  76  43  60   3   5   0 0.00    M    M  4.3 14 250   M    M   0        21 270
15  77  52  65   8   0   0 0.00    M    M  4.8 15 230   M    M   0        26 230
16  63  47  55  -3  10   0 0.09    M    M  7.7 17 310   M    M   6 1      25 310
17  73  45  59   1   6   0 0.00    M    M  7.3 16 300   M    M   2        25 310
================================================================================
SM 1122  750       105   4  0.09    M    103.1          M       31
================================================================================
AV 70.1 46.9                               6.4 FASTST   M    M   2    MAX(MPH)
                                 MISC ---->  # 28 210               # 41  210
================================================================================
NOTES:
# LAST OF SEVERAL OCCURRENCES

COLUMN 17 PEAK WIND IN M.P.H.

PRELIMINARY LOCAL CLIMATOLOGICAL DATA (WS FORM: F-6) , PAGE 2

                                          STATION:  PAGE AZ AIRPORT
                                          MONTH:    APRIL
                                          YEAR:     2019
                                          LATITUDE:   36 55 N
                                          LONGITUDE: 111 27 W

[TEMPERATURE DATA]      [PRECIPITATION DATA]       SYMBOLS USED IN COLUMN 16

AVERAGE MONTHLY: 58.5   TOTAL FOR MONTH:   0.09    1 = FOG OR MIST
DPTR FM NORMAL:   2.6   DPTR FM NORMAL:   -0.21    2 = FOG REDUCING VISIBILITY
HIGHEST:    82 ON  8    GRTST 24HR  0.09 ON 16-16      TO 1/4 MILE OR LESS
LOWEST:     40 ON 12, 1                            3 = THUNDER
                        SNOW, ICE PELLETS, HAIL    4 = ICE PELLETS
                        TOTAL MONTH:    M          5 = HAIL
                        GRTST 24HR    M  ON   M    6 = FREEZING RAIN OR DRIZZLE
                        GRTST DEPTH:  M  ON   M    7 = DUSTSTORM OR SANDSTORM:
                                                       VSBY 1/2 MILE OR LESS
                                                   8 = SMOKE OR HAZE
[NO. OF DAYS WITH]      [WEATHER - DAYS WITH]      9 = BLOWING SNOW
                                                   X = TORNADO
MAX 32 OR BELOW:   0    0.01 INCH OR MORE:   1
MAX 90 OR ABOVE:   0    0.10 INCH OR MORE:   0
MIN 32 OR BELOW:   0    0.50 INCH OR MORE:   0
MIN  0 OR BELOW:   0    1.00 INCH OR MORE:   0

[HDD (BASE 65) ]
TOTAL THIS MO.   105    CLEAR  (SCALE 0-3)  12
DPTR FM NORMAL   -53    PTCLDY (SCALE 4-7)   4
TOTAL FM JUL 1  3794    CLOUDY (SCALE 8-10)  0
DPTR FM NORMAL   -17

[CDD (BASE 65) ]
TOTAL THIS MO.     4
DPTR FM NORMAL     4    [PRESSURE DATA]
TOTAL FM JAN 1     4    HIGHEST SLP M ON M
DPTR FM NORMAL     4    LOWEST  SLP 29.48 ON 10

[REMARKS]
