000
CXUS53 KFGF 260915
CF6PKD
PRELIMINARY LOCAL CLIMATOLOGICAL DATA (WS FORM: F-6)

                                          STATION:   PARK RAPIDS MN
                                          MONTH:     JUNE
                                          YEAR:      2019
                                          LATITUDE:   46 54 N
                                          LONGITUDE:  95  4 W

  TEMPERATURE IN F:       :PCPN:    SNOW:  WIND      :SUNSHINE: SKY     :PK WND
================================================================================
1   2   3   4   5  6A  6B    7    8   9   10  11  12  13   14  15   16   17  18
                                     12Z  AVG MX 2MIN
DY MAX MIN AVG DEP HDD CDD  WTR  SNW DPTH SPD SPD DIR MIN PSBL S-S WX    SPD DR
================================================================================

 1  67  45  56  -2   9   0 0.00  0.0    0  9.4 20 330   M    M   0        28 350
 2  71  38  55  -4  10   0 0.00  0.0    0  5.1 15 330   M    M   1        22 340
 3  84  44  64   5   1   0 0.00    M    M  9.6 21 190   M    M   1        28 180
 4  79  58  69  10   0   4 0.86  0.0    0  8.8 20 150   M    M   2 138    35 340
 5  78  56  67   7   0   2 0.00    M    M  6.9 16 350   M    M   2 1      22 340
 6  87  57  72  12   0   7 0.00  0.0    0  7.9 20 230   M    M   1        25 230
 7  91  58  75  15   0  10 0.00  0.0    0 12.4 25 170   M    M   0        35 190
 8  88  66  77  17   0  12 0.84  0.0    0 14.4 29 170   M    M   3 13     39 160
 9  67  46  57  -4   8   0 0.75  0.0    0 10.1 25 300   M    M   6 13     33 300
10  72  44  58  -3   7   0 0.00  0.0    0  7.7 23 300   M    M   1        32 310
11  76  43  60  -1   5   0 0.22  0.0    0  6.6 25 320   M    M   4 13     30 320
12  63  41  52 -10  13   0 0.00    M    M  9.7 18  20   M    M   2        28  10
13  72  38  55  -7  10   0 0.01    M    M  5.9 15 190   M    M   1        22 250
14  80  54  67   5   0   2 0.31    M    M  7.9 16 170   M    M   2 13     26 330
15  63  55  59  -4   6   0 0.03    M    M  8.9 17 100   M    M   4        24 100
16  69  51  60  -3   5   0 0.27  0.0    0  7.3 24 340   M    M   8 1      36 330
17  60  47  54  -9  11   0 0.00  0.0    0  7.0 15 270   M    M   8 1      20 260
18  72  50  61  -2   4   0 0.00    M    M  5.8 15 360   M    M   6        19 350
19  74  46  60  -4   5   0 0.00  0.0    0  5.3 15 160   M    M   2 1      20 180
20  72  57  65   1   0   0    T  0.0    0  9.6 20 140   M    M   5        28 140
21  72  59  66   2   0   1 0.00    M    M 11.7 22 140   M    M   8        28 140
22  70  58  64   0   1   0 0.02  0.0    0  7.0 20 150   M    M  10        30 170
23  77  59  68   3   0   3 0.10    M    M  3.0 12 260   M    M   7 1      14 140
24  72  58  65   0   0   0 0.53  0.0    0 10.1 21 300   M    M   5 13     30 300
25  76  55  66   1   0   1 0.01  0.0    0 10.7 25 300   M    M   4        33 290
================================================================================
SM 1852 1283        95  42  3.95     0.0 208.8          M       93
================================================================================
AV 74.1 51.3                               8.4 FASTST   M    M   4    MAX(MPH)
                                 MISC ---->  # 29 170               # 39  160
================================================================================
NOTES:
# LAST OF SEVERAL OCCURRENCES

COLUMN 17 PEAK WIND IN M.P.H.

PRELIMINARY LOCAL CLIMATOLOGICAL DATA (WS FORM: F-6) , PAGE 2

                                          STATION:  PARK RAPIDS MN
                                          MONTH:    JUNE
                                          YEAR:     2019
                                          LATITUDE:   46 54 N
                                          LONGITUDE:  95  4 W

[TEMPERATURE DATA]      [PRECIPITATION DATA]       SYMBOLS USED IN COLUMN 16

AVERAGE MONTHLY: 62.7   TOTAL FOR MONTH:   3.95    1 = FOG OR MIST
DPTR FM NORMAL:   0.8   DPTR FM NORMAL:    0.56    2 = FOG REDUCING VISIBILITY
HIGHEST:    91 ON  7    GRTST 24HR  0.86 ON  4- 4      TO 1/4 MILE OR LESS
LOWEST:     38 ON 13, 2                            3 = THUNDER
                        SNOW, ICE PELLETS, HAIL    4 = ICE PELLETS
                        TOTAL MONTH:   0.0 INCH    5 = HAIL
                        GRTST 24HR     0.0         6 = FREEZING RAIN OR DRIZZLE
                        GRTST DEPTH:   0           7 = DUSTSTORM OR SANDSTORM:
                                                       VSBY 1/2 MILE OR LESS
                                                   8 = SMOKE OR HAZE
[NO. OF DAYS WITH]      [WEATHER - DAYS WITH]      9 = BLOWING SNOW
                                                   X = TORNADO
MAX 32 OR BELOW:   0    0.01 INCH OR MORE:  12
MAX 90 OR ABOVE:   1    0.10 INCH OR MORE:   8
MIN 32 OR BELOW:   0    0.50 INCH OR MORE:   4
MIN  0 OR BELOW:   0    1.00 INCH OR MORE:   0

[HDD (BASE 65) ]
TOTAL THIS MO.    95    CLEAR  (SCALE 0-3)  12
DPTR FM NORMAL   -22    PTCLDY (SCALE 4-7)  11
TOTAL FM JUL 1 10203    CLOUDY (SCALE 8-10)  2
DPTR FM NORMAL   613

[CDD (BASE 65) ]
TOTAL THIS MO.    42
DPTR FM NORMAL     1    [PRESSURE DATA]
TOTAL FM JAN 1    49    HIGHEST SLP M ON M
DPTR FM NORMAL    -4    LOWEST  SLP 29.59 ON 14

[REMARKS]
