000
CXUS53 KFGF 280915
CF6PKD
PRELIMINARY LOCAL CLIMATOLOGICAL DATA (WS FORM: F-6)

                                          STATION:   PARK RAPIDS MN
                                          MONTH:     FEBRUARY
                                          YEAR:      2020
                                          LATITUDE:   46 54 N
                                          LONGITUDE:  95  4 W

  TEMPERATURE IN F:       :PCPN:    SNOW:  WIND      :SUNSHINE: SKY     :PK WND
================================================================================
1   2   3   4   5  6A  6B    7    8   9   10  11  12  13   14  15   16   17  18
                                     12Z  AVG MX 2MIN
DY MAX MIN AVG DEP HDD CDD  WTR  SNW DPTH SPD SPD DIR MIN PSBL S-S WX    SPD DR
================================================================================

 1  39   7  23  15  42   0 0.00    M    M  7.3 18 260   M    M   5 12     24 260
 2  43  24  34  26  31   0 0.00    M    M 17.2 30 300   M    M   6        39 300
 3  26  -1  13   5  52   0 0.00    M    M 11.4 22 320   M    M   2        27 320
 4  18 -11   4  -5  61   0 0.00    M    M  4.9 13 300   M    M   M        17 300
 5  27  -1  13   4  52   0 0.00    M    M  8.9 20 240   M    M   0        27 220
 6  21   4  13   4  52   0 0.02    M    M  4.6 13  10   M    M   7 18     18  10
 7  16 -15   1  -8  64   0    T    M    M  7.5 14  10   M    M   4        19  30
 8  17 -18   0 -10  65   0    T    M    M  4.2  9 200   M    M   7 18     14 150
 9  22   4  13   3  52   0 0.00    M    M  6.9 16 360   M    M   6 1      23 340
10  27  12  20  10  45   0    T    M    M 11.4 21 300   M    M   7 18     27 290
11  27  15  21  10  44   0 0.00    M    M 11.4 21 250   M    M   6        27 310
12  26 -20   3  -8  62   0    T    M    M 13.8 28 360   M    M   5 18     36  20
13  -1 -29 -15 -27  80   0 0.00    M    M  6.5 15 270   M    M   0        18 260
14  18 -17   1 -11  64   0 0.00    M    M 14.7 29 180   M    M   2 8      38 180
15  26   0  13   1  52   0 0.00    M    M 12.7 30 310   M    M   6 8      37 320
16  17  -7   5  -8  60   0 0.00    M    M  4.8 10 130   M    M   3        13 130
17  25  11  18   5  47   0 0.09    M    M  6.5 16 340   M    M   9 1      21 360
18  15 -13   1 -13  64   0    T    M    M 12.4 25 310   M    M   5 8      31 300
19   8 -24  -8 -22  73   0    T    M    M  5.2 14 330   M    M   0        16 280
20  16 -26  -5 -19  70   0 0.00    M    M  7.3 16 220   M    M   0        20 240
21  34   2  18   3  47   0 0.00  0.0    M  8.0 14 230   M    M   0        20 240
22  44   8  26  11  39   0 0.00  0.0    M  6.2 12 260   M    M   0 18     23 250
23  37  14  26  10  39   0 0.00    M    M 12.9 26 300   M    M   0        34 300
24  41   4  23   7  42   0 0.00    M    M  3.7 12 360   M    M   1 128    15 360
25  32   3  18   1  47   0 0.00    M    M  8.9 18 330   M    M   2        25 330
26  20  -5   8  -9  57   0    T    M    M  3.5  8  20   M    M   8        10  20
27  19  -9   5 -13  60   0    T    M    M  2.8  9 360   M    M   6        12  10
================================================================================
SM  660  -88      1463   0  0.11  0.0    225.6          M       97
================================================================================
AV 24.4 -3.3                               8.4 FASTST   M    M   4    MAX(MPH)
                                 MISC ---->  # 30 300                 39 300
================================================================================
NOTES:
# LAST OF SEVERAL OCCURRENCES

COLUMN 17 PEAK WIND IN M.P.H.

PRELIMINARY LOCAL CLIMATOLOGICAL DATA (WS FORM: F-6) , PAGE 2

                                          STATION:   PARK RAPIDS MN
                                          MONTH:     FEBRUARY
                                          YEAR:      2020
                                          LATITUDE:   46 54 N
                                          LONGITUDE:  95  4 W

[TEMPERATURE DATA]      [PRECIPITATION DATA]       SYMBOLS USED IN COLUMN 16

AVERAGE MONTHLY: 10.6   TOTAL FOR MONTH:   0.11    1 = FOG OR MIST
DPTR FM NORMAL:  -1.6   DPTR FM NORMAL:   -0.33    2 = FOG REDUCING VISIBILITY
HIGHEST:    44 ON 22    GRTST 24HR  0.09 ON 17-17      TO 1/4 MILE OR LESS
LOWEST:    -29 ON 13                               3 = THUNDER
                        SNOW, ICE PELLETS, HAIL    4 = ICE PELLETS
                        TOTAL MONTH:   0.0 INCH    5 = HAIL
                        GRTST 24HR  0.0            6 = FREEZING RAIN OR DRIZZLE
                        GRTST DEPTH:  M  ON   M    7 = DUSTSTORM OR SANDSTORM:
                                                       VSBY 1/2 MILE OR LESS
                                                   8 = SMOKE OR HAZE
[NO. OF DAYS WITH]      [WEATHER - DAYS WITH]      9 = BLOWING SNOW
                                                   X = TORNADO
MAX 32 OR BELOW:  21    0.01 INCH OR MORE:   2
MAX 90 OR ABOVE:   0    0.10 INCH OR MORE:   0
MIN 32 OR BELOW:  27    0.50 INCH OR MORE:   0
MIN  0 OR BELOW:  15    1.00 INCH OR MORE:   0

[HDD (BASE 65) ]
TOTAL THIS MO.  1463    CLEAR  (SCALE 0-3)  11
DPTR FM NORMAL    38    PTCLDY (SCALE 4-7)  13
TOTAL FM JUL 1  6978    CLOUDY (SCALE 8-10)  3
DPTR FM NORMAL  -156

[CDD (BASE 65) ]
TOTAL THIS MO.     0
DPTR FM NORMAL     0    [PRESSURE DATA]
TOTAL FM JAN 1     0    HIGHEST SLP M ON M
DPTR FM NORMAL     0    LOWEST  SLP 29.28 ON  2

[REMARKS]
