000
CXUS53 KFGF 250915
CF6PKD
PRELIMINARY LOCAL CLIMATOLOGICAL DATA (WS FORM: F-6)

                                          STATION:   PARK RAPIDS MN
                                          MONTH:     APRIL
                                          YEAR:      2019
                                          LATITUDE:   46 54 N
                                          LONGITUDE:  95  4 W

  TEMPERATURE IN F:       :PCPN:    SNOW:  WIND      :SUNSHINE: SKY     :PK WND
================================================================================
1   2   3   4   5  6A  6B    7    8   9   10  11  12  13   14  15   16   17  18
                                     12Z  AVG MX 2MIN
DY MAX MIN AVG DEP HDD CDD  WTR  SNW DPTH SPD SPD DIR MIN PSBL S-S WX    SPD DR
================================================================================

 1  38  19  29  -5  36   0 0.00    M    M  6.3 15 290   M    M   8 12     20 300
 2  39  23  31  -3  34   0 0.04    M    M 13.9 36 300   M    M   6 1      47 300
 3  39  20  30  -5  35   0    T    M    M  6.7 20 300   M    M   2        27 310
 4  43  24  34  -1  31   0 0.00    M    M 13.1 24 160   M    M   5        32 170
 5  47  34  41   5  24   0    T    M    M  5.8 17 190   M    M  10 1      22 200
 6  46  39  43   7  22   0    T  0.0    0  7.7 14 100   M    M  10 1      20 110
 7  51  31  41   4  24   0 0.33    M    M  5.9 22 280   M    M   8 128    26 290
 8  60  31  46   9  19   0    T  0.0    0  8.7 29 300   M    M   5 12     37 310
 9  40  26  33  -5  32   0 0.00  0.0    0 10.5 24 320   M    M   4        32 320
10  37  25  31  -7  34   0 0.00  0.0    0 11.4 22 100   M    M   4        35 100
11  31  24  28 -11  37   0 0.33    M    M 18.8 29  70   M    M  10 12     43  60
12  32  24  28 -12  37   0 0.16    M    M 10.3 16 330   M    M  10 1      23  10
13  41  23  32  -8  33   0 0.00  0.0    M  7.4 16 310   M    M   5        20 310
14  46  15  31 -10  34   0 0.00  0.0    M  5.1 14 140   M    M   0 1      19 110
15  42  27  35  -6  30   0 0.04    M    0  7.9 20 170   M    M   5 1      24 160
16  65  29  47   5  18   0 0.00  0.0    M  3.5 12 300   M    M   1 1      17 290
17  51  38  45   3  20   0 0.21  0.0    0  8.1 16  30   M    M  10 1      31  30
18  55  30  43   0  22   0    T    M    M  8.5 18 360   M    M   4 1      26 340
19  62  27  45   2  20   0 0.00    M    M  8.1 18 230   M    M   1        27 270
20  72  42  57  13   8   0 0.00    M    M  9.3 16 360   M    M   4        24  70
21  53  44  49   5  16   0 0.16    M    M 11.4 18  60   M    M   8 1      27  50
22  64  38  51   6  14   0 0.00  0.0    0  7.8 20  70   M    M   3        28  70
23  67  30  49   4  16   0    T    M    M  7.9 17 190   M    M   1 1      25 260
24  76  46  61  15   4   0 0.00    M    M 12.4 23 300   M    M   3        31 280
================================================================================
SM 1197  709       600   0  1.27     0.0 216.5          M      127
================================================================================
AV 49.9 29.5                               9.0 FASTST   M    M   5    MAX(MPH)
                                 MISC ---->  # 36 300               # 47  300
================================================================================
NOTES:
# LAST OF SEVERAL OCCURRENCES

COLUMN 17 PEAK WIND IN M.P.H.

PRELIMINARY LOCAL CLIMATOLOGICAL DATA (WS FORM: F-6) , PAGE 2

                                          STATION:  PARK RAPIDS MN
                                          MONTH:    APRIL
                                          YEAR:     2019
                                          LATITUDE:   46 54 N
                                          LONGITUDE:  95  4 W

[TEMPERATURE DATA]      [PRECIPITATION DATA]       SYMBOLS USED IN COLUMN 16

AVERAGE MONTHLY: 39.7   TOTAL FOR MONTH:   1.27    1 = FOG OR MIST
DPTR FM NORMAL:  -0.1   DPTR FM NORMAL:   -0.10    2 = FOG REDUCING VISIBILITY
HIGHEST:    76 ON 24    GRTST 24HR  0.33 ON 11-11      TO 1/4 MILE OR LESS
LOWEST:     15 ON 14                               3 = THUNDER
                        SNOW, ICE PELLETS, HAIL    4 = ICE PELLETS
                        TOTAL MONTH:   0.0 INCH    5 = HAIL
                        GRTST 24HR     0.0         6 = FREEZING RAIN OR DRIZZLE
                        GRTST DEPTH:   0           7 = DUSTSTORM OR SANDSTORM:
                                                       VSBY 1/2 MILE OR LESS
                                                   8 = SMOKE OR HAZE
[NO. OF DAYS WITH]      [WEATHER - DAYS WITH]      9 = BLOWING SNOW
                                                   X = TORNADO
MAX 32 OR BELOW:   2    0.01 INCH OR MORE:   7
MAX 90 OR ABOVE:   0    0.10 INCH OR MORE:   5
MIN 32 OR BELOW:  17    0.50 INCH OR MORE:   0
MIN  0 OR BELOW:   0    1.00 INCH OR MORE:   0

[HDD (BASE 65) ]
TOTAL THIS MO.   600    CLEAR  (SCALE 0-3)   6
DPTR FM NORMAL    -5    PTCLDY (SCALE 4-7)  13
TOTAL FM JUL 1  9506    CLOUDY (SCALE 8-10)  5
DPTR FM NORMAL   501

[CDD (BASE 65) ]
TOTAL THIS MO.     0
DPTR FM NORMAL     0    [PRESSURE DATA]
TOTAL FM JAN 1     0    HIGHEST SLP M ON M
DPTR FM NORMAL     0    LOWEST  SLP 29.49 ON 12

[REMARKS]
