000
CXUS53 KFGF 170915
CF6PKD
PRELIMINARY LOCAL CLIMATOLOGICAL DATA (WS FORM: F-6)

                                          STATION:   PARK RAPIDS MN
                                          MONTH:     FEBRUARY
                                          YEAR:      2019
                                          LATITUDE:   46 54 N
                                          LONGITUDE:  95  4 W

  TEMPERATURE IN F:       :PCPN:    SNOW:  WIND      :SUNSHINE: SKY     :PK WND
================================================================================
1   2   3   4   5  6A  6B    7    8   9   10  11  12  13   14  15   16   17  18
                                     12Z  AVG MX 2MIN
DY MAX MIN AVG DEP HDD CDD  WTR  SNW DPTH SPD SPD DIR MIN PSBL S-S WX    SPD DR
================================================================================

 1  17  -7   5  -3  60   0 0.00    M    M 10.7 20 180   M    M   7 18     27 190
 2  24   4  14   6  51   0 0.00    M    M  4.6 14 110   M    M   4 18     19  90
 3  23  11  17   9  48   0 0.08    M    M  8.5 16  30   M    M   9 18     23  20
 4  11 -16  -2 -11  67   0 0.17    M    M  9.8 18 320   M    M   7 18     24 330
 5   4 -14  -5 -14  70   0    T    M    M  5.5 12  60   M    M   8        15 100
 6  10   4   7  -2  58   0 0.03    M    M  7.7 14 360   M    M  10 18     20  10
 7   7 -12  -2 -11  67   0 0.02    M    M 15.1 23 330   M    M  10 1      31 330
 8  -6 -32 -19 -29  84   0 0.00    M    M 10.9 17 310   M    M   2        22 300
 9   2 -34 -16 -26  81   0    T    M    M  3.2  9 100   M    M   6 8      14  80
10  10 -19  -4 -14  69   0 0.03    M    M  5.9 12  60   M    M   7 18     19  70
11  21   4  13   2  52   0    T    M    M  7.9 16 110   M    M  10 1      32 110
12  21   3  12   1  53   0 0.11    M    M  9.1 18 340   M    M  10 18     24 340
13  21  -1  10  -2  55   0    M    M    M  7.3 16 140   M    M   8 12     21 140
14  16  -2   7  -5  58   0    M    M    M 12.9 26 320   M    M   7 18     34 330
15  17 -15   1 -11  64   0    M    M    M  8.6 18 320   M    M   1 1      25 330
16  17 -17   0 -13  65   0    M    M    M  2.3  9 120   M    M   4        12 110
================================================================================
SM  215 -143      1002   0  0.44    M    130.0          M      110
================================================================================
AV 13.4 -8.9                               8.1 FASTST   M    M   7    MAX(MPH)
                                 MISC ---->  # 26 320               # 34  330
================================================================================
NOTES:
# LAST OF SEVERAL OCCURRENCES

COLUMN 17 PEAK WIND IN M.P.H.

PRELIMINARY LOCAL CLIMATOLOGICAL DATA (WS FORM: F-6) , PAGE 2

                                          STATION:  PARK RAPIDS MN
                                          MONTH:    FEBRUARY
                                          YEAR:     2019
                                          LATITUDE:   46 54 N
                                          LONGITUDE:  95  4 W

[TEMPERATURE DATA]      [PRECIPITATION DATA]       SYMBOLS USED IN COLUMN 16

AVERAGE MONTHLY:  2.3   TOTAL FOR MONTH:   0.44    1 = FOG OR MIST
DPTR FM NORMAL:  -7.8   DPTR FM NORMAL:    0.23    2 = FOG REDUCING VISIBILITY
HIGHEST:    24 ON  2    GRTST 24HR  0.17 ON  4- 4      TO 1/4 MILE OR LESS
LOWEST:    -34 ON  9                               3 = THUNDER
                        SNOW, ICE PELLETS, HAIL    4 = ICE PELLETS
                        TOTAL MONTH:    M          5 = HAIL
                        GRTST 24HR    M  ON   M    6 = FREEZING RAIN OR DRIZZLE
                        GRTST DEPTH:  M  ON   M    7 = DUSTSTORM OR SANDSTORM:
                                                       VSBY 1/2 MILE OR LESS
                                                   8 = SMOKE OR HAZE
[NO. OF DAYS WITH]      [WEATHER - DAYS WITH]      9 = BLOWING SNOW
                                                   X = TORNADO
MAX 32 OR BELOW:  16    0.01 INCH OR MORE:   6
MAX 90 OR ABOVE:   0    0.10 INCH OR MORE:   2
MIN 32 OR BELOW:  16    0.50 INCH OR MORE:   0
MIN  0 OR BELOW:  11    1.00 INCH OR MORE:   0

[HDD (BASE 65) ]
TOTAL THIS MO.  1002    CLEAR  (SCALE 0-3)   2
DPTR FM NORMAL   123    PTCLDY (SCALE 4-7)   9
TOTAL FM JUL 1  6821    CLOUDY (SCALE 8-10)  5
DPTR FM NORMAL   233

[CDD (BASE 65) ]
TOTAL THIS MO.     0
DPTR FM NORMAL     0    [PRESSURE DATA]
TOTAL FM JAN 1     0    HIGHEST SLP M ON M
DPTR FM NORMAL     0    LOWEST  SLP 29.60 ON 14

[REMARKS]
