000
CXUS55 KCYS 201000
CF6RWL
PRELIMINARY LOCAL CLIMATOLOGICAL DATA (WS FORM: F-6)

                                          STATION:   RAWLINS WYOMING AIRPORT
                                          MONTH:     APRIL
                                          YEAR:      2019
                                          LATITUDE:   41 47 N
                                          LONGITUDE: 107 12 W

  TEMPERATURE IN F:       :PCPN:    SNOW:  WIND      :SUNSHINE: SKY     :PK WND
================================================================================
1   2   3   4   5  6A  6B    7    8   9   10  11  12  13   14  15   16   17  18
                                     12Z  AVG MX 2MIN
DY MAX MIN AVG DEP HDD CDD  WTR  SNW DPTH SPD SPD DIR MIN PSBL S-S WX    SPD DR
================================================================================

 1  46  27  37   1  28   0    T    M    M 14.4 25 270   M    M   5        31 260
 2  43  33  38   1  27   0 0.18    M    M  7.1 20 240   M    M  10 1      25 230
 3  50  36  43   6  22   0 0.02    M    M 14.0 24 240   M    M   8 1      31 240
 4  54  34  44   7  21   0 0.00    M    M 12.7 24 230   M    M   5        33 250
 5  58  33  46   9  19   0 0.00    M    M  9.5 31 230   M    M   3        39 230
 6  57  31  44   6  21   0    T    M    M 13.3 36 260   M    M   3        48 260
 7  54  34  44   6  21   0 0.00    M    M 20.7 36 240   M    M   1        46 250
 8  61  37  49  11  16   0 0.00    M    M 18.3 39 250   M    M   1        46 270
 9  67  39  53  15  12   0 0.01    M    M 15.6 33 210   M    M   2        39 220
10  39  19  29  -9  36   0 0.04    M    M 16.2 30  20   M    M  10 1      37  10
11  37  19  28 -11  37   0 0.01    M    M 12.7 28 290   M    M   9 1      35 300
12  40  16  28 -11  37   0 0.02    M    M  7.6 15 300   M    M   9 18     25 250
13  45  21  33  -6  32   0 0.01    M    M 11.1 30 250   M    M   6 1      36 240
14  52  33  43   3  22   0    T    M    M 21.0 38 230   M    M   5 1      49 240
15   M   M   M   M   M   M 0.21    M    M 14.5 26 250   M    M   9 1      34 230
16  57  34  46   6  19   0 0.00    M    M 12.8 29 220   M    M   5        38 210
17  53  35  44   4  21   0    T    M    M 15.3 29 280   M    M   8 1      38 250
18  59  32  46   5  19   0 0.00    M    M 12.3 25 290   M    M   0        30 300
19  70  37  54  13  11   0 0.00    M    M 13.4 26 240   M    M   0        36 260
================================================================================
SM  942  550       421   0  0.50    M    262.5          M       99
================================================================================
AV 52.3 30.6                              13.8 FASTST   M    M   5    MAX(MPH)
                                 MISC ---->  # 39 250               # 49  240
================================================================================
NOTES:
# LAST OF SEVERAL OCCURRENCES

COLUMN 17 PEAK WIND IN M.P.H.

PRELIMINARY LOCAL CLIMATOLOGICAL DATA (WS FORM: F-6) , PAGE 2

                                          STATION:  RAWLINS WYOMING AIRPORT
                                          MONTH:    APRIL
                                          YEAR:     2019
                                          LATITUDE:   41 47 N
                                          LONGITUDE: 107 12 W

[TEMPERATURE DATA]      [PRECIPITATION DATA]       SYMBOLS USED IN COLUMN 16

AVERAGE MONTHLY: 41.4   TOTAL FOR MONTH:   0.50    1 = FOG OR MIST
DPTR FM NORMAL:   2.9   DPTR FM NORMAL:   -0.13    2 = FOG REDUCING VISIBILITY
HIGHEST:    70 ON 19    GRTST 24HR  0.21 ON 15-15      TO 1/4 MILE OR LESS
LOWEST:     16 ON 12                               3 = THUNDER
                        SNOW, ICE PELLETS, HAIL    4 = ICE PELLETS
                        TOTAL MONTH:    M          5 = HAIL
                        GRTST 24HR    M  ON   M    6 = FREEZING RAIN OR DRIZZLE
                        GRTST DEPTH:  M  ON   M    7 = DUSTSTORM OR SANDSTORM:
                                                       VSBY 1/2 MILE OR LESS
                                                   8 = SMOKE OR HAZE
[NO. OF DAYS WITH]      [WEATHER - DAYS WITH]      9 = BLOWING SNOW
                                                   X = TORNADO
MAX 32 OR BELOW:   0    0.01 INCH OR MORE:   8
MAX 90 OR ABOVE:   0    0.10 INCH OR MORE:   2
MIN 32 OR BELOW:   7    0.50 INCH OR MORE:   0
MIN  0 OR BELOW:   0    1.00 INCH OR MORE:   0

[HDD (BASE 65) ]
TOTAL THIS MO.   421    CLEAR  (SCALE 0-3)   5
DPTR FM NORMAL   -81    PTCLDY (SCALE 4-7)   9
TOTAL FM JUL 1  7454    CLOUDY (SCALE 8-10)  5
DPTR FM NORMAL   -20

[CDD (BASE 65) ]
TOTAL THIS MO.     0
DPTR FM NORMAL     0    [PRESSURE DATA]
TOTAL FM JAN 1     0    HIGHEST SLP M ON M
DPTR FM NORMAL     0    LOWEST  SLP 29.37 ON  9

[REMARKS]
