949
CXUS55 KCYS 160728
CF6RWL
PRELIMINARY LOCAL CLIMATOLOGICAL DATA (WS FORM: F-6)

                                          STATION:   RAWLINS WYOMING AIRPORT
                                          MONTH:     FEBRUARY
                                          YEAR:      2019
                                          LATITUDE:   41 47 N
                                          LONGITUDE: 107 12 W

  TEMPERATURE IN F:       :PCPN:    SNOW:  WIND      :SUNSHINE: SKY     :PK WND
================================================================================
1   2   3   4   5  6A  6B    7    8   9   10  11  12  13   14  15   16   17  18
                                     12Z  AVG MX 2MIN
DY MAX MIN AVG DEP HDD CDD  WTR  SNW DPTH SPD SPD DIR MIN PSBL S-S WX    SPD DR
================================================================================

 1  40  20  30   8  35   0 0.00    M    M 10.6 25 210   M    M   0        30 220
 2  42  22  32  10  33   0 0.00    M    M 20.6 40 230   M    M   0        50 230
 3  42  27  35  13  30   0 0.07    M    M 20.7 40 250   M    M   6 128    52 220
 4  39  29  34  12  31   0 0.00    M    M 19.1 31 220   M    M   1        40 210
 5  37  20  29   7  36   0 0.25    M    M 14.2 39 210   M    M   4 128    49 230
 6  23  -4  10 -12  55   0 0.03    M    M  7.8 21  40   M    M  10 128    26  40
 7  12  -6   3 -19  62   0    T    M    M 18.2 36 270   M    M   7 189    42 250
 8  23   3  13  -9  52   0    T    M    M 15.1 36 210   M    M   1        42 210
 9  27   9  18  -4  47   0 0.00    M    M  6.3 20 250   M    M   4        23 250
10  31  13  22   0  43   0    T    M    M 12.1 32 200   M    M   3        39 190
11  26  10  18  -4  47   0    T    M    M 27.6 46 240   M    M   1 19     55 250
12  29  14  22  -1  43   0 0.00    M    M 21.2 41 240   M    M   0        49 240
13  36  25  31   8  34   0 0.00    M    M 29.2 51 220   M    M   6        63 220
14  39  31  35  12  30   0    T    M    M 21.0 38 240   M    M   8        48 230
15  37  29  33  10  32   0 0.01    M    M 23.8 43 220   M    M   5 18     56 220
================================================================================
SM  483  242       610   0  0.36    M    267.5          M       56
================================================================================
AV 32.2 16.1                              17.8 FASTST   M    M   4    MAX(MPH)
                                 MISC ---->  # 51 220               # 63  220
================================================================================
NOTES:
# LAST OF SEVERAL OCCURRENCES

COLUMN 17 PEAK WIND IN M.P.H.

PRELIMINARY LOCAL CLIMATOLOGICAL DATA (WS FORM: F-6) , PAGE 2

                                          STATION:  RAWLINS WYOMING AIRPORT
                                          MONTH:    FEBRUARY
                                          YEAR:     2019
                                          LATITUDE:   41 47 N
                                          LONGITUDE: 107 12 W

[TEMPERATURE DATA]      [PRECIPITATION DATA]       SYMBOLS USED IN COLUMN 16

AVERAGE MONTHLY: 24.2   TOTAL FOR MONTH:   0.36    1 = FOG OR MIST
DPTR FM NORMAL:   1.9   DPTR FM NORMAL:    0.15    2 = FOG REDUCING VISIBILITY
HIGHEST:    42 ON  3, 2 GRTST 24HR  0.25 ON  5- 5      TO 1/4 MILE OR LESS
LOWEST:     -6 ON  7                               3 = THUNDER
                        SNOW, ICE PELLETS, HAIL    4 = ICE PELLETS
                        TOTAL MONTH:    M          5 = HAIL
                        GRTST 24HR    M  ON   M    6 = FREEZING RAIN OR DRIZZLE
                        GRTST DEPTH:  M  ON   M    7 = DUSTSTORM OR SANDSTORM:
                                                       VSBY 1/2 MILE OR LESS
                                                   8 = SMOKE OR HAZE
[NO. OF DAYS WITH]      [WEATHER - DAYS WITH]      9 = BLOWING SNOW
                                                   X = TORNADO
MAX 32 OR BELOW:   7    0.01 INCH OR MORE:   4
MAX 90 OR ABOVE:   0    0.10 INCH OR MORE:   1
MIN 32 OR BELOW:  15    0.50 INCH OR MORE:   0
MIN  0 OR BELOW:   2    1.00 INCH OR MORE:   0

[HDD (BASE 65) ]
TOTAL THIS MO.   610    CLEAR  (SCALE 0-3)   6
DPTR FM NORMAL   -31    PTCLDY (SCALE 4-7)   8
TOTAL FM JUL 1  5281    CLOUDY (SCALE 8-10)  1
DPTR FM NORMAL  -159

[CDD (BASE 65) ]
TOTAL THIS MO.     0
DPTR FM NORMAL     0    [PRESSURE DATA]
TOTAL FM JAN 1     0    HIGHEST SLP M ON M
DPTR FM NORMAL     0    LOWEST  SLP 29.32 ON  3

[REMARKS]
