000
CXUS56 KLOX 181655
CF6SBA
PRELIMINARY LOCAL CLIMATOLOGICAL DATA (WS FORM: F-6)

                                          STATION:   SANTA BARBARA AIRPORT CA
                                          MONTH:     APRIL
                                          YEAR:      2019
                                          LATITUDE:   34 25 N
                                          LONGITUDE: 119 50 W

  TEMPERATURE IN F:       :PCPN:    SNOW:  WIND      :SUNSHINE: SKY     :PK WND
================================================================================
1   2   3   4   5  6A  6B    7    8   9   10  11  12  13   14  15   16   17  18
                                     12Z  AVG MX 2MIN
DY MAX MIN AVG DEP HDD CDD  WTR  SNW DPTH SPD SPD DIR MIN PSBL S-S WX    SPD DR
================================================================================

 1  76  50  63   7   2   0 0.00  0.0    0  3.3  9 250   M    M   1 1      12 210
 2  65  52  59   3   6   0 0.00  0.0    0  7.2 20 270   M    M   2        24 280
 3  65  46  56   0   9   0 0.00  0.0    0  5.3 12  20   M    M   3        16  20
 4  63  51  57   1   8   0 0.00  0.0    0  4.4 12 150   M    M   7        14 150
 5  63  46  55  -1  10   0 0.00  0.0    0  7.1 23 260   M    M   3        29 260
 6  69  46  58   1   7   0 0.00  0.0    0  5.3 15 140   M    M   0        17 140
 7  75  52  64   7   1   0 0.00  0.0    0  5.9 17  30   M    M   0 1      22  30
 8  87  60  74  17   0   9 0.00  0.0    0  5.5 23 320   M    M   0        32 320
 9  76  56  66   9   0   1 0.00  0.0    0 13.4 26 290   M    M   1        36 310
10  79  52  66   9   0   1 0.00  0.0    0  9.1 22 250   M    M   0        30 320
11  77  52  65   8   0   0 0.00  0.0    0 13.6 30 350   M    M   1        39 350
12  75  48  62   5   3   0 0.00  0.0    0  9.6 25 280   M    M   0        30 280
13  71  47  59   2   6   0 0.00  0.0    0  4.6 10 250   M    M   0 1      14 250
14  63  49  56  -1   9   0 0.00  0.0    0  4.8 12 260   M    M   6 12     15 270
15  60  51  56  -1   9   0 0.00  0.0    0  6.1 12 120   M    M   6 1      15 130
16  69  54  62   4   3   0 0.01  0.0    0  9.9 25 260   M    M   4        33 260
17  70  45  58   0   7   0 0.00  0.0    0  5.4 14 260   M    M   0        17 250
================================================================================
SM 1203  857        80  11  0.01     0.0 120.5          M       34
================================================================================
AV 70.8 50.4                               7.1 FASTST   M    M   2    MAX(MPH)
                                 MISC ---->  # 30 350               # 39  350
================================================================================
NOTES:
# LAST OF SEVERAL OCCURRENCES

COLUMN 17 PEAK WIND IN M.P.H.

PRELIMINARY LOCAL CLIMATOLOGICAL DATA (WS FORM: F-6) , PAGE 2

                                          STATION:  SANTA BARBARA AIRPORT CA
                                          MONTH:    APRIL
                                          YEAR:     2019
                                          LATITUDE:   34 25 N
                                          LONGITUDE: 119 50 W

[TEMPERATURE DATA]      [PRECIPITATION DATA]       SYMBOLS USED IN COLUMN 16

AVERAGE MONTHLY: 60.6   TOTAL FOR MONTH:   0.01    1 = FOG OR MIST
DPTR FM NORMAL:   3.8   DPTR FM NORMAL:   -0.66    2 = FOG REDUCING VISIBILITY
HIGHEST:    87 ON  8    GRTST 24HR  0.01 ON 16-16      TO 1/4 MILE OR LESS
LOWEST:     45 ON 17                               3 = THUNDER
                        SNOW, ICE PELLETS, HAIL    4 = ICE PELLETS
                        TOTAL MONTH:   0.0 INCH    5 = HAIL
                        GRTST 24HR     0.0         6 = FREEZING RAIN OR DRIZZLE
                        GRTST DEPTH:   0           7 = DUSTSTORM OR SANDSTORM:
                                                       VSBY 1/2 MILE OR LESS
                                                   8 = SMOKE OR HAZE
[NO. OF DAYS WITH]      [WEATHER - DAYS WITH]      9 = BLOWING SNOW
                                                   X = TORNADO
MAX 32 OR BELOW:   0    0.01 INCH OR MORE:   1
MAX 90 OR ABOVE:   0    0.10 INCH OR MORE:   0
MIN 32 OR BELOW:   0    0.50 INCH OR MORE:   0
MIN  0 OR BELOW:   0    1.00 INCH OR MORE:   0

[HDD (BASE 65) ]
TOTAL THIS MO.    80    CLEAR  (SCALE 0-3)  12
DPTR FM NORMAL   -61    PTCLDY (SCALE 4-7)   5
TOTAL FM JUL 1  1708    CLOUDY (SCALE 8-10)  0
DPTR FM NORMAL  -330

[CDD (BASE 65) ]
TOTAL THIS MO.    11
DPTR FM NORMAL    11    [PRESSURE DATA]
TOTAL FM JAN 1    11    HIGHEST SLP M ON M
DPTR FM NORMAL     9    LOWEST  SLP 29.69 ON 12

[REMARKS]
