000
CXUS56 KPQR 201457
CF6SLE
PRELIMINARY LOCAL CLIMATOLOGICAL DATA (WS FORM: F-6)

                                          STATION:   SALEM OR
                                          MONTH:     APRIL
                                          YEAR:      2019
                                          LATITUDE:   44 55 N
                                          LONGITUDE: 123  0 W

  TEMPERATURE IN F:       :PCPN:    SNOW:  WIND      :SUNSHINE: SKY     :PK WND
================================================================================
1   2   3   4   5  6A  6B    7    8   9   10  11  12  13   14  15   16   17  18
                                     12Z  AVG MX 2MIN
DY MAX MIN AVG DEP HDD CDD  WTR  SNW DPTH SPD SPD DIR MIN PSBL S-S WX    SPD DR
================================================================================

 1  61  51  56   7   9   0 0.20    M    M  2.1  7 150   M    M   9 1       7  20
 2  62  52  57   8   8   0 0.42    M    M  3.5  9 290   M    M  10 1      12 280
 3  59  47  53   4  12   0 0.01    M    M  8.2 21 250   M    M   6        26 250
 4  61  47  54   5  11   0 0.14    M    M  3.1 14 270   M    M   9 1      17 270
 5  55  44  50   1  15   0 0.42    M    M  8.2 26 200   M    M   6 1      33 190
 6  55  45  50   1  15   0 1.21    M    M  8.9 21 210   M    M   8 1      29 180
 7  56  48  52   3  13   0 1.07    M    M  7.6 24 190   M    M  10 1      33 190
 8  58  49  54   5  11   0 0.50    M    M  6.6 18 160   M    M   8 1      22 160
 9  58  48  53   4  12   0    T    M    M 10.5 24 280   M    M   8        32 300
10  54  47  51   1  14   0 0.10    M    M  9.2 20 180   M    M  10        23 180
11  53  49  51   1  14   0 0.14    M    M 10.0 21 200   M    M  10 18     26 180
12  61  43  52   2  13   0 0.04    M    M  5.6 16 310   M    M   6 1      19 290
13  52  40  46  -4  19   0 0.18    M    M  7.4 20 180   M    M   8 18     28 180
14  54  39  47  -3  18   0 0.05    M    M  3.9 18 270   M    M   6        22 270
15  51  35  43  -7  22   0 0.19  0.0    0  3.0  8 240   M    M   7 1      10 330
16  61  44  53   3  12   0 0.04    M    M  7.0 18 250   M    M   9 1      24 210
17  66  50  58   8   7   0 0.00    M    M  5.6 13 310   M    M   7 8      15 180
18  78  47  63  13   2   0 0.00    M    M  3.0 14 330   M    M   2        17 330
19  63  50  57   6   8   0 0.41    M    M  5.7 14 350   M    M   7 1      18 350
================================================================================
SM 1118  875       235   0  5.12     0.0 119.1          M      146
================================================================================
AV 58.8 46.1                               6.3 FASTST   M    M   8    MAX(MPH)
                                 MISC ---->  # 26 200               # 33  190
================================================================================
NOTES:
# LAST OF SEVERAL OCCURRENCES

COLUMN 17 PEAK WIND IN M.P.H.

PRELIMINARY LOCAL CLIMATOLOGICAL DATA (WS FORM: F-6) , PAGE 2

                                          STATION:  SALEM OR
                                          MONTH:    APRIL
                                          YEAR:     2019
                                          LATITUDE:   44 55 N
                                          LONGITUDE: 123  0 W

[TEMPERATURE DATA]      [PRECIPITATION DATA]       SYMBOLS USED IN COLUMN 16

AVERAGE MONTHLY: 52.5   TOTAL FOR MONTH:   5.12    1 = FOG OR MIST
DPTR FM NORMAL:   2.9   DPTR FM NORMAL:    3.20    2 = FOG REDUCING VISIBILITY
HIGHEST:    78 ON 18    GRTST 24HR  1.21 ON  6- 6      TO 1/4 MILE OR LESS
LOWEST:     35 ON 15                               3 = THUNDER
                        SNOW, ICE PELLETS, HAIL    4 = ICE PELLETS
                        TOTAL MONTH:   0.0 INCH    5 = HAIL
                        GRTST 24HR     0.0         6 = FREEZING RAIN OR DRIZZLE
                        GRTST DEPTH:   0           7 = DUSTSTORM OR SANDSTORM:
                                                       VSBY 1/2 MILE OR LESS
                                                   8 = SMOKE OR HAZE
[NO. OF DAYS WITH]      [WEATHER - DAYS WITH]      9 = BLOWING SNOW
                                                   X = TORNADO
MAX 32 OR BELOW:   0    0.01 INCH OR MORE:  16
MAX 90 OR ABOVE:   0    0.10 INCH OR MORE:  12
MIN 32 OR BELOW:   0    0.50 INCH OR MORE:   3
MIN  0 OR BELOW:   0    1.00 INCH OR MORE:   2

[HDD (BASE 65) ]
TOTAL THIS MO.   235    CLEAR  (SCALE 0-3)   1
DPTR FM NORMAL   -59    PTCLDY (SCALE 4-7)  11
TOTAL FM JUL 1  3807    CLOUDY (SCALE 8-10)  7
DPTR FM NORMAL  -290

[CDD (BASE 65) ]
TOTAL THIS MO.     0
DPTR FM NORMAL     0    [PRESSURE DATA]
TOTAL FM JAN 1     0    HIGHEST SLP M ON M
DPTR FM NORMAL     0    LOWEST  SLP 29.66 ON  5

[REMARKS]
