000
CXUS56 KPQR 221619
CF6SLE
PRELIMINARY LOCAL CLIMATOLOGICAL DATA (WS FORM: F-6)

                                          STATION:   SALEM OR
                                          MONTH:     FEBRUARY
                                          YEAR:      2019
                                          LATITUDE:   44 55 N
                                          LONGITUDE: 123  0 W

  TEMPERATURE IN F:       :PCPN:    SNOW:  WIND      :SUNSHINE: SKY     :PK WND
================================================================================
1   2   3   4   5  6A  6B    7    8   9   10  11  12  13   14  15   16   17  18
                                     12Z  AVG MX 2MIN
DY MAX MIN AVG DEP HDD CDD  WTR  SNW DPTH SPD SPD DIR MIN PSBL S-S WX    SPD DR
================================================================================

 1  54  41  48   6  17   0 0.16    M    M  6.6 14 160   M    M  10 1      17 160
 2  51  40  46   4  19   0 0.03    M    M  4.5 15 350   M    M  10 12     17  10
 3  46  37  42   0  23   0 0.27    M    M  8.6 16 190   M    M   9 1      21 200
 4  40  31  36  -6  29   0 0.09    M    M  5.3 13 150   M    M  10 1      15 180
 5  37  30  34  -8  31   0 0.11    M    M  2.3  7 360   M    M   9 18      9  10
 6  39  26  33  -9  32   0 0.00    M    M  1.6  9 180   M    M   6 1      11 170
 7  38  24  31 -11  34   0 0.00    M    M  2.0  8  40   M    M   3 18     10  40
 8  41  30  36  -6  29   0 0.13    M    M  5.9 22 180   M    M   9 1      28 180
 9  43  29  36  -7  29   0 0.67    M    M  9.6 22 160   M    M   9 1      31 170
10  38  28  33 -10  32   0 0.19    M    M 12.7 28 190   M    M   7 1      39 190
11  47  37  42  -1  23   0 1.15    M    M 20.2 33 180   M    M  10 1      44 170
12  47  41  44   1  21   0 0.86    M    M 13.5 31 190   M    M  10 1      42 190
13  46  40  43   0  22   0 0.01    M    M  4.6 15 180   M    M   9 18     19 170
14  46  38  42  -1  23   0 0.23    M    M  7.5 24 190   M    M  10 1      32 190
15  48  40  44   1  21   0 0.21    M    M 14.9 26 200   M    M   8        33 200
16  46  36  41  -2  24   0 0.61    M    M  8.3 24 190   M    M   9 1      31 200
17  44  31  38  -5  27   0 0.00    M    M  4.6 13 320   M    M   6        15 320
18  46  27  37  -6  28   0 0.00    M    M  2.3  9 300   M    M   7 1      11 300
19  44  38  41  -2  24   0 0.19    M    M  9.3 18 190   M    M  10 1      24 190
20  48  30  39  -5  26   0 0.32    M    M  6.0 21  60   M    M   8 12     30  60
21  49  31  40  -4  25   0 0.00    M    M  4.6 13  20   M    M   5 128    16  10
================================================================================
SM  938  705       539   0  5.23    M    154.9          M      174
================================================================================
AV 44.7 33.6                               7.4 FASTST   M    M   8    MAX(MPH)
                                 MISC ---->  # 33 180               # 44  170
================================================================================
NOTES:
# LAST OF SEVERAL OCCURRENCES

COLUMN 17 PEAK WIND IN M.P.H.

PRELIMINARY LOCAL CLIMATOLOGICAL DATA (WS FORM: F-6) , PAGE 2

                                          STATION:  SALEM OR
                                          MONTH:    FEBRUARY
                                          YEAR:     2019
                                          LATITUDE:   44 55 N
                                          LONGITUDE: 123  0 W

[TEMPERATURE DATA]      [PRECIPITATION DATA]       SYMBOLS USED IN COLUMN 16

AVERAGE MONTHLY: 39.1   TOTAL FOR MONTH:   5.23    1 = FOG OR MIST
DPTR FM NORMAL:  -3.6   DPTR FM NORMAL:    1.75    2 = FOG REDUCING VISIBILITY
HIGHEST:    54 ON  1    GRTST 24HR  1.15 ON 11-11      TO 1/4 MILE OR LESS
LOWEST:     24 ON  7                               3 = THUNDER
                        SNOW, ICE PELLETS, HAIL    4 = ICE PELLETS
                        TOTAL MONTH:    M          5 = HAIL
                        GRTST 24HR    M  ON   M    6 = FREEZING RAIN OR DRIZZLE
                        GRTST DEPTH:  M  ON   M    7 = DUSTSTORM OR SANDSTORM:
                                                       VSBY 1/2 MILE OR LESS
                                                   8 = SMOKE OR HAZE
[NO. OF DAYS WITH]      [WEATHER - DAYS WITH]      9 = BLOWING SNOW
                                                   X = TORNADO
MAX 32 OR BELOW:   0    0.01 INCH OR MORE:  16
MAX 90 OR ABOVE:   0    0.10 INCH OR MORE:  13
MIN 32 OR BELOW:  11    0.50 INCH OR MORE:   4
MIN  0 OR BELOW:   0    1.00 INCH OR MORE:   1

[HDD (BASE 65) ]
TOTAL THIS MO.   539    CLEAR  (SCALE 0-3)   1
DPTR FM NORMAL    71    PTCLDY (SCALE 4-7)   6
TOTAL FM JUL 1  2800    CLOUDY (SCALE 8-10) 14
DPTR FM NORMAL  -295

[CDD (BASE 65) ]
TOTAL THIS MO.     0
DPTR FM NORMAL     0    [PRESSURE DATA]
TOTAL FM JAN 1     0    HIGHEST SLP M ON M
DPTR FM NORMAL     0    LOWEST  SLP 29.10 ON 14

[REMARKS]
