000
CXUS56 KPQR 161200
CF6SLE
PRELIMINARY LOCAL CLIMATOLOGICAL DATA (WS FORM: F-6)

                                          STATION:   SALEM OR
                                          MONTH:     JUNE
                                          YEAR:      2019
                                          LATITUDE:   44 55 N
                                          LONGITUDE: 123  0 W

  TEMPERATURE IN F:       :PCPN:    SNOW:  WIND      :SUNSHINE: SKY     :PK WND
================================================================================
1   2   3   4   5  6A  6B    7    8   9   10  11  12  13   14  15   16   17  18
                                     12Z  AVG MX 2MIN
DY MAX MIN AVG DEP HDD CDD  WTR  SNW DPTH SPD SPD DIR MIN PSBL S-S WX    SPD DR
================================================================================

 1  82  49  66   7   0   1 0.00    M    M  6.6 15 320   M    M   0        23  20
 2  81  51  66   7   0   1 0.00    M    M  5.3 21 290   M    M   0        26 280
 3  74  48  61   2   4   0 0.00    M    M  8.2 16 310   M    M   1        21 350
 4  79  47  63   3   2   0 0.00    M    M  4.7 12  10   M    M   0        13  20
 5  69  51  60   0   5   0 0.00    M    M  5.2 14 290   M    M   8        17 290
 6  63  50  57  -3   8   0 0.02    M    M  7.9 18 290   M    M   7        24 290
 7  65  45  55  -5  10   0 0.05    M    M  7.7 24 290   M    M   6        30 290
 8  68  44  56  -4   9   0 0.01    M    M  5.9 16  10   M    M   6        21 350
 9  82  47  65   5   0   0 0.00    M    M  8.3 16 360   M    M   0        21  10
10  87  54  71  11   0   6 0.00    M    M  8.7 20  20   M    M   0        25  50
11  96  56  76  15   0  11 0.00    M    M  7.8 17  10   M    M   0        22 360
12  97  60  79  18   0  14 0.00    M    M  3.0 14 250   M    M   0 8      18 250
13  87  55  71  10   0   6 0.00    M    M  6.0 16 270   M    M   0        21 310
14  77  50  64   3   1   0 0.00    M    M  7.7 14  10   M    M   1        19  10
15  78  50  64   3   1   0 0.00    M    M  7.9 14  10   M    M   1        18  30
================================================================================
SM 1185  757        40  39  0.08    M    100.9          M       30
================================================================================
AV 79.0 50.5                               6.7 FASTST   M    M   2    MAX(MPH)
                                 MISC ---->  # 24 290               # 30  290
================================================================================
NOTES:
# LAST OF SEVERAL OCCURRENCES

COLUMN 17 PEAK WIND IN M.P.H.

PRELIMINARY LOCAL CLIMATOLOGICAL DATA (WS FORM: F-6) , PAGE 2

                                          STATION:  SALEM OR
                                          MONTH:    JUNE
                                          YEAR:     2019
                                          LATITUDE:   44 55 N
                                          LONGITUDE: 123  0 W

[TEMPERATURE DATA]      [PRECIPITATION DATA]       SYMBOLS USED IN COLUMN 16

AVERAGE MONTHLY: 64.7   TOTAL FOR MONTH:   0.08    1 = FOG OR MIST
DPTR FM NORMAL:   4.6   DPTR FM NORMAL:   -0.89    2 = FOG REDUCING VISIBILITY
HIGHEST:    97 ON 12    GRTST 24HR  0.05 ON  7- 7      TO 1/4 MILE OR LESS
LOWEST:     44 ON  8                               3 = THUNDER
                        SNOW, ICE PELLETS, HAIL    4 = ICE PELLETS
                        TOTAL MONTH:    M          5 = HAIL
                        GRTST 24HR    M  ON   M    6 = FREEZING RAIN OR DRIZZLE
                        GRTST DEPTH:  M  ON   M    7 = DUSTSTORM OR SANDSTORM:
                                                       VSBY 1/2 MILE OR LESS
                                                   8 = SMOKE OR HAZE
[NO. OF DAYS WITH]      [WEATHER - DAYS WITH]      9 = BLOWING SNOW
                                                   X = TORNADO
MAX 32 OR BELOW:   0    0.01 INCH OR MORE:   3
MAX 90 OR ABOVE:   2    0.10 INCH OR MORE:   0
MIN 32 OR BELOW:   0    0.50 INCH OR MORE:   0
MIN  0 OR BELOW:   0    1.00 INCH OR MORE:   0

[HDD (BASE 65) ]
TOTAL THIS MO.    40    CLEAR  (SCALE 0-3)  11
DPTR FM NORMAL   -39    PTCLDY (SCALE 4-7)   4
TOTAL FM JUL 1  4156    CLOUDY (SCALE 8-10)  0
DPTR FM NORMAL  -446

[CDD (BASE 65) ]
TOTAL THIS MO.    39
DPTR FM NORMAL    30    [PRESSURE DATA]
TOTAL FM JAN 1    46    HIGHEST SLP M ON M
DPTR FM NORMAL    28    LOWEST  SLP 29.77 ON 12

[REMARKS]
