232
CXUS56 KPQR 181200
CF6SLE
PRELIMINARY LOCAL CLIMATOLOGICAL DATA (WS FORM: F-6)

                                          STATION:   SALEM OR
                                          MONTH:     AUGUST
                                          YEAR:      2019
                                          LATITUDE:   44 55 N
                                          LONGITUDE: 123  0 W

  TEMPERATURE IN F:       :PCPN:    SNOW:  WIND      :SUNSHINE: SKY     :PK WND
================================================================================
1   2   3   4   5  6A  6B    7    8   9   10  11  12  13   14  15   16   17  18
                                     12Z  AVG MX 2MIN
DY MAX MIN AVG DEP HDD CDD  WTR  SNW DPTH SPD SPD DIR MIN PSBL S-S WX    SPD DR
================================================================================

 1  89  54  72   3   0   7 0.00    M    M  6.4 22 250   M    M   0        27 260
 2  80  59  70   1   0   5 0.01    M    M  7.1 15 170   M    M   5        19 170
 3  89  62  76   7   0  11 0.00    M    M  8.2 16  10   M    M   1        23 360
 4  92  58  75   6   0  10 0.00    M    M  5.3 15 320   M    M   0        18 340
 5  90  60  75   6   0  10 0.00    M    M  5.3 17 270   M    M   0        21 260
 6  86  58  72   3   0   7 0.00    M    M  3.9 13 290   M    M   1        17 280
 7  77  57  67  -2   0   2 0.00    M    M  4.7 13 290   M    M   7        15 300
 8  71  60  66  -2   0   1 0.00    M    M  5.8 10 320   M    M  10        13 290
 9  78  59  69   1   0   4    T    M    M  5.6 13 240   M    M   8 1      16 200
10  73  55  64  -4   1   0 0.08    M    M  4.2 13 300   M    M   7        15 200
11  78  57  68   0   0   3 0.00    M    M  3.2 10 330   M    M   7        16 210
12  84  52  68   0   0   3 0.00    M    M  3.4 12 340   M    M   0        15 350
13  90  55  73   5   0   8 0.00    M    M  3.9 17 320   M    M   0        20 320
14  89  56  73   5   0   8 0.00    M    M  4.3 15 290   M    M   0        19 340
15  84  56  70   2   0   5 0.00    M    M  5.8 15 320   M    M   1        18  20
16  79  57  68   0   0   3 0.00    M    M  7.8 15 300   M    M   3 8      20 350
17  76  58  67  -1   0   2 0.00    M    M  5.6 15 360   M    M   6        18  50
================================================================================
SM 1405  973         1  89  0.09    M     90.5          M       56
================================================================================
AV 82.7 57.2                               5.3 FASTST   M    M   3    MAX(MPH)
                                 MISC ---->  # 22 250               # 27  260
================================================================================
NOTES:
# LAST OF SEVERAL OCCURRENCES

COLUMN 17 PEAK WIND IN M.P.H.

PRELIMINARY LOCAL CLIMATOLOGICAL DATA (WS FORM: F-6) , PAGE 2

                                          STATION:  SALEM OR
                                          MONTH:    AUGUST
                                          YEAR:     2019
                                          LATITUDE:   44 55 N
                                          LONGITUDE: 123  0 W

[TEMPERATURE DATA]      [PRECIPITATION DATA]       SYMBOLS USED IN COLUMN 16

AVERAGE MONTHLY: 69.9   TOTAL FOR MONTH:   0.09    1 = FOG OR MIST
DPTR FM NORMAL:   1.5   DPTR FM NORMAL:   -0.08    2 = FOG REDUCING VISIBILITY
HIGHEST:    92 ON  4    GRTST 24HR  0.08 ON 10-10      TO 1/4 MILE OR LESS
LOWEST:     52 ON 12                               3 = THUNDER
                        SNOW, ICE PELLETS, HAIL    4 = ICE PELLETS
                        TOTAL MONTH:    M          5 = HAIL
                        GRTST 24HR    M  ON   M    6 = FREEZING RAIN OR DRIZZLE
                        GRTST DEPTH:  M  ON   M    7 = DUSTSTORM OR SANDSTORM:
                                                       VSBY 1/2 MILE OR LESS
                                                   8 = SMOKE OR HAZE
[NO. OF DAYS WITH]      [WEATHER - DAYS WITH]      9 = BLOWING SNOW
                                                   X = TORNADO
MAX 32 OR BELOW:   0    0.01 INCH OR MORE:   2
MAX 90 OR ABOVE:   3    0.10 INCH OR MORE:   0
MIN 32 OR BELOW:   0    0.50 INCH OR MORE:   0
MIN  0 OR BELOW:   0    1.00 INCH OR MORE:   0

[HDD (BASE 65) ]
TOTAL THIS MO.     1    CLEAR  (SCALE 0-3)  10
DPTR FM NORMAL   -13    PTCLDY (SCALE 4-7)   5
TOTAL FM JUL 1     8    CLOUDY (SCALE 8-10)  2
DPTR FM NORMAL   -36

[CDD (BASE 65) ]
TOTAL THIS MO.    89
DPTR FM NORMAL    23    [PRESSURE DATA]
TOTAL FM JAN 1   251    HIGHEST SLP M ON M
DPTR FM NORMAL    39    LOWEST  SLP 29.88 ON M

[REMARKS]
