000
CXUS55 KPUB 271610
CF6SPD
PRELIMINARY LOCAL CLIMATOLOGICAL DATA (WS FORM: F-6)

                                          STATION:   SPRINGFIELD CO
                                          MONTH:     FEBRUARY
                                          YEAR:      2020
                                          LATITUDE:   37 16 N
                                          LONGITUDE: 102 37 W

  TEMPERATURE IN F:       :PCPN:    SNOW:  WIND      :SUNSHINE: SKY     :PK WND
================================================================================
1   2   3   4   5  6A  6B    7    8   9   10  11  12  13   14  15   16   17  18
                                     12Z  AVG MX 2MIN
DY MAX MIN AVG DEP HDD CDD  WTR  SNW DPTH SPD SPD DIR MIN PSBL S-S WX    SPD DR
================================================================================

 1  71  27  49  16  16   0 0.00    M    M 10.8 17 300   M    M   0        25 270
 2  77  33  55  22  10   0 0.00    M    M 15.0 26 180   M    M   0        37 200
 3  48  23  36   2  29   0 0.00    M    M 13.5 24 350   M    M   0        34 350
 4  25   6  16 -18  49   0 0.01    M    M 16.2 25  10   M    M   0        34 350
 5  30  -5  13 -21  52   0 0.00  0.0    M  8.3 16 320   M    M   0        22 330
 6  45   7  26  -8  39   0 0.00    M    M 11.3 24 330   M    M   0        33 330
 7  31  14  23 -11  42   0 0.29    M    M 10.4 20 340   M    M   0        25 350
 8  57  18  38   4  27   0 0.00    M    M 15.6 25 190   M    M   0        36 200
 9  43  20  32  -2  33   0 0.00    M    M 13.7 28 340   M    M   0        35 350
10  39  20  30  -4  35   0 0.01    M    M  8.6 21  30   M    M   0        29  40
11  29  22  26  -8  39   0 0.14    M    M 10.9 26 200   M    M   0        36 210
12  45  18  32  -3  33   0 0.00    M    M 16.2 30 360   M    M   0        39  20
13  25  14  20 -15  45   0 0.00    M    M 11.8 20 150   M    M   0        24 150
14  55  20  38   3  27   0 0.00    M    M 17.3 28 200   M    M   0        36 190
15  49  27  38   3  27   0 0.00  0.0    M 10.6 29 340   M    M   0        39 330
16  60  21  41   6  24   0 0.00  0.0    M  7.7 20 150   M    M   0        25 180
17  53  30  42   6  23   0 0.00    M    M 12.1 29  40   M    M   0        38  50
18  37  28  33  -3  32   0 0.00    M    M  9.1 18  40   M    M   0        26  50
19  51  17  34  -2  31   0 0.06    M    M 18.5 31  50   M    M   0        40  50
20  33  13  23 -13  42   0 0.01    M    M  9.5 21  10   M    M   0        27 360
21  59  12  36   0  29   0 0.00    M    M  6.6 13 200   M    M   0        19 200
22  65  30  48  11  17   0 0.00    M    M  5.8 13 300   M    M   0        17 300
23  54  26  40   3  25   0 0.07    M    M 16.2 36  10   M    M   0        46 350
24  57  21  39   2  26   0 0.05    M    M 10.0 48 350   M    M   0        62 350
25  31  15  23 -15  42   0 0.04    M    M 26.4 49 340   M    M   0        62 340
26  42   9  26 -12  39   0 0.00    M    M  8.1 16 330   M    M   0        24 340
================================================================================
SM 1211  486       833   0  0.68  0.0    320.2          M        0
================================================================================
AV 46.6 18.7                              12.3 FASTST   M    M   0    MAX(MPH)
                                 MISC ---->    49 340               # 62 350
================================================================================
NOTES:
# LAST OF SEVERAL OCCURRENCES

COLUMN 17 PEAK WIND IN M.P.H.

PRELIMINARY LOCAL CLIMATOLOGICAL DATA (WS FORM: F-6) , PAGE 2

                                          STATION:   SPRINGFIELD CO
                                          MONTH:     FEBRUARY
                                          YEAR:      2020
                                          LATITUDE:   37 16 N
                                          LONGITUDE: 102 37 W

[TEMPERATURE DATA]      [PRECIPITATION DATA]       SYMBOLS USED IN COLUMN 16

AVERAGE MONTHLY: 32.6   TOTAL FOR MONTH:   0.68    1 = FOG OR MIST
DPTR FM NORMAL:  -2.5   DPTR FM NORMAL:    0.27    2 = FOG REDUCING VISIBILITY
HIGHEST:    77 ON  2    GRTST 24HR  0.29 ON  7- 7      TO 1/4 MILE OR LESS
LOWEST:     -5 ON  5                               3 = THUNDER
                        SNOW, ICE PELLETS, HAIL    4 = ICE PELLETS
                        TOTAL MONTH:   0.0 INCH    5 = HAIL
                        GRTST 24HR  0.0            6 = FREEZING RAIN OR DRIZZLE
                        GRTST DEPTH:  M  ON   M    7 = DUSTSTORM OR SANDSTORM:
                                                       VSBY 1/2 MILE OR LESS
                                                   8 = SMOKE OR HAZE
[NO. OF DAYS WITH]      [WEATHER - DAYS WITH]      9 = BLOWING SNOW
                                                   X = TORNADO
MAX 32 OR BELOW:   6    0.01 INCH OR MORE:   9
MAX 90 OR ABOVE:   0    0.10 INCH OR MORE:   2
MIN 32 OR BELOW:  25    0.50 INCH OR MORE:   0
MIN  0 OR BELOW:   1    1.00 INCH OR MORE:   0

[HDD (BASE 65) ]
TOTAL THIS MO.   833    CLEAR  (SCALE 0-3)  26
DPTR FM NORMAL    56    PTCLDY (SCALE 4-7)   0
TOTAL FM JUL 1  3964    CLOUDY (SCALE 8-10)  0
DPTR FM NORMAL    11

[CDD (BASE 65) ]
TOTAL THIS MO.     0
DPTR FM NORMAL     0    [PRESSURE DATA]
TOTAL FM JAN 1     0    HIGHEST SLP M ON M
DPTR FM NORMAL     0    LOWEST  SLP 29.33 ON  3

[REMARKS]
