000
CXUS54 KMEG 200644
CF6TUP
PRELIMINARY LOCAL CLIMATOLOGICAL DATA (WS FORM: F-6)

                                          STATION:   TUPELO
                                          MONTH:     APRIL
                                          YEAR:      2019
                                          LATITUDE:   34 16 N
                                          LONGITUDE:  88 46 W

  TEMPERATURE IN F:       :PCPN:    SNOW:  WIND      :SUNSHINE: SKY     :PK WND
================================================================================
1   2   3   4   5  6A  6B    7    8   9   10  11  12  13   14  15   16   17  18
                                     12Z  AVG MX 2MIN
DY MAX MIN AVG DEP HDD CDD  WTR  SNW DPTH SPD SPD DIR MIN PSBL S-S WX    SPD DR
================================================================================

 1  60  30  45 -13  20   0 0.00  0.0    0  5.8 15  30   M    M   2        19  40
 2  66  43  55  -3  10   0 0.00  0.0    0  3.7 13 330   M    M   2        16 340
 3  74  38  56  -3   9   0 0.00  0.0    0  3.4 15 170   M    M   0        20 130
 4  59  49  54  -5  11   0 1.60  0.0    0  5.9 23 110   M    M   7 1      33 100
 5  71  53  62   3   3   0 0.01  0.0    0  1.9  8  10   M    M   7 12     12 220
 6  80  52  66   6   0   1 0.30  0.0    0  6.7 17 130   M    M   3 13     23 120
 7  73  63  68   8   0   3 0.12  0.0    0  6.8 16 160   M    M   7 13     20 150
 8  71  64  68   8   0   3 1.86  0.0    0  4.5 14  20   M    M   9 13     16  20
 9  80  59  70  10   0   5 0.27  0.0    0  9.6 21 360   M    M   5 1      24  20
10  84  52  68   7   0   3 0.00  0.0    0  6.8 15 170   M    M   0        18 140
11  84  61  73  12   0   8 0.00  0.0    0 12.9 25 180   M    M   1        33 200
12  71  56  64   3   1   0 0.18  0.0    0  3.9 18 260   M    M   4 1      26 260
13  72  58  65   4   0   0 1.66  0.0    0  9.9 26 140   M    M  10 13     39 120
14  69  42  56  -6   9   0 0.12    M    0  8.1 23 240   M    M   5 18     32 230
15  71  39  55  -7  10   0 0.00  0.0    0  2.2 10 160   M    M   0 1      14 150
16  79  48  64   2   1   0 0.00  0.0    0  6.8 16 170   M    M   0        22 170
17  75  57  66   4   0   1 0.01  0.0    0  7.4 16 170   M    M   2        22 170
18  74  57  66   3   0   1 1.84  0.0    0  7.7 23  70   M    M   8 13     28  70
19  61  45  53 -10  12   0 0.31  0.0    0  9.8 21 330   M    M  10 18     29 300
================================================================================
SM 1374  966        86  25  8.28     0.0 123.8          M       82
================================================================================
AV 72.3 50.8                               6.5 FASTST   M    M   4    MAX(MPH)
                                 MISC ---->  # 26 140               # 39  120
================================================================================
NOTES:
# LAST OF SEVERAL OCCURRENCES

COLUMN 17 PEAK WIND IN M.P.H.

PRELIMINARY LOCAL CLIMATOLOGICAL DATA (WS FORM: F-6) , PAGE 2

                                          STATION:  TUPELO
                                          MONTH:    APRIL
                                          YEAR:     2019
                                          LATITUDE:   34 16 N
                                          LONGITUDE:  88 46 W

[TEMPERATURE DATA]      [PRECIPITATION DATA]       SYMBOLS USED IN COLUMN 16

AVERAGE MONTHLY: 61.6   TOTAL FOR MONTH:   8.28    1 = FOG OR MIST
DPTR FM NORMAL:   1.0   DPTR FM NORMAL:    5.36    2 = FOG REDUCING VISIBILITY
HIGHEST:    84 ON 11,10 GRTST 24HR  1.86 ON  8- 8      TO 1/4 MILE OR LESS
LOWEST:     30 ON  1                               3 = THUNDER
                        SNOW, ICE PELLETS, HAIL    4 = ICE PELLETS
                        TOTAL MONTH:   0.0 INCH    5 = HAIL
                        GRTST 24HR     0.0         6 = FREEZING RAIN OR DRIZZLE
                        GRTST DEPTH:   0           7 = DUSTSTORM OR SANDSTORM:
                                                       VSBY 1/2 MILE OR LESS
                                                   8 = SMOKE OR HAZE
[NO. OF DAYS WITH]      [WEATHER - DAYS WITH]      9 = BLOWING SNOW
                                                   X = TORNADO
MAX 32 OR BELOW:   0    0.01 INCH OR MORE:  12
MAX 90 OR ABOVE:   0    0.10 INCH OR MORE:  10
MIN 32 OR BELOW:   1    0.50 INCH OR MORE:   4
MIN  0 OR BELOW:   0    1.00 INCH OR MORE:   4

[HDD (BASE 65) ]
TOTAL THIS MO.    86    CLEAR  (SCALE 0-3)   8
DPTR FM NORMAL   -27    PTCLDY (SCALE 4-7)   8
TOTAL FM JUL 1  2720    CLOUDY (SCALE 8-10)  3
DPTR FM NORMAL  -179

[CDD (BASE 65) ]
TOTAL THIS MO.    25
DPTR FM NORMAL    -4    [PRESSURE DATA]
TOTAL FM JAN 1    40    HIGHEST SLP M ON M
DPTR FM NORMAL    -5    LOWEST  SLP 29.42 ON 14

[REMARKS]
