000
CXUS51 KALY 010643
CLSALB

CLIMATE REPORT
NATIONAL WEATHER SERVICE ALBANY NY
242 AM EDT SAT JUN 1 2019

...................................

...THE ALBANY NY CLIMATE SUMMARY FOR THE SEASON, FROM
3/1/2019 TO 5/31/2019...

CLIMATE NORMAL PERIOD 1981 TO 2010
CLIMATE RECORD PERIOD 1874 TO 2019

WEATHER         OBSERVED          NORMAL  DEPART  LAST YEAR`S
                 VALUE   DATE(S)  VALUE   FROM    VALUE  DATE(S)
                                          NORMAL
................................................................
TEMPERATURE (F)
RECORD
 HIGH              97   05/22/1911
 LOW              -21   03/06/1948
HIGHEST            86   05/26                         90  05/02
                        05/19
LOWEST              4   03/07                          7  03/18
AVG. MAXIMUM     57.5              57.4     0.1     55.6
AVG. MINIMUM     38.1              36.7     1.4     37.3
MEAN             47.8              47.0     0.8     46.5
DAYS MAX >= 90      0               0.4    -0.4        1
DAYS MAX <= 32      3               3.7    -0.7        2
DAYS MIN <= 32     32              31.4     0.6       44
DAYS MIN <= 0       0               0.3    -0.3        0

PRECIPITATION (INCHES)
RECORD
 MAXIMUM        19.54   1983
 MINIMUM         3.46   1860
TOTALS           8.75              9.99   -1.24     8.87
DAILY AVG.       0.10              0.11   -0.01     0.10
DAYS >= .01        43              37.1     5.9       36
DAYS >= .10        26              21.2     4.8       25
DAYS >= .50         3               6.8    -3.8        6
DAYS >= 1.00        1               1.6    -0.6        3
GREATEST
 24 HR. TOTAL    1.28   04/15 TO 04/15

SNOWFALL (INCHES)
RECORDS
 24 HR TOTAL     30.4   03/12/1888 TO 03/12/1888
 SNOW DEPTH        28   03/28/1993
TOTALS            8.7              13.4    -4.7     38.4
SNOWDEPTH AVG.      0
DAYS >= TRACE      15               6.9     8.1
DAYS >= 1.0         4               3.0     1.0
GREATEST
 SNOW DEPTH         6   03/04                         14  03/14
 24 HR TOTAL      2.9   03/03 TO 03/03

DEGREE_DAYS
HEATING TOTAL    1580              1684    -104
 SINCE 7/1       6288              6628    -340
COOLING TOTAL      22                30      -8
 SINCE 1/1         22                30      -8

FREEZE DATES
RECORD
 EARLIEST     09/24/1963
 LATEST       05/27/1969
EARLIEST                        10/10
LATEST                          04/28
.................................................................

WIND (MPH)
AVERAGE WIND SPEED              9.0
HIGHEST WIND SPEED/DIRECTION    37/280    DATE  04/15
HIGHEST GUST SPEED/DIRECTION    48/170    DATE  04/09


WEATHER CONDITIONS. NUMBER OF DAYS WITH
THUNDERSTORM              5     MIXED PRECIP               0
HEAVY RAIN                6     RAIN                      14
LIGHT RAIN               50     FREEZING RAIN              0
LT FREEZING RAIN          0     HAIL                       0
HEAVY SNOW                0     SNOW                       4
LIGHT SNOW               14     SLEET                      3
FOG                      29     FOG W/VIS <= 1/4 MILE      0
HAZE                      8

-  INDICATES NEGATIVE NUMBERS.
R  INDICATES RECORD WAS SET OR TIED.
MM INDICATES DATA IS MISSING.
T  INDICATES TRACE AMOUNT.

$$
