000
CXUS51 KALY 011846
CLSALB

CLIMATE REPORT
NATIONAL WEATHER SERVICE ALBANY NY
141 PM EST SAT DEC 1 2018

...................................

...THE ALBANY NY CLIMATE SUMMARY FOR THE SEASON, FROM
9/1/2018 TO 11/30/2018...

CLIMATE NORMAL PERIOD 1981 TO 2010
CLIMATE RECORD PERIOD 1874 TO 2018

WEATHER         OBSERVED          NORMAL  DEPART  LAST YEAR`S
                 VALUE   DATE(S)  VALUE   FROM    VALUE  DATE(S)
                                          NORMAL
................................................................
TEMPERATURE (F)
RECORD
 HIGH             100   09/03/1953
                        09/02/1953
 LOW              -11   11/26/1938
HIGHEST            94   09/03                         91  09/25
LOWEST              4   11/23                         18  11/30
                                                          11/11
                                                          11/28
AVG. MAXIMUM     59.2              60.0    -0.8     64.5
AVG. MINIMUM     44.1              40.9     3.2     43.9
MEAN             51.6              50.5     1.1     54.2
DAYS MAX >= 90      3               0.2     2.8        3
DAYS MAX <= 32      3               1.2     1.8        0
DAYS MIN <= 32     22              23.4    -1.4       17
DAYS MIN <= 0       0               0.0     0.0        0

PRECIPITATION (INCHES)
RECORD
 MAXIMUM        18.39   1869
 MINIMUM         2.39   1964
TOTALS          14.98             10.27    4.71     6.43
DAILY AVG.       0.17              0.11    0.06     0.07
DAYS >= .01        42              31.9    10.1       29
DAYS >= .10        28              19.2     8.8       14
DAYS >= .50         9               6.9     2.1        5
DAYS >= 1.00        5               2.3     2.7        1
GREATEST
 24 HR. TOTAL    2.26   09/18 TO 09/18

SNOWFALL (INCHES)
RECORDS
 24 HR TOTAL     21.9   11/24/1971 TO 11/25/1971
 SNOW DEPTH        18   11/18/1971
TOTALS           10.4               3.1     7.3        T
SNOWDEPTH AVG.      0
DAYS >= TRACE      14               2.6    11.4
DAYS >= 1.0         4               0.9     3.1
GREATEST
 SNOW DEPTH         4   11/16                          0
 24 HR TOTAL      3.2   11/15 TO 11/15

DEGREE_DAYS
HEATING TOTAL    1376              1381      -5
 SINCE 7/1       1376              1404     -28
COOLING TOTAL     181                55     126
 SINCE 1/1       1058               598     460

FREEZE DATES
RECORD
 EARLIEST     09/24/1963
 LATEST       05/27/1969
EARLIEST                        10/10
LATEST                          04/28
.................................................................

WIND (MPH)
AVERAGE WIND SPEED              6.8
HIGHEST WIND SPEED/DIRECTION    36/280    DATE  11/03
HIGHEST GUST SPEED/DIRECTION    51/260    DATE  11/21


WEATHER CONDITIONS. NUMBER OF DAYS WITH
THUNDERSTORM              2     MIXED PRECIP               0
HEAVY RAIN                4     RAIN                      17
LIGHT RAIN               45     FREEZING RAIN              0
LT FREEZING RAIN          1     HAIL                       0
HEAVY SNOW                0     SNOW                       9
LIGHT SNOW               14     SLEET                      3
FOG                      49     FOG W/VIS <= 1/4 MILE      5
HAZE                      3

-  INDICATES NEGATIVE NUMBERS.
R  INDICATES RECORD WAS SET OR TIED.
MM INDICATES DATA IS MISSING.
T  INDICATES TRACE AMOUNT.

$$
