000
CXUS51 KPBZ 011515
CLSPIT

CLIMATE REPORT
NATIONAL WEATHER SERVICE PITTSBURGH PA
1115 AM EDT MON JUN 01 2020

...................................

...THE PITTSBURGH PA CLIMATE SUMMARY FOR THE SEASON, FROM
3/1/2020 TO 5/31/2020...

CLIMATE NORMAL PERIOD 1981 TO 2010
CLIMATE RECORD PERIOD 1871 TO 2020

WEATHER         OBSERVED          NORMAL  DEPART   LAST YEAR`S
                VALUE   DATE(S)   VALUE   FROM     VALUE DATE(S)
                                          NORMAL
................................................................
TEMPERATURE (F)
RECORD
 HIGH             95   05/03/1887
                       05/02/1887
                       05/29/1881
 LOW              -5   03/06/2015
HIGHEST           88   05/26         86       2       86  05/19
LOWEST            19   03/01         11       8        6  03/05
AVG. MAXIMUM    60.2               60.5    -0.3     61.4
AVG. MINIMUM    40.8               39.8     1.0     41.7
MEAN            50.5               50.2     0.3     51.5
DAYS MAX >= 90     0                0.0     0.0        0
DAYS MAX <= 32     0                3.0    -3.0        5
DAYS MIN <= 32    22               24.6    -2.6       26
DAYS MIN <= 0      0                0.0     0.0        0

PRECIPITATION (INCHES)
RECORD
 MAXIMUM       17.60   1901
 MINIMUM        4.05   1871
TOTALS         11.61              10.01    1.60    11.78
DAILY AVG.      0.13               0.11    0.02     0.13
DAYS >= .01       48               41.1     6.9       MM
DAYS >= .10       28               24.2     3.8
DAYS >= .50        8                6.0     2.0       MM
DAYS >= 1.00       1                1.3    -0.3       MM
GREATEST
 24 HR. TOTAL   1.23
 STORM TOTAL    1.19
 (MM/DD(HH))

SNOWFALL (INCHES)
RECORDS
 TOTAL          34.1   1993
TOTALS           1.1                8.9    -7.8      5.2
SINCE 7/1       21.7               41.3   -19.6       MM
SNOWDEPTH AVG.     0                                  MM
DAYS >= TRACE     13                8.0     5.0       MM
DAYS >= 1.0        0                3.0    -3.0       MM
GREATEST
 24 HR TOTAL     0.7   03/14 TO 03/14
 STORM TOTAL     0.9
 (MM/DD(HH))

DEGREE DAYS
HEATING TOTAL   1376               1415     -39     1304
 SINCE 7/1      5231               5668    -437       MM
COOLING TOTAL     63                 52      11       83
 SINCE 1/1        63                 52      11       MM
................................................................

WIND (MPH)
AVERAGE WIND SPEED              8.7
HIGHEST WIND SPEED/DIRECTION    60/310    DATE  04/08
HIGHEST GUST SPEED/DIRECTION    75/300    DATE  04/08

SKY COVER
AVERAGE SKY COVER           0.74

AVERAGE RH (PERCENT)     64

WEATHER CONDITIONS. NUMBER OF DAYS WITH
THUNDERSTORM              7     MIXED PRECIP               0
HEAVY RAIN                7     RAIN                      11
LIGHT RAIN               59     FREEZING RAIN              0
LT FREEZING RAIN          0     HAIL                       1
HEAVY SNOW                0     SNOW                       0
LIGHT SNOW                8     SLEET                      1
FOG                      48     FOG W/VIS <= 1/4 MILE      2
HAZE                      2

-  INDICATES NEGATIVE NUMBERS.
R  INDICATES RECORD WAS SET OR TIED.
MM INDICATES DATA IS MISSING.
T  INDICATES TRACE AMOUNT.

$$
