524
CXUS51 KPBZ 011431
CLSPIT


CLIMATE REPORT
NATIONAL WEATHER SERVICE PITTSBURGH PA
1029 AM EDT SAT JUN 1 2019

...................................

...THE PITTSBURGH PA CLIMATE SUMMARY FOR THE SEASON, FROM
3/1/2019 TO 5/31/2019...

CLIMATE NORMAL PERIOD 1981 TO 2010
CLIMATE RECORD PERIOD 1871 TO 2019

WEATHER         OBSERVED          NORMAL  DEPART  LAST YEAR`S
                 VALUE   DATE(S)  VALUE   FROM    VALUE  DATE(S)
                                          NORMAL
................................................................
TEMPERATURE (F)
RECORD
 HIGH              95   05/03/1887
                        05/02/1887
                        05/29/1881
 LOW               -5   03/06/2015
HIGHEST            86   05/19        86       0       91  05/29
LOWEST              6   03/05        10      -4       17  03/10
AVG. MAXIMUM     61.4              60.5     0.9     59.8
AVG. MINIMUM     41.7              39.8     1.9     40.4
MEAN             51.5              50.2     1.3     50.1
DAYS MAX >= 90      0               0.0     0.0        1
DAYS MAX <= 32      5               2.7     2.3        2
DAYS MIN <= 32     26              24.6     1.4       41
DAYS MIN <= 0       0               0.0     0.0        0

PRECIPITATION (INCHES)
RECORD
 MAXIMUM        17.60   1901
 MINIMUM         4.01   1871
TOTALS          11.78             10.01    1.77
DAILY AVG.       0.13              0.11    0.02     0.11
DAYS >= .01        50              41.1     8.9       44
DAYS >= .10        30              24.2     5.8       28
DAYS >= .50         8               6.0     2.0        6
DAYS >= 1.00        1               1.3    -0.3        2
GREATEST
 24 HR. TOTAL    1.93

SNOWFALL (INCHES)
RECORDS
 TOTAL           34.6   1993
TOTALS            5.2               8.9    -3.7     19.6
SINCE 7/1        36.6              41.9    -5.3     59.8
SNOWDEPTH AVG.      0                                  0
DAYS >= TRACE      13               7.9     5.1       25
DAYS >= 1.0         2               2.7    -0.7        5
GREATEST
 24 HR TOTAL      3.2   03/03 TO 03/03               8.7

DEGREE_DAYS
HEATING TOTAL    1304              1415    -111     1510
 SINCE 7/1         MM              5672      MM       MM
COOLING TOTAL      83                52      31      164
 SINCE 1/1         83                52      31      168
.................................................................

WIND (MPH)
AVERAGE WIND SPEED              8.0
HIGHEST WIND SPEED/DIRECTION    38/280    DATE  04/14
HIGHEST GUST SPEED/DIRECTION    47/280    DATE  04/14

AVERAGE RH (PERCENT)     66

WEATHER CONDITIONS. NUMBER OF DAYS WITH
THUNDERSTORM             13     MIXED PRECIP               0
HEAVY RAIN                6     RAIN                      21
LIGHT RAIN               54     FREEZING RAIN              0
LT FREEZING RAIN          0     HAIL                       0
HEAVY SNOW                0     SNOW                       4
LIGHT SNOW               13     SLEET                      1
FOG                      49     FOG W/VIS <= 1/4 MILE      2
HAZE                      4

-  INDICATES NEGATIVE NUMBERS.
R  INDICATES RECORD WAS SET OR TIED.
MM INDICATES DATA IS MISSING.
T  INDICATES TRACE AMOUNT.

$$
