000
CXUS54 KLZK 011130
CF6ADF
PRELIMINARY LOCAL CLIMATOLOGICAL DATA (WS FORM: F-6)
STATION: ARKADELPHIA AIRPORT
MONTH: MARCH
YEAR: 2022
LATITUDE: 34 9 N
LONGITUDE: 93 4 W
TEMPERATURE IN F: :PCPN: SNOW: WIND :SUNSHINE: SKY :PK WND
================================================================================
1 2 3 4 5 6A 6B 7 8 9 10 11 12 13 14 15 16 17 18
12Z AVG MX 2MIN
DY MAX MIN AVG DEP HDD CDD WTR SNW DPTH SPD SPD DIR MIN PSBL S-S WX SPD DR
================================================================================
1 71 30 51 2 14 0 0.00 M M 3.1 12 200 M M 0 M M
2 76 30 53 3 12 0 0.00 M M 2.6 10 200 M M 0 M M
3 78 32 55 5 10 0 0.00 M M 0.6 5 130 M M 0 M M
4 77 37 57 7 8 0 0.00 M M 2.7 13 190 M M 0 16 180
5 75 51 63 12 2 0 0.00 M M 6.3 15 180 M M 8 24 190
6 81 61 71 20 0 6 T M M 8.3 17 170 M M 10 23 160
7 74 36 55 4 10 0 0.01 M M 9.4 23 340 M M 6 36 340
8 45 33 39 -13 26 0 0.15 M M 6.9 12 20 M M 5 1 20 70
9 57 29 43 -9 22 0 0.01 M M 2.0 9 20 M M 4 12 16 20
10 65 28 47 -5 18 0 0.00 M M 1.7 6 120 M M 0 M M
11 55 30 43 -9 22 0 0.23 M M 7.4 21 350 M M 7 1 25 340
12 48 19 34 -19 31 0 0.00 M M 4.6 13 350 M M 0 18 350
13 64 24 44 -9 21 0 0.00 M M 4.4 13 210 M M 0 20 190
14 64 32 48 -5 17 0 0.54 M M 4.8 13 150 M M 7 13 18 150
15 54 53 54 0 11 0 0.04 M M 6.5 10 60 M M 1 M M
16 75 51 63 9 2 0 0.00 M M 3.2 8 170 M M 0 M M
17 78 43 61 7 4 0 0.28 M M 4.1 12 170 M M 3 123 17 160
18 60 44 52 -3 13 0 T M M 10.4 23 240 M M 9 31 240
19 70 36 53 -2 12 0 0.00 M M 4.5 13 240 M M 0 17 270
20 78 34 56 1 9 0 0.00 M M 2.8 9 200 M M 0 M M
21 70 40 55 0 10 0 1.79 M M 4.3 37 300 M M 7 13 49 300
22 64 49 57 1 8 0 1.93 M M 7.0 23 270 M M 10 13 37 80
23 61 46 54 -2 11 0 0.00 M M 11.0 18 250 M M 7 8 39 230
24 60 38 49 -7 16 0 0.00 M M 5.2 17 250 M M 4 8 22 250
25 70 40 55 -1 10 0 0.00 M M 4.4 10 360 M M 0 17 340
26 73 41 57 0 8 0 0.00 M M 1.0 6 130 M M 0 M M
27 69 49 59 2 6 0 0.00 M M 6.6 10 60 M M 0 17 99
28 76 43 60 3 5 0 0.00 M M 4.5 9 160 M M 0 M M
29 77 52 65 7 0 0 0.00 M M 7.2 18 180 M M 4 30 180
30 73 47 60 2 5 0 0.75 M M 11.2 20 300 M M 9 1 30 270
31 63 39 51 -7 14 0 0.00 M M 8.2 18 240 M M 1 30 240
================================================================================
SM 2101 1217 357 6 5.73 M 166.8 M 102
================================================================================
AV 67.8 39.3 5.4 FASTST M M 3 MAX(MPH)
MISC ----> 37 300 49 300
================================================================================
NOTES:
# LAST OF SEVERAL OCCURRENCES
COLUMN 17 PEAK WIND IN M.P.H.
PRELIMINARY LOCAL CLIMATOLOGICAL DATA (WS FORM: F-6) , PAGE 2
STATION: ARKADELPHIA AIRPORT
MONTH: MARCH
YEAR: 2022
LATITUDE: 34 9 N
LONGITUDE: 93 4 W
[TEMPERATURE DATA] [PRECIPITATION DATA] SYMBOLS USED IN COLUMN 16
AVERAGE MONTHLY: 53.5 TOTAL FOR MONTH: 5.73 1 = FOG OR MIST
DPTR FM NORMAL: -0.4 DPTR FM NORMAL: 0.84 2 = FOG REDUCING VISIBILITY
HIGHEST: 81 ON 6 GRTST 24HR 1.93 ON 22-22 TO 1/4 MILE OR LESS
LOWEST: 19 ON 12 3 = THUNDER
SNOW, ICE PELLETS, HAIL 4 = ICE PELLETS
TOTAL MONTH: M 5 = HAIL
GRTST 24HR M ON M 6 = FREEZING RAIN OR DRIZZLE
GRTST DEPTH: M ON M 7 = DUSTSTORM OR SANDSTORM:
VSBY 1/2 MILE OR LESS
8 = SMOKE OR HAZE
[NO. OF DAYS WITH] [WEATHER - DAYS WITH] 9 = BLOWING SNOW
X = TORNADO
MAX 32 OR BELOW: 0 0.01 INCH OR MORE: 10
MAX 90 OR ABOVE: 0 0.10 INCH OR MORE: 7
MIN 32 OR BELOW: 9 0.50 INCH OR MORE: 4
MIN 0 OR BELOW: 0 1.00 INCH OR MORE: 2
[HDD (BASE 65) ]
TOTAL THIS MO. 357 CLEAR (SCALE 0-3) 16
DPTR FM NORMAL 2 PTCLDY (SCALE 4-7) 10
TOTAL FM JUL 1 2589 CLOUDY (SCALE 8-10) 5
DPTR FM NORMAL -274
[CDD (BASE 65) ]
TOTAL THIS MO. 6
DPTR FM NORMAL -5 [PRESSURE DATA]
TOTAL FM JAN 1 6 HIGHEST SLP M ON M
DPTR FM NORMAL -6 LOWEST SLP M ON M
[REMARKS]
#FINAL-03-22#