000
CXUS53 KBIS 010830
CF6HEI
PRELIMINARY LOCAL CLIMATOLOGICAL DATA (WS FORM: F-6)
STATION: HETTINGER ND
MONTH: AUGUST
YEAR: 2020
LATITUDE: 46 0 N
LONGITUDE: 102 39 W
TEMPERATURE IN F: :PCPN: SNOW: WIND :SUNSHINE: SKY :PK WND
================================================================================
1 2 3 4 5 6A 6B 7 8 9 10 11 12 13 14 15 16 17 18
12Z AVG MX 2MIN
DY MAX MIN AVG DEP HDD CDD WTR SNW DPTH SPD SPD DIR MIN PSBL S-S WX SPD DR
================================================================================
1 80 49 65 -5 0 0 0.00 M M 7.3 17 40 M M 3 24 30
2 78 41 60 -10 5 0 0.00 M M 7.1 15 60 M M 1 26 80
3 80 51 66 -4 0 1 0.00 M M 13.0 22 120 M M 0 35 110
4 80 55 68 -2 0 3 0.00 M M 6.3 12 120 M M 2 16 140
5 84 50 67 -3 0 2 0.00 M M 8.2 20 360 M M 0 12 27 10
6 88 45 67 -3 0 2 0.08 M M 10.4 25 150 M M 1 13 35 140
7 95 57 76 6 0 11 0.00 M M 8.6 18 330 M M 0 26 330
8 87 59 73 3 0 8 0.01 M M 8.7 22 210 M M 0 3 29 210
9 81 52 67 -3 0 2 0.00 M M 12.1 28 330 M M 0 1 41 350
10 84 46 65 -5 0 0 T M M 7.9 22 330 M M 2 31 330
11 91 48 70 0 0 5 0.62 M M 8.8 47 310 M M 1 13 68 310
12 89 58 74 4 0 9 0.00 M M 11.8 22 130 M M 0 32 140
13 88 54 71 2 0 6 0.39 M M 10.2 40 340 M M 0 13 56 340
14 79 49 64 -5 1 0 0.58 M M 10.7 23 300 M M 1 13 30 310
15 84 48 66 -3 0 1 0.00 M M 5.9 16 270 M M 0 22 280
16 87 50 69 0 0 4 0.00 M M 5.9 15 350 M M 0 23 340
17 93 49 71 2 0 6 0.00 M M 8.3 17 160 M M 0 24 180
18 94 52 73 5 0 8 0.00 M M 5.9 15 160 M M 0 22 160
19 96 62 79 11 0 14 0.00 M M 7.1 17 300 M M 0 8 24 280
20 94 58 76 8 0 11 0.00 M M 3.6 12 340 M M 0 16 310
21 90 56 73 5 0 8 T M M 7.1 22 330 M M 1 29 340
22 92 52 72 5 0 7 0.00 M M 3.6 12 110 M M 0 17 120
23 M 63 M M M M 0.00 M M 10.1 21 60 M M 0 28 60
24 86 M M M M M 0.00 M M 8.2 14 120 M M 0 1 19 110
25 96 61 79 13 0 14 0.00 M M 6.6 13 300 M M 3 12 18 130
26 89 60 75 9 0 10 0.02 M M 10.2 26 10 M M 1 3 33 10
27 78 60 69 3 0 4 0.34 M M 7.9 29 340 M M 2 13 37 310
28 74 44 59 -6 6 0 0.00 M M 10.3 26 330 M M 2 1 34 320
29 85 40 63 -2 2 0 0.00 M M 10.0 23 150 M M 0 33 140
30 74 44 59 -5 6 0 0.00 M M 13.3 33 360 M M 1 3 46 340
31 73 39 56 -8 9 0 0.00 M M 6.9 15 250 M M 1 20 240
================================================================================
SM 2569 1552 29 136 2.04 M 262.0 M 22
================================================================================
AV 85.6 51.7 8.5 FASTST M M 1 MAX(MPH)
MISC ----> # 47 310 # 68 310
================================================================================
NOTES:
# LAST OF SEVERAL OCCURRENCES
COLUMN 17 PEAK WIND IN M.P.H.
PRELIMINARY LOCAL CLIMATOLOGICAL DATA (WS FORM: F-6) , PAGE 2
STATION: HETTINGER ND
MONTH: AUGUST
YEAR: 2020
LATITUDE: 46 0 N
LONGITUDE: 102 39 W
[TEMPERATURE DATA] [PRECIPITATION DATA] SYMBOLS USED IN COLUMN 16
AVERAGE MONTHLY: 68.7 TOTAL FOR MONTH: 2.04 1 = FOG OR MIST
DPTR FM NORMAL: 0.5 DPTR FM NORMAL: 0.33 2 = FOG REDUCING VISIBILITY
HIGHEST: 96 ON 25,19 GRTST 24HR 0.62 ON 11-11 TO 1/4 MILE OR LESS
LOWEST: 39 ON 31 3 = THUNDER
SNOW, ICE PELLETS, HAIL 4 = ICE PELLETS
TOTAL MONTH: M 5 = HAIL
GRTST 24HR M ON M 6 = FREEZING RAIN OR DRIZZLE
GRTST DEPTH: M ON M 7 = DUSTSTORM OR SANDSTORM:
VSBY 1/2 MILE OR LESS
8 = SMOKE OR HAZE
[NO. OF DAYS WITH] [WEATHER - DAYS WITH] 9 = BLOWING SNOW
X = TORNADO
MAX 32 OR BELOW: 0 0.01 INCH OR MORE: 7
MAX 90 OR ABOVE: 9 0.10 INCH OR MORE: 4
MIN 32 OR BELOW: 0 0.50 INCH OR MORE: 2
MIN 0 OR BELOW: 0 1.00 INCH OR MORE: 0
[HDD (BASE 65) ]
TOTAL THIS MO. 29 CLEAR (SCALE 0-3) 31
DPTR FM NORMAL -22 PTCLDY (SCALE 4-7) 0
TOTAL FM JUL 1 42 CLOUDY (SCALE 8-10) 0
DPTR FM NORMAL -48
[CDD (BASE 65) ]
TOTAL THIS MO. 136
DPTR FM NORMAL -13 [PRESSURE DATA]
TOTAL FM JAN 1 360 HIGHEST SLP 30.25 ON 2
DPTR FM NORMAL 11 LOWEST SLP 29.50 ON 30
[REMARKS]
#FINAL-08-20#