000
CXUS56 KFGZ 010910
CF6PGA
PRELIMINARY LOCAL CLIMATOLOGICAL DATA (WS FORM: F-6)
STATION: PAGE AZ AIRPORT
MONTH: APRIL
YEAR: 2022
LATITUDE: 36 55 N
LONGITUDE: 111 27 W
TEMPERATURE IN F: :PCPN: SNOW: WIND :SUNSHINE: SKY :PK WND
================================================================================
1 2 3 4 5 6A 6B 7 8 9 10 11 12 13 14 15 16 17 18
12Z AVG MX 2MIN
DY MAX MIN AVG DEP HDD CDD WTR SNW DPTH SPD SPD DIR MIN PSBL S-S WX SPD DR
================================================================================
1 71 46 59 3 6 0 0.00 M M 3.9 12 80 M M 1 17 40
2 80 47 64 8 1 0 0.00 M M 4.7 12 360 M M 1 18 30
3 73 52 63 7 2 0 0.00 M M 5.0 24 330 M M 3 35 330
4 77 48 63 6 2 0 0.00 M M 7.2 22 280 M M 0 31 280
5 80 57 69 12 0 4 0.00 M M 11.5 25 320 M M 0 35 270
6 66 47 57 0 8 0 0.00 M M 6.6 16 310 M M 0 25 320
7 70 41 56 -1 9 0 0.00 M M 4.4 13 20 M M 0 17 30
8 76 45 61 3 4 0 0.00 M M 3.4 9 10 M M 0 13 20
9 84 49 67 9 0 2 0.00 M M 8.1 24 230 M M 0 8 36 240
10 67 50 59 1 6 0 0.00 M M 6.3 21 310 M M 0 29 300
11 76 43 60 2 5 0 T M M 11.1 32 220 M M 0 8 55 240
12 63 38 51 -7 14 0 0.00 M M 11.5 25 310 M M 4 8 42 230
13 60 33 47 -12 18 0 0.00 M M 6.0 20 270 M M 0 31 270
14 68 37 53 -6 12 0 0.00 M M 4.5 10 10 M M 0 14 350
15 77 48 63 4 2 0 0.00 M M 5.3 13 280 M M 0 19 270
16 79 52 66 7 0 1 0.00 M M 9.4 25 240 M M 0 39 240
17 81 49 65 5 0 0 0.00 M M 5.5 13 120 M M 0 18 290
18 84 52 68 8 0 3 0.00 M M 4.1 15 280 M M 0 25 280
19 84 57 71 11 0 6 0.00 M M 8.5 25 220 M M 0 44 220
20 81 54 68 8 0 3 0.00 M M 4.7 16 210 M M 0 26 220
21 85 55 70 9 0 5 0.00 M M 9.5 22 180 M M 0 33 190
22 67 48 58 -3 7 0 0.01 M M 13.0 25 270 M M 4 46 210
23 66 44 55 -6 10 0 0.00 M M 7.9 18 310 M M 1 26 290
24 65 42 54 -8 11 0 0.00 M M 4.7 14 60 M M 0 20 50
25 70 43 57 -5 8 0 0.00 M M 5.6 15 50 M M 0 23 30
26 83 49 66 4 0 1 0.00 M M 4.2 15 230 M M 0 21 210
27 83 61 72 10 0 7 0.00 M M 6.2 16 210 M M 0 29 230
28 82 59 71 8 0 6 0.00 M M 9.1 20 210 M M 0 29 210
29 77 57 67 4 0 2 0.00 M M 8.7 16 320 M M 0 26 330
30 77 48 63 0 2 0 0.00 M M 5.1 14 30 M M 0 17 50
================================================================================
SM 2252 1451 127 40 0.01 M 205.7 M 14
================================================================================
AV 75.1 48.4 6.9 FASTST M M 0 MAX(MPH)
MISC ----> 32 220 55 240
================================================================================
NOTES:
# LAST OF SEVERAL OCCURRENCES
COLUMN 17 PEAK WIND IN M.P.H.
PRELIMINARY LOCAL CLIMATOLOGICAL DATA (WS FORM: F-6) , PAGE 2
STATION: PAGE AZ AIRPORT
MONTH: APRIL
YEAR: 2022
LATITUDE: 36 55 N
LONGITUDE: 111 27 W
[TEMPERATURE DATA] [PRECIPITATION DATA] SYMBOLS USED IN COLUMN 16
AVERAGE MONTHLY: 61.7 TOTAL FOR MONTH: 0.01 1 = FOG OR MIST
DPTR FM NORMAL: 2.3 DPTR FM NORMAL: -0.35 2 = FOG REDUCING VISIBILITY
HIGHEST: 85 ON 21 GRTST 24HR 0.01 ON 22-22 TO 1/4 MILE OR LESS
LOWEST: 33 ON 13 3 = THUNDER
SNOW, ICE PELLETS, HAIL 4 = ICE PELLETS
TOTAL MONTH: M 5 = HAIL
GRTST 24HR M ON M 6 = FREEZING RAIN OR DRIZZLE
GRTST DEPTH: M ON M 7 = DUSTSTORM OR SANDSTORM:
VSBY 1/2 MILE OR LESS
8 = SMOKE OR HAZE
[NO. OF DAYS WITH] [WEATHER - DAYS WITH] 9 = BLOWING SNOW
X = TORNADO
MAX 32 OR BELOW: 0 0.01 INCH OR MORE: 1
MAX 90 OR ABOVE: 0 0.10 INCH OR MORE: 0
MIN 32 OR BELOW: 0 0.50 INCH OR MORE: 0
MIN 0 OR BELOW: 0 1.00 INCH OR MORE: 0
[HDD (BASE 65) ]
TOTAL THIS MO. 127 CLEAR (SCALE 0-3) 28
DPTR FM NORMAL -65 PTCLDY (SCALE 4-7) 2
TOTAL FM JUL 1 3379 CLOUDY (SCALE 8-10) 0
DPTR FM NORMAL -222
[CDD (BASE 65) ]
TOTAL THIS MO. 40
DPTR FM NORMAL 14 [PRESSURE DATA]
TOTAL FM JAN 1 44 HIGHEST SLP M ON M
DPTR FM NORMAL 16 LOWEST SLP 29.18 ON 11
[REMARKS]
#FINAL-04-22#