000
CXUS56 KHNX 100641
CF6FAT
PRELIMINARY LOCAL CLIMATOLOGICAL DATA (WS FORM: F-6)
STATION: FRESNO CA
MONTH: JUNE
YEAR: 2021
LATITUDE: 36 46 N
LONGITUDE: 119 43 W
TEMPERATURE IN F: :PCPN: SNOW: WIND :SUNSHINE: SKY :PK WND
================================================================================
1 2 3 4 5 6A 6B 7 8 9 10 11 12 13 14 15 16 17 18
12Z AVG MX 2MIN
DY MAX MIN AVG DEP HDD CDD WTR SNW DPTH SPD SPD DIR MIN PSBL S-S WX SPD DR
================================================================================
1 104 75 90 16 0 25 0.00 0.0 0 8.2 18 310 M M 3 23 310
2 104 72 88 14 0 23 0.00 0.0 0 7.2 15 320 M M 3 24 10
3 102 70 86 12 0 21 0.00 0.0 0 7.0 15 300 M M 2 19 310
4 101 72 87 12 0 22 0.00 0.0 0 8.8 18 310 M M 2 24 310
5 99 68 84 9 0 19 0.00 0.0 0 7.7 17 300 M M 3 21 290
6 95 68 82 7 0 17 0.00 0.0 0 8.3 20 300 M M 5 8 25 300
7 84 61 73 -2 0 8 0.00 0.0 0 9.2 23 300 M M 4 27 300
8 79 56 68 -8 0 3 0.00 0.0 0 11.6 25 310 M M 2 31 300
9 77 55 66 -10 0 1 0.00 0.0 0 12.5 23 310 M M 4 28 320
10 79 53 66 -10 0 1 0.00 0.0 0 11.8 22 320 M M 0 28 320
11 84 56 70 -6 0 5 0.00 0.0 0 9.9 17 310 M M 1 24 350
12 91 62 77 0 0 12 0.00 0.0 0 8.3 17 310 M M 2 21 310
13 96 69 83 6 0 18 0.00 0.0 0 10.1 23 310 M M 1 29 300
14 92 66 79 2 0 14 0.00 0.0 0 11.4 21 310 M M 1 26 310
15 92 65 79 1 0 14 0.00 0.0 0 11.4 21 310 M M 2 8 25 300
16 96 65 81 3 0 16 0.00 0.0 0 5.8 16 280 M M 6 20 300
17 105 71 88 10 0 23 0.00 0.0 0 4.0 13 270 M M 4 18 290
18 111 79 95 17 0 30 0.00 0.0 0 6.1 18 170 M M 4 3 23 170
19 111 78 95 16 0 30 0.00 0.0 0 8.4 16 300 M M 2 21 290
20 108 76 92 13 0 27 0.00 0.0 0 6.8 14 300 M M 0 17 300
21 104 71 88 9 0 23 0.00 0.0 0 7.1 16 310 M M 0 20 220
22 96 65 81 2 0 16 0.00 0.0 0 6.6 14 320 M M 1 18 210
23 96 65 81 1 0 16 0.00 0.0 0 8.5 20 320 M M 2 23 310
24 92 66 79 -1 0 14 0.00 0.0 0 9.2 16 310 M M 1 21 320
25 95 65 80 0 0 15 0.00 0.0 0 7.7 15 310 M M 1 18 300
26 100 72 86 6 0 21 0.00 0.0 0 5.9 13 280 M M 1 16 330
27 107 79 93 12 0 28 0.00 0.0 0 7.8 21 310 M M 2 24 320
28 102 73 88 7 0 23 0.00 0.0 0 10.8 21 310 M M 3 26 300
29 104 73 89 8 0 24 0.00 0.0 0 7.1 15 310 M M 5 19 310
30 104 78 91 10 0 26 0.00 0.0 0 8.2 21 310 M M 5 26 310
================================================================================
SM 2910 2044 0 535 0.00 0.0 253.4 M 72
================================================================================
AV 97.0 68.1 8.4 FASTST M M 2 MAX(MPH)
MISC ----> 25 310 31 300
================================================================================
NOTES:
# LAST OF SEVERAL OCCURRENCES
COLUMN 17 PEAK WIND IN M.P.H.
PRELIMINARY LOCAL CLIMATOLOGICAL DATA (WS FORM: F-6) , PAGE 2
STATION: FRESNO CA
MONTH: JUNE
YEAR: 2021
LATITUDE: 36 46 N
LONGITUDE: 119 43 W
[TEMPERATURE DATA] [PRECIPITATION DATA] SYMBOLS USED IN COLUMN 16
AVERAGE MONTHLY: 82.6 TOTAL FOR MONTH: 0.00 1 = FOG OR MIST
DPTR FM NORMAL: 5.0 DPTR FM NORMAL: -0.24 2 = FOG REDUCING VISIBILITY
HIGHEST: 111 ON 19,18 GRTST 24HR 0.00 ON 1- 1 TO 1/4 MILE OR LESS
LOWEST: 53 ON 10 3 = THUNDER
SNOW, ICE PELLETS, HAIL 4 = ICE PELLETS
TOTAL MONTH: 0.0 INCH 5 = HAIL
GRTST 24HR 0.0 6 = FREEZING RAIN OR DRIZZLE
GRTST DEPTH: 0 7 = DUSTSTORM OR SANDSTORM:
VSBY 1/2 MILE OR LESS
8 = SMOKE OR HAZE
[NO. OF DAYS WITH] [WEATHER - DAYS WITH] 9 = BLOWING SNOW
X = TORNADO
MAX 32 OR BELOW: 0 0.01 INCH OR MORE: 0
MAX 90 OR ABOVE: 25 0.10 INCH OR MORE: 0
MIN 32 OR BELOW: 0 0.50 INCH OR MORE: 0
MIN 0 OR BELOW: 0 1.00 INCH OR MORE: 0
[HDD (BASE 65) ]
TOTAL THIS MO. 0 CLEAR (SCALE 0-3) 21
DPTR FM NORMAL -3 PTCLDY (SCALE 4-7) 9
TOTAL FM JUL 1 1850 CLOUDY (SCALE 8-10) 0
DPTR FM NORMAL -334
[CDD (BASE 65) ]
TOTAL THIS MO. 535
DPTR FM NORMAL 153 [PRESSURE DATA]
TOTAL FM JAN 1 882 HIGHEST SLP 30.22 ON 10
DPTR FM NORMAL 255 LOWEST SLP 29.59 ON 27
[REMARKS]
#FINAL-06-21#