000
CXUS53 KEAX 010736
CF6IRK
PRELIMINARY LOCAL CLIMATOLOGICAL DATA (WS FORM: F-6)
STATION: KIRKSVILLE MO
MONTH: SEPTEMBER
YEAR: 2022
LATITUDE: 40 5 N
LONGITUDE: 92 33 W
TEMPERATURE IN F: :PCPN: SNOW: WIND :SUNSHINE: SKY :PK WND
================================================================================
1 2 3 4 5 6A 6B 7 8 9 10 11 12 13 14 15 16 17 18
12Z AVG MX 2MIN
DY MAX MIN AVG DEP HDD CDD WTR SNW DPTH SPD SPD DIR MIN PSBL S-S WX SPD DR
================================================================================
1 88 60 74 4 0 9 0.00 M M 6.4 14 190 M M 0 23 190
2 89 64 77 7 0 12 0.00 M M 7.5 17 170 M M 1 24 170
3 87 60 74 4 0 9 T M M 5.4 14 20 M M 5 19 20
4 77 64 71 1 0 6 0.00 M M 7.4 14 40 M M 9 1 24 20
5 78 61 70 1 0 5 0.00 M M 6.4 12 100 M M 9 1 18 30
6 82 57 70 1 0 5 0.00 M M 2.8 10 60 M M 4 12 17 50
7 85 56 71 3 0 6 0.00 M M 3.2 12 10 M M 1 12 17 20
8 86 55 71 3 0 6 0.00 M M 4.4 13 160 M M 0 1 17 140
9 87 55 71 3 0 6 0.00 M M 6.6 14 140 M M 0 21 160
10 82 54 68 0 0 3 0.50 M M 7.1 20 350 M M 4 1 29 330
11 74 50 62 -5 3 0 0.27 M M 9.6 23 350 M M 4 1 33 360
12 78 46 62 -5 3 0 0.00 M M 7.3 22 300 M M 0 29 300
13 83 43 63 -3 2 0 0.00 M M 2.2 9 120 M M 0 11 120
14 88 54 71 5 0 6 0.00 M M 6.6 13 160 M M 0 17 190
15 85 57 71 5 0 6 0.00 M M 8.6 17 180 M M 0 23 220
16 83 57 70 5 0 5 0.00 M M 8.0 16 220 M M 3 22 210
17 80 61 71 6 0 6 0.08 M M 8.9 18 210 M M 5 1 27 210
18 88 64 76 11 0 11 0.06 M M 10.2 29 40 M M 5 40 30
19 87 64 76 12 0 11 0.00 M M 5.1 12 40 M M 4 12 14 110
20 96 67 82 18 0 17 0.00 M M 8.5 21 210 M M 0 1 30 240
21 82 59 71 7 0 6 T M M 10.4 17 10 M M 3 25 20
22 66 48 57 -6 8 0 0.00 M M 6.4 15 20 M M 0 8 21 40
23 55 50 53 -10 12 0 0.28 M M 8.2 17 130 M M 9 1 23 120
24 83 44 64 2 1 0 0.00 M M 6.1 16 260 M M 3 12 25 280
25 77 50 64 2 1 0 0.00 M M 9.9 23 290 M M 1 34 260
26 70 43 57 -5 8 0 0.00 M M 7.7 21 310 M M 0 30 310
27 73 40 57 -4 8 0 0.00 M M 5.0 15 350 M M 4 20 340
28 66 34 50 -11 15 0 0.00 M M 6.8 13 90 M M 0 20 70
29 69 36 53 -8 12 0 0.00 M M 6.1 16 140 M M 0 24 140
30 73 38 56 -4 9 0 0.00 M M 4.4 14 130 M M 0 20 120
================================================================================
SM 2397 1591 82 135 1.19 M 203.2 M 74
================================================================================
AV 79.9 53.0 6.8 FASTST M M 2 MAX(MPH)
MISC ----> 29 40 40 30
================================================================================
NOTES:
# LAST OF SEVERAL OCCURRENCES
COLUMN 17 PEAK WIND IN M.P.H.
PRELIMINARY LOCAL CLIMATOLOGICAL DATA (WS FORM: F-6) , PAGE 2
STATION: KIRKSVILLE MO
MONTH: SEPTEMBER
YEAR: 2022
LATITUDE: 40 5 N
LONGITUDE: 92 33 W
[TEMPERATURE DATA] [PRECIPITATION DATA] SYMBOLS USED IN COLUMN 16
AVERAGE MONTHLY: 66.5 TOTAL FOR MONTH: 1.19 1 = FOG OR MIST
DPTR FM NORMAL: 1.0 DPTR FM NORMAL: -2.46 2 = FOG REDUCING VISIBILITY
HIGHEST: 96 ON 20 GRTST 24HR 0.77 ON 10-11 TO 1/4 MILE OR LESS
LOWEST: 34 ON 28 3 = THUNDER
SNOW, ICE PELLETS, HAIL 4 = ICE PELLETS
TOTAL MONTH: M 5 = HAIL
GRTST 24HR M ON M 6 = FREEZING RAIN OR DRIZZLE
GRTST DEPTH: M ON M 7 = DUSTSTORM OR SANDSTORM:
VSBY 1/2 MILE OR LESS
8 = SMOKE OR HAZE
[NO. OF DAYS WITH] [WEATHER - DAYS WITH] 9 = BLOWING SNOW
X = TORNADO
MAX 32 OR BELOW: 0 0.01 INCH OR MORE: 5
MAX 90 OR ABOVE: 1 0.10 INCH OR MORE: 3
MIN 32 OR BELOW: 0 0.50 INCH OR MORE: 1
MIN 0 OR BELOW: 0 1.00 INCH OR MORE: 0
[HDD (BASE 65) ]
TOTAL THIS MO. 82 CLEAR (SCALE 0-3) 17
DPTR FM NORMAL -9 PTCLDY (SCALE 4-7) 10
TOTAL FM JUL 1 82 CLOUDY (SCALE 8-10) 3
DPTR FM NORMAL -17
[CDD (BASE 65) ]
TOTAL THIS MO. 135
DPTR FM NORMAL 29 [PRESSURE DATA]
TOTAL FM JAN 1 1111 HIGHEST SLP M ON M
DPTR FM NORMAL 121 LOWEST SLP 29.84 ON 9
[REMARKS]
#FINAL-09-22#