000
CXUS52 KMLB 011942
CLSLEE
CLIMATE REPORT
NATIONAL WEATHER SERVICE MELBOURNE FL
242 PM EST WED DEC 01 2021
...................................
...THE LEESBURG CLIMATE SUMMARY FOR THE FALL SEASON, FROM
9/1/2021 TO 11/30/2021...
CLIMATE NORMAL PERIOD 1991 TO 2020
CLIMATE RECORD PERIOD 1958 TO 2021
WEATHER OBSERVED NORMAL DEPART LAST YEAR`S
VALUE DATE(S) VALUE FROM VALUE
NORMAL
..............................................................
TEMPERATURE (F)
FALL RECORDS
WARMEST 77.5 2020
COOLEST 70.4 1976
DAILY RECORD
HIGH 100 09/17/1990
LOW 24 11/25/1970
FALL 2021
HIGHEST 95 09/13 95
09/21
10/07
LOWEST 45 11/30 52
AVG. MAXIMUM 85.0 83.8 1.2 85.8
AVG. MINIMUM 66.1 65.4 0.7 69.3
MEAN 75.5 74.6 0.9 77.5
DAYS MAX >= 90 41 27
DAYS MAX <= 32 0 0
DAYS MIN <= 32 0 0
DAYS MIN <= 0 0 0
PRECIPITATION (INCHES)
FALL RECORDS
MAXIMUM 21.84 1994
MINIMUM 3.10 2008
DAILY RECORD
MAXIMUM 6.48 09/10/2017
FALL 2021
TOTALS 12.00 9.59 2.41 12.36
DAYS >= .01 34 41
DAYS >= .10 19 23
DAYS >= .50 8 10
DAYS >= 1.00 4 3
GREATEST
24 HR. TOTAL 2.83 11/05 TO 11/06
SNOWFALL (INCHES)
TOTALS 0.0 MM MM 0.0
SINCE 7/1 0.0 MM MM MM
DAYS >= TRACE 0 0
DEGREE DAYS
HEATING TOTAL 61 62 -1 6
SINCE 7/1 61 63 -2 MM
COOLING TOTAL 1044 939 105 1169
SINCE 1/1 3707 3415 292 MM
..............................................................
WIND (MPH)
AVERAGE WIND SPEED 5.6
HIGHEST WIND SPEED/DIRECTION 26/020 DATE 09/07
HIGHEST GUST SPEED/DIRECTION 33/040 DATE 11/05
SKY COVER
POSSIBLE SUNSHINE (PERCENT) MM
AVERAGE SKY COVER 0.28
NUMBER OF DAYS FAIR 65
NUMBER OF DAYS PC 19
NUMBER OF DAYS CLOUDY 7
AVERAGE RH (PERCENT) 71
WEATHER CONDITIONS. NUMBER OF DAYS WITH
THUNDERSTORM 14 MIXED PRECIP 0
HEAVY RAIN 19 RAIN 19
LIGHT RAIN 37 LT FREEZING RAIN 0
HAIL 0 LIGHT SNOW 0
SLEET 0 FOG 34
FOG W/VIS <= 1/4 MILE 3 HAZE 4
- INDICATES NEGATIVE NUMBERS.
R INDICATES RECORD WAS SET OR TIED.
MM INDICATES DATA IS MISSING.
T INDICATES TRACE AMOUNT.
$$