000
CXUS52 KMLB 012130
CLSLEE
CLIMATE REPORT
NATIONAL WEATHER SERVICE MELBOURNE FL
319 PM EST SUN MAR 01 2020
...................................
...THE LEESBURG CLIMATE SUMMARY FOR THE WINTER SEASON, FROM
12/1/2019 TO 2/29/2020...
CLIMATE NORMAL PERIOD 1981 TO 2010
CLIMATE RECORD PERIOD 1958 TO 2020
WEATHER OBSERVED NORMAL DEPART LAST YEAR`S
VALUE DATE(S) VALUE FROM VALUE
NORMAL
..............................................................
TEMPERATURE (F)
WINTER RECORDS
WARMEST 66.1 2017
COLDEST 53.9 1981
DAILY RECORD
HIGH 89 02/22/1991
LOW 16 01/22/1985
01/21/1985
12/13/1962
WINTER 2019-2020
HIGHEST 88 02/13 87
LOWEST 34 01/22 35
AVG. MAXIMUM 75.3 70.7 4.6 72.7
AVG. MINIMUM 55.2 49.9 5.3 52.9
MEAN 65.3 60.3 5.0 62.8
DAYS MAX >= 90 0 0
DAYS MAX <= 32 0 0
DAYS MIN <= 32 0 0
DAYS MIN <= 0 0 0
PRECIPITATION (INCHES)
WINTER RECORDS
MAXIMUM 15.61 2003
MINIMUM 2.52 2013
DAILY RECORD
MAXIMUM 3.43 01/01/1991
WINTER 2019-2020
TOTALS 6.27 8.14 -1.87 9.44
DAYS >= .01 25 MM
DAYS >= .10 14 MM
DAYS >= .50 5 6
DAYS >= 1.00 0 MM
GREATEST
24 HR. TOTAL 0.92 12/23 TO 12/23
SNOWFALL (INCHES)
TOTALS 0.0 0.0
SINCE 7/1 0.0 MM
SNOWDEPTH AVG. 0 0
DAYS >= TRACE 0 0
DEGREE DAYS
HEATING TOTAL 277 552 -275 419
SINCE 7/1 264 619 -355 495
COOLING TOTAL 324 131 193 227
SINCE 1/1 209 77 132 158
..............................................................
WIND (MPH)
AVERAGE WIND SPEED 7.3
HIGHEST WIND SPEED/DIRECTION 36/270 DATE 02/06
HIGHEST GUST SPEED/DIRECTION 45/270 DATE 02/06
SKY COVER
POSSIBLE SUNSHINE (PERCENT) MM
AVERAGE SKY COVER 0.33
NUMBER OF DAYS FAIR 17
NUMBER OF DAYS PC 6
NUMBER OF DAYS CLOUDY 6
AVERAGE RH (PERCENT) 67
WEATHER CONDITIONS. NUMBER OF DAYS WITH
THUNDERSTORM 3 HEAVY RAIN 15
RAIN 9 LIGHT RAIN 32
LT FREEZING RAIN 0 HAIL 0
SLEET 0 FOG 44
FOG W/VIS <= 1/4 MILE 6 HAZE 8
- INDICATES NEGATIVE NUMBERS.
R INDICATES RECORD WAS SET OR TIED.
MM INDICATES DATA IS MISSING.
T INDICATES TRACE AMOUNT.
$$