000
CXUS52 KMLB 020332
CLSLEE
CLIMATE REPORT
NATIONAL WEATHER SERVICE MELBOURNE FL
1132 PM EDT TUE SEP 01 2020
...................................
...THE LEESBURG CLIMATE SUMMARY FOR THE SUMMER SEASON, FROM
6/1/2020 TO 8/31/2020...
CLIMATE NORMAL PERIOD 1981 TO 2010
CLIMATE RECORD PERIOD 1958 TO 2020
WEATHER OBSERVED NORMAL DEPART LAST YEAR`S
VALUE DATE(S) VALUE FROM VALUE
NORMAL
..............................................................
TEMPERATURE (F)
SUMMER RECORDS
WARMEST 84.7 1998
COOLEST 79.6 1967
DAILY RECORD
HIGH 101 08/13/1991
LOW 53 06/01/1984
SUMMER 2020
HIGHEST 99 06/26 98
LOWEST 64 06/16 71
AVG. MAXIMUM 91.8 91.3 0.5 91.3
AVG. MINIMUM 74.2 73.7 0.5 74.7
MEAN 83.0 82.5 0.5 83.0
DAYS MAX >= 90 73 70
DAYS MAX <= 32 0 0
DAYS MIN <= 32 0 0
DAYS MIN <= 0 0 0
PRECIPITATION (INCHES)
SUMMER RECORDS
MAXIMUM 31.10 2002
MINIMUM 9.67 1987
DAILY RECORD
MAXIMUM 6.18 08/25/1995
SUMMER 2020
TOTALS 16.99 22.17 -5.18 22.27
DAYS >= .01 53 55
DAYS >= .10 32 33
DAYS >= .50 9 17
DAYS >= 1.00 4 10
GREATEST
24 HR. TOTAL 3.01 06/18 TO 06/19
SNOWFALL (INCHES)
TOTALS 0.0 MM MM 0.0
SINCE 7/1 0.0 MM MM MM
DAYS >= TRACE 0 0
DEGREE DAYS
HEATING TOTAL 0 0 0 0
SINCE 7/1 0 0 0 0
COOLING TOTAL 1681 1607 74 1678
SINCE 1/1 2938 2360 578 2656
..............................................................
WIND (MPH)
AVERAGE WIND SPEED 5.7
HIGHEST WIND SPEED/DIRECTION 29/180 DATE 07/23
HIGHEST GUST SPEED/DIRECTION 46/270 DATE 08/18
SKY COVER
POSSIBLE SUNSHINE (PERCENT) MM
AVERAGE SKY COVER 0.19
NUMBER OF DAYS FAIR 83
NUMBER OF DAYS PC 8
NUMBER OF DAYS CLOUDY 1
AVERAGE RH (PERCENT) 77
WEATHER CONDITIONS. NUMBER OF DAYS WITH
THUNDERSTORM 66 MIXED PRECIP 0
HEAVY RAIN 31 RAIN 28
LIGHT RAIN 54 LT FREEZING RAIN 0
HAIL 0 LIGHT SNOW 0
SLEET 0 FOG 42
FOG W/VIS <= 1/4 MILE 2 HAZE 15
- INDICATES NEGATIVE NUMBERS.
R INDICATES RECORD WAS SET OR TIED.
MM INDICATES DATA IS MISSING.
T INDICATES TRACE AMOUNT.
$$