000
CXUS53 KFSD 300910
CF69V9
PRELIMINARY LOCAL CLIMATOLOGICAL DATA (WS FORM: F-6)

                                          STATION:   CHAMBERLAIN
                                          MONTH:     NOVEMBER
                                          YEAR:      2020
                                          LATITUDE:   43 46 N
                                          LONGITUDE:  99 19 W

  TEMPERATURE IN F:       :PCPN:    SNOW:  WIND      :SUNSHINE: SKY     :PK WND
================================================================================
1   2   3   4   5  6A  6B    7    8   9   10  11  12  13   14  15   16   17  18
                                     12Z  AVG MX 2MIN
DY MAX MIN AVG DEP HDD CDD  WTR  SNW DPTH SPD SPD DIR MIN PSBL S-S WX    SPD DR
================================================================================

 1  50  28  39  -3  26   0    M    M    M  6.3 12 150   M    M   1        16 340
 2  72  32  52  10  13   0    M    M    M  4.9 10 270   M    M   0         M   M
 3  78  33  56  15   9   0    M    M    M  3.5 12 260   M    M   0 8       M   M
 4  76  31  54  13  11   0    M    M    M  4.3  9 300   M    M   0         M   M
 5  77  38  58  18   7   0    M    M    M  6.6 10 190   M    M   0        18 160
 6  82  53  68  28   0   3    M    M    M 13.4 23 200   M    M   0        32 200
 7  76  50  63  24   2   0    M    M    M 13.4 29 170   M    M   0        39 180
 8  68  39  54  16  11   0    M    M    M 19.4 33 180   M    M   4        44 180
 9  39  18  29  -9  36   0 0.07    M    M 12.5 23 340   M    M   6        30 360
10  33  19  26 -11  39   0    M    M    M  4.3 13 150   M    M   6         M   M
11  48  24  36  -1  29   0    M    M    M  6.0 13 350   M    M   3        16 350
12  33  22  28  -8  37   0    M    M    M  9.6 15 300   M    M   4        22 310
13  55  20  38   2  27   0    M    M    M  9.4 18 220   M    M   0        25 180
14  54  34  44   9  21   0    M    M    M 13.1 24 300   M    M   3        37 310
15  46  24  35   1  30   0    M    M    M 13.6 24 290   M    M   1        32 290
16  55  26  41   7  24   0    M    M    M  9.8 23 320   M    M   1        32 310
17  58  28  43  10  22   0    M    M    M 10.3 18 140   M    M   2        23 140
18  72  36  54  21  11   0    M    M    M  5.1 10 130   M    M   0         M   M
19  61  36  49  17  16   0    M    M    M  5.8 14 320   M    M   1        27 320
20  42  24  33   1  32   0    M    M    M  4.2  8  20   M    M   1         M   M
21  48  18  33   2  32   0    M    M    M  6.5 15 170   M    M   4 1      21 200
22  45  21  33   2  32   0    M    M    M  7.6 15 300   M    M   0        20 310
23  49  21  35   5  30   0    M    M    M 17.7 32 160   M    M   5        41 160
24  39  17  28  -2  37   0    M    M    M  9.3 16 320   M    M   2        21 170
25  45  13  29   0  36   0    M    M    M  5.4 15 130   M    M   2 12     20 130
26  41  22  32   3  33   0    M    M    M  7.3 13 320   M    M   3        16 290
27  51  17  34   6  31   0    M    M    M  5.7 13 270   M    M   0         M   M
28  60  24  42  14  23   0    M    M    M  4.6 14 330   M    M   0        21 330
29  42  15  29   2  36   0    M    M    M 16.7 27 320   M    M   1        32 320
================================================================================
SM 1595  783       693   3  0.07    M    256.3          M       50
================================================================================
AV 55.0 27.0                               8.8 FASTST   M    M   2    MAX(MPH)
                                 MISC ---->    33 180                 44 180
================================================================================
NOTES:
# LAST OF SEVERAL OCCURRENCES

COLUMN 17 PEAK WIND IN M.P.H.

PRELIMINARY LOCAL CLIMATOLOGICAL DATA (WS FORM: F-6) , PAGE 2

                                          STATION:   CHAMBERLAIN
                                          MONTH:     NOVEMBER
                                          YEAR:      2020
                                          LATITUDE:   43 46 N
                                          LONGITUDE:  99 19 W

[TEMPERATURE DATA]      [PRECIPITATION DATA]       SYMBOLS USED IN COLUMN 16

AVERAGE MONTHLY: 41.0   TOTAL FOR MONTH:   0.07    1 = FOG OR MIST
DPTR FM NORMAL:   6.4   DPTR FM NORMAL:   -0.55    2 = FOG REDUCING VISIBILITY
HIGHEST:    82 ON  6    GRTST 24HR  0.07 ON  9- 9      TO 1/4 MILE OR LESS
LOWEST:     13 ON 25                               3 = THUNDER
                        SNOW, ICE PELLETS, HAIL    4 = ICE PELLETS
                        TOTAL MONTH:  M            5 = HAIL
                        GRTST 24HR    M  ON   M    6 = FREEZING RAIN OR DRIZZLE
                        GRTST DEPTH:  M  ON   M    7 = DUSTSTORM OR SANDSTORM:
                                                       VSBY 1/2 MILE OR LESS
                                                   8 = SMOKE OR HAZE
[NO. OF DAYS WITH]      [WEATHER - DAYS WITH]      9 = BLOWING SNOW
                                                   X = TORNADO
MAX 32 OR BELOW:   0    0.01 INCH OR MORE:   1
MAX 90 OR ABOVE:   0    0.10 INCH OR MORE:   0
MIN 32 OR BELOW:  21    0.50 INCH OR MORE:   0
MIN  0 OR BELOW:   0    1.00 INCH OR MORE:   0

[HDD (BASE 65) ]
TOTAL THIS MO.   693    CLEAR  (SCALE 0-3)  20
DPTR FM NORMAL  -189    PTCLDY (SCALE 4-7)   9
TOTAL FM JUL 1  1487    CLOUDY (SCALE 8-10)  0
DPTR FM NORMAL   -28

[CDD (BASE 65) ]
TOTAL THIS MO.     3
DPTR FM NORMAL     3    [PRESSURE DATA]
TOTAL FM JAN 1   889    HIGHEST SLP M ON M
DPTR FM NORMAL    32    LOWEST  SLP M ON M

[REMARKS]
