000
CXUS54 KFWD 300830
CF6ACT
PRELIMINARY LOCAL CLIMATOLOGICAL DATA (WS FORM: F-6)

                                          STATION:   WACO
                                          MONTH:     NOVEMBER
                                          YEAR:      2020
                                          LATITUDE:   31 37 N
                                          LONGITUDE:  97 13 W

  TEMPERATURE IN F:       :PCPN:    SNOW:  WIND      :SUNSHINE: SKY     :PK WND
================================================================================
1   2   3   4   5  6A  6B    7    8   9   10  11  12  13   14  15   16   17  18
                                     12Z  AVG MX 2MIN
DY MAX MIN AVG DEP HDD CDD  WTR  SNW DPTH SPD SPD DIR MIN PSBL S-S WX    SPD DR
================================================================================

 1  77  45  61  -2   4   0 0.00  0.0    0  8.8 21  30   M    M   0        29  10
 2  72  38  55  -8  10   0 0.00  0.0    0  4.4  9 180   M    M   0        12 210
 3  78  41  60  -2   5   0 0.00  0.0    0  8.1 14 160   M    M   0        18 170
 4  78  45  62   0   3   0 0.00  0.0    0  9.8 18 190   M    M   0        24 190
 5  80  53  67   5   0   2 0.00  0.0    0  9.5 17 170   M    M   2        24 160
 6  78  57  68   7   0   3 0.00  0.0    0  8.7 15 180   M    M   4 1      20 180
 7  78  48  63   2   2   0 0.00  0.0    0  4.4 12 150   M    M   0        22 120
 8  75  55  65   5   0   0 0.00  0.0    0  8.8 17 120   M    M   4 12     27 130
 9  82  63  73  13   0   8 0.00  0.0    0 11.4 22 170   M    M   4 1      27 190
10  80  49  65   5   0   0    T  0.0    0  9.0 20 170   M    M   6        26 160
11  79  45  62   3   3   0 0.00  0.0    0  3.8  9 340   M    M   0        11 340
12  83  49  66   7   0   1 0.00  0.0    0  5.7 14 190   M    M   1        19 140
13  77  57  67   9   0   2 0.00  0.0    0  6.4 14 180   M    M   4        19 180
14  83  64  74  16   0   9    T  0.0    0 11.6 26 200   M    M   5        36 190
15  71  35  53  -5  12   0 0.00  0.0    0 10.2 29 350   M    M   1 8      43 340
16  71  30  51  -6  14   0 0.00  0.0    0  3.0 12 180   M    M   0 18     17 170
17  75  32  54  -3  11   0 0.00  0.0    0  1.9 10 130   M    M   0 8      16 120
18  77  38  58   2   7   0 0.00  0.0    0  8.5 16 180   M    M   0        22 160
19  80  56  68  12   0   3 0.00  0.0    M 12.6 21 180   M    M   3        27 180
20  79  59  69  13   0   4 0.00  0.0    0  8.6 15 180   M    M   3 1      22 180
21  79  59  69  14   0   4 0.00  0.0    0  5.8 13 160   M    M   7 1      16 170
22  74  50  62   7   3   0 0.00  0.0    0 10.4 22  20   M    M   9        27 360
23  60  49  55   1  10   0 0.00  0.0    0  8.8 17 160   M    M  10 8      23 160
24  79  59  69  15   0   4 0.82  0.0    0 13.8 32 250   M    M   8 138    47 240
25  68  42  55   1  10   0 0.00  0.0    0  5.6 20 340   M    M   1 18     27 330
26  75  38  57   4   8   0 0.00  0.0    0  5.4 12 180   M    M   0 1       M   M
27  64  54  59   6   6   0 0.11  0.0    0  8.1 20  20   M    M   9 18     24  10
28  61  48  55   2  10   0 0.32  0.0    0  8.5 18 310   M    M  10 1      23 310
29  56  46  51  -1  14   0    T  0.0    0 12.5 24 360   M    M   7 1      33 320
================================================================================
SM 2169 1404       132  40  1.25  0.0    234.1          M       98
================================================================================
AV 74.8 48.4                               8.1 FASTST   M    M   3    MAX(MPH)
                                 MISC ---->    32 250                 47 240
================================================================================
NOTES:
# LAST OF SEVERAL OCCURRENCES

COLUMN 17 PEAK WIND IN M.P.H.

PRELIMINARY LOCAL CLIMATOLOGICAL DATA (WS FORM: F-6) , PAGE 2

                                          STATION:   WACO
                                          MONTH:     NOVEMBER
                                          YEAR:      2020
                                          LATITUDE:   31 37 N
                                          LONGITUDE:  97 13 W

[TEMPERATURE DATA]      [PRECIPITATION DATA]       SYMBOLS USED IN COLUMN 16

AVERAGE MONTHLY: 61.6   TOTAL FOR MONTH:   1.25    1 = FOG OR MIST
DPTR FM NORMAL:   4.0   DPTR FM NORMAL:   -1.48    2 = FOG REDUCING VISIBILITY
HIGHEST:    83 ON 14,12  GRTST 24HR  0.82 ON 24-24      TO 1/4 MILE OR LESS
LOWEST:     30 ON 16                               3 = THUNDER
                        SNOW, ICE PELLETS, HAIL    4 = ICE PELLETS
                        TOTAL MONTH:   0.0 INCH    5 = HAIL
                        GRTST 24HR  0.0            6 = FREEZING RAIN OR DRIZZLE
                        GRTST DEPTH:  0            7 = DUSTSTORM OR SANDSTORM:
                                                       VSBY 1/2 MILE OR LESS
                                                   8 = SMOKE OR HAZE
[NO. OF DAYS WITH]      [WEATHER - DAYS WITH]      9 = BLOWING SNOW
                                                   X = TORNADO
MAX 32 OR BELOW:   0    0.01 INCH OR MORE:   3
MAX 90 OR ABOVE:   0    0.10 INCH OR MORE:   3
MIN 32 OR BELOW:   2    0.50 INCH OR MORE:   1
MIN  0 OR BELOW:   0    1.00 INCH OR MORE:   0

[HDD (BASE 65) ]
TOTAL THIS MO.   132    CLEAR  (SCALE 0-3)  14
DPTR FM NORMAL  -116    PTCLDY (SCALE 4-7)  11
TOTAL FM JUL 1   245    CLOUDY (SCALE 8-10)  4
DPTR FM NORMAL   -70

[CDD (BASE 65) ]
TOTAL THIS MO.    40
DPTR FM NORMAL     5    [PRESSURE DATA]
TOTAL FM JAN 1  2903    HIGHEST SLP M ON M
DPTR FM NORMAL   112    LOWEST  SLP 29.72 ON 14

[REMARKS]
