000
CXAK56 PAFC 301324 RRA
CF6AKN

PRELIMINARY LOCAL CLIMATOLOGICAL DATA (WS FORM: F-6)

                                          STATION:   KING SALMON
                                          MONTH:     NOVEMBER
                                          YEAR:      2020
                                          LATITUDE:   58 41 N
                                          LONGITUDE: 156 39 W

  TEMPERATURE IN F:       :PCPN:    SNOW:  WIND      :SUNSHINE: SKY     :PK WND
================================================================================
1   2   3   4   5  6A  6B    7    8   9   10  11  12  13   14  15   16   17  18
                                     12Z  AVG MX 2MIN
DY MAX MIN AVG DEP HDD CDD  WTR  SNW DPTH SPD SPD DIR MIN PSBL S-S WX    SPD DR
================================================================================

 1  24   7  16 -11  49   0 0.00    M    M  9.5 24 360   M    M   0        35  10
 2  23  11  17  -9  48   0 0.00    M    M 12.4 26 360   M    M   0        36  10
 3  26   1  14 -12  51   0 0.03    M    M  3.3  9 160   M    M   3 1      13 330
 4  23   0  12 -14  53   0 0.02    M    M   M   M   M   M    M   M         M  M
 5  42   1  22  -3  43   0 0.27    M    M 10.4 23 190   M    M   9 18     32 190
 6  45  32  39  14  26   0 0.00    M    M  6.9 12 170   M    M   7 12     15 180
 7  45  32  39  14  26   0 1.19    M    M  9.3 18 150   M    M  10 1      24 140
 8  47  30  39  15  26   0 0.17    M    M 18.4 29 270   M    M   8 1      38 270
 9  41  22  32   8  33   0 0.00    M    M   M   M   M   M    M   M         M  M
10  46  28  37  13  28   0 0.11    M    M   M   M   M   M    M   M         M  M
11  40  33  37  13  28   0 0.43    M    M   M   M   M   M    M   M         M  M
12  38  30  34  11  31   0 0.11    M    M   M   M   M   M    M   M         M  M
13  35  14  25   2  40   0 0.00    M    M   M   M   M   M    M   M         M  M
14  27  13  20  -3  45   0 0.00    M    M   M   M   M   M    M   M         M  M
15  19   7  13 -10  52   0 0.00    M    M  9.7 16  10   M    M   0        30 350
16  18   3  11 -11  54   0 0.00    M    M  5.5 10  10   M    M   5 12     13 360
17  21   4  13  -9  52   0    T    M    M  2.2  7 340   M    M   7 128     9 340
18  20   3  12 -10  53   0    T    M    M  4.0  8  30   M    M   6 128     9  20
19  36  17  27   5  38   0 0.12    M    M  8.3 17 160   M    M   M        22 170
20  41  32  37  15  28   0 0.09    M    M 13.4 36 100   M    M   M        50 100
21  37  29  33  11  32   0 0.00    M    M  5.8 15 250   M    M   M        20 250
22  36  24  30   9  35   0 0.06    M    M 13.7 39  80   M    M   M        54  80
23  37  24  31  10  34   0 0.08    M    M  6.8 33  80   M    M   6 1      52  70
24  43  25  34  13  31   0    T    M    M 17.2 39 160   M    M   3 168    52 150
25  45  27  36  15  29   0 0.14    M    M 13.8 29 130   M    M   4 1      40 110
26  33  23  28   7  37   0 0.01    M    0  5.7 12 160   M    M   6 12     14 150
27  34  22  28   7  37   0 0.02    M    0  8.3 15  50   M    M   6 1      23  50
28  33  22  28   7  37   0 0.01    M    0  5.5 13 360   M    M   9 1      15 350
29  25  17  21   1  44   0 0.08    M    M  4.4 13 290   M    M  10 1      17 290
================================================================================
SM  980  533      1120   0  2.94    M    194.5          M       99
================================================================================
AV 33.8 18.4                               8.8 FASTST   M    M   6    MAX(MPH)
                                 MISC ---->  # 39  80               # 54   80
================================================================================
NOTES:
# LAST OF SEVERAL OCCURRENCES

COLUMN 17 PEAK WIND IN M.P.H.

PRELIMINARY LOCAL CLIMATOLOGICAL DATA (WS FORM: F-6) , PAGE 2

                                          STATION:  KING SALMON
                                          MONTH:    NOVEMBER
                                          YEAR:     2020
                                          LATITUDE:   58 41 N
                                          LONGITUDE: 156 39 W

[TEMPERATURE DATA]      [PRECIPITATION DATA]       SYMBOLS USED IN COLUMN 16

AVERAGE MONTHLY: 26.1   TOTAL FOR MONTH:   2.94    1 = FOG OR MIST
DPTR FM NORMAL:   3.1   DPTR FM NORMAL:    1.59    2 = FOG REDUCING VISIBILITY
HIGHEST:    47 ON  8    GRTST 24HR  1.19 ON  7- 7      TO 1/4 MILE OR LESS
LOWEST:      0 ON  4                               3 = THUNDER
                        SNOW, ICE PELLETS, HAIL    4 = ICE PELLETS
                        TOTAL MONTH:    M          5 = HAIL
                        GRTST 24HR    M  ON   M    6 = FREEZING RAIN OR DRIZZLE
                        GRTST DEPTH:   0           7 = DUSTSTORM OR SANDSTORM:
                                                       VSBY 1/2 MILE OR LESS
                                                   8 = SMOKE OR HAZE
[NO. OF DAYS WITH]      [WEATHER - DAYS WITH]      9 = BLOWING SNOW
                                                   X = TORNADO
MAX 32 OR BELOW:  10    0.01 INCH OR MORE:  17
MAX 90 OR ABOVE:   0    0.10 INCH OR MORE:   8
MIN 32 OR BELOW:  28    0.50 INCH OR MORE:   1
MIN  0 OR BELOW:   1    1.00 INCH OR MORE:   1

[HDD (BASE 65) ]
TOTAL THIS MO.  1120    CLEAR  (SCALE 0-3)   5
DPTR FM NORMAL   -98    PTCLDY (SCALE 4-7)   9
TOTAL FM JUL 1  2951    CLOUDY (SCALE 8-10)  4
DPTR FM NORMAL  -381

[CDD (BASE 65) ]
TOTAL THIS MO.     0
DPTR FM NORMAL     0    [PRESSURE DATA]
TOTAL FM JAN 1     1    HIGHEST SLP M ON M
DPTR FM NORMAL     0    LOWEST  SLP 28.54 ON 23

[REMARKS]
