000
CXUS52 KJAX 300900
CF6AMG
PRELIMINARY LOCAL CLIMATOLOGICAL DATA (WS FORM: F-6)

                                          STATION:   ALMA
                                          MONTH:     NOVEMBER
                                          YEAR:      2020
                                          LATITUDE:   31 32 N
                                          LONGITUDE:  82 30 W

  TEMPERATURE IN F:       :PCPN:    SNOW:  WIND      :SUNSHINE: SKY     :PK WND
================================================================================
1   2   3   4   5  6A  6B    7    8   9   10  11  12  13   14  15   16   17  18
                                     12Z  AVG MX 2MIN
DY MAX MIN AVG DEP HDD CDD  WTR  SNW DPTH SPD SPD DIR MIN PSBL S-S WX    SPD DR
================================================================================

 1  74  58  66   2   0   1    T  0.0    0  5.5 13 330   M    M   6 12     17 320
 2  63  39  51 -13  14   0 0.00  0.0    0  5.0 14 360   M    M   0        21 350
 3  69  35  52 -11  13   0 0.00  0.0    0  1.5  7 280   M    M   0 1      10 300
 4  74  38  56  -7   9   0 0.00  0.0    0  1.8  8  90   M    M   0 1      12 110
 5  78  56  67   4   0   2 0.00  0.0    0  2.9  9  10   M    M   7        14  70
 6  82  61  72  10   0   7    T  0.0    0  3.7 12  40   M    M   4 1      20  70
 7  81  68  75  13   0  10    T  0.0    0  5.9 15 100   M    M   8 1      23  60
 8  79  68  74  12   0   9 0.06  0.0    0  6.6 13 100   M    M   9 1      22  70
 9  82  69  76  14   0  11 0.05  0.0    0  6.9 16  80   M    M  10 1      26  60
10  79  72  76  15   0  11 0.07  0.0    0  6.2 12 100   M    M  10 1      18  70
11  85  73  79  18   0  14 0.11  0.0    0  5.9 15 120   M    M   8 13     23 120
12  84  71  78  17   0  13 0.16  0.0    0  6.3 17 330   M    M   8 1      23 330
13  75  57  66   6   0   1 0.00  0.0    0  4.3 10 330   M    M   5 1      12 300
14  79  52  66   6   0   1 0.00  0.0    0  0.7  5 140   M    M   0 1       7 130
15  83  56  70  10   0   5 0.00  0.0    0  3.5 15 280   M    M   4 12     22 280
16  70  44  57  -3   8   0 0.00  0.0    0  5.1 12 310   M    M   2        18 360
17  72  40  56  -3   9   0 0.00  0.0    0  5.9 17 320   M    M   0        25 290
18  61  40  51  -8  14   0 0.00  0.0    0  4.2 12  70   M    M   0        19  70
19  68  40  54  -5  11   0 0.00  0.0    0  4.3 10  70   M    M   2        17  50
20  74  53  64   5   1   0 0.00  0.0    0  2.7  8  60   M    M   6        13  70
21  77  52  65   7   0   0 0.00  0.0    0  2.2  9  60   M    M   4 1      15  60
22  77  54  66   8   0   1 0.00  0.0    0  1.5  8  90   M    M   5 1      12 100
23  73  45  59   1   6   0 0.00  0.0    0  3.8 13 330   M    M   1 12     18 310
24  71  44  58   0   7   0 0.00  0.0    0  4.3 12  60   M    M   1        19  60
25  79  53  66   9   0   1    T  0.0    0  3.1 16 190   M    M   4 1      21 190
26  80  55  68  11   0   3 0.00  0.0    0  3.8 13 240   M    M   2 1      20 240
27  76  61  69  12   0   4 0.03  0.0    0  1.7  8 320   M    M   7 12     12 310
28  65  57  61   5   4   0 0.73  0.0    0  2.9 15 360   M    M   9 1      20 350
29  65  55  60   4   5   0 0.01  0.0    0  3.2 13 170   M    M  10 1      17 160
================================================================================
SM 2175 1566       101  94  1.22  0.0    115.4          M      132
================================================================================
AV 75.0 54.0                               4.0 FASTST   M    M   5    MAX(MPH)
                                 MISC ---->  # 17 330                 26  60
================================================================================
NOTES:
# LAST OF SEVERAL OCCURRENCES

COLUMN 17 PEAK WIND IN M.P.H.

PRELIMINARY LOCAL CLIMATOLOGICAL DATA (WS FORM: F-6) , PAGE 2

                                          STATION:   ALMA
                                          MONTH:     NOVEMBER
                                          YEAR:      2020
                                          LATITUDE:   31 32 N
                                          LONGITUDE:  82 30 W

[TEMPERATURE DATA]      [PRECIPITATION DATA]       SYMBOLS USED IN COLUMN 16

AVERAGE MONTHLY: 64.5   TOTAL FOR MONTH:   1.22    1 = FOG OR MIST
DPTR FM NORMAL:   4.5   DPTR FM NORMAL:   -1.16    2 = FOG REDUCING VISIBILITY
HIGHEST:    85 ON 11    GRTST 24HR  0.76 ON 27-28      TO 1/4 MILE OR LESS
LOWEST:     35 ON  3                               3 = THUNDER
                        SNOW, ICE PELLETS, HAIL    4 = ICE PELLETS
                        TOTAL MONTH:   0.0 INCH    5 = HAIL
                        GRTST 24HR  0.0            6 = FREEZING RAIN OR DRIZZLE
                        GRTST DEPTH:  0            7 = DUSTSTORM OR SANDSTORM:
                                                       VSBY 1/2 MILE OR LESS
                                                   8 = SMOKE OR HAZE
[NO. OF DAYS WITH]      [WEATHER - DAYS WITH]      9 = BLOWING SNOW
                                                   X = TORNADO
MAX 32 OR BELOW:   0    0.01 INCH OR MORE:   8
MAX 90 OR ABOVE:   0    0.10 INCH OR MORE:   3
MIN 32 OR BELOW:   0    0.50 INCH OR MORE:   1
MIN  0 OR BELOW:   0    1.00 INCH OR MORE:   0

[HDD (BASE 65) ]
TOTAL THIS MO.   101    CLEAR  (SCALE 0-3)  11
DPTR FM NORMAL   -83    PTCLDY (SCALE 4-7)  12
TOTAL FM JUL 1   109    CLOUDY (SCALE 8-10)  6
DPTR FM NORMAL  -125

[CDD (BASE 65) ]
TOTAL THIS MO.    94
DPTR FM NORMAL    53    [PRESSURE DATA]
TOTAL FM JAN 1  2766    HIGHEST SLP M ON M
DPTR FM NORMAL   300    LOWEST  SLP 29.73 ON 12

[REMARKS]
