118
CXUS54 KBMX 301110
CF6ANB
PRELIMINARY LOCAL CLIMATOLOGICAL DATA (WS FORM: F-6)

                                          STATION:   ANNISTON
                                          MONTH:     NOVEMBER
                                          YEAR:      2020
                                          LATITUDE:   33 35 N
                                          LONGITUDE:  85 51 W

  TEMPERATURE IN F:       :PCPN:    SNOW:  WIND      :SUNSHINE: SKY     :PK WND
================================================================================
1   2   3   4   5  6A  6B    7    8   9   10  11  12  13   14  15   16   17  18
                                     12Z  AVG MX 2MIN
DY MAX MIN AVG DEP HDD CDD  WTR  SNW DPTH SPD SPD DIR MIN PSBL S-S WX    SPD DR
================================================================================

 1  72  49  61   3   4   0 0.00  0.0    M  8.4 18 350   M    M   4        29 360
 2  59  35  47 -11  18   0 0.00  0.0    M  4.9 16  10   M    M   0        24  30
 3  68  32  50  -8  15   0 0.00  0.0    M  0.9  7  10   M    M   0         8  60
 4  73  39  56  -1   9   0 0.00  0.0    M  2.2  7  80   M    M   0        10  70
 5  73  45  59   2   6   0 0.00  0.0    0  4.2 10  60   M    M   0        13  60
 6  78  50  64   7   1   0 0.00    M    0  5.5 13  70   M    M   2        17  70
 7  69  54  62   6   3   0 0.02  0.0    0  4.6 10  80   M    M   5 18     14  90
 8  78  62  70  14   0   5    T  0.0    0  7.4 16  80   M    M   5        24  70
 9  80  62  71  15   0   6 0.00  0.0    0  6.6 17  80   M    M   6        22 100
10  75  67  71  16   0   6    T  0.0    0  6.8 15  70   M    M   9 18     21  70
11  81  71  76  21   0  11    T  0.0    M  2.8 14 250   M    M  10 1      16 250
12  71  50  61   6   4   0 0.00  0.0    M  3.9  9 350   M    M   9 12     13 340
13  74  47  61   7   4   0 0.00  0.0    0  2.0 14  10   M    M   4 12     18  10
14  77  45  61   7   4   0 0.00  0.0    0  5.1 10 120   M    M   0        14 120
15  70   M   M   M   M   M    T  0.0    0  5.9 18 280   M    M   3        27 220
16  65  33  49  -4  16   0 0.00  0.0    0  3.5 15 360   M    M   0        19  10
17  65  30  48  -5  17   0 0.00  0.0    0  4.7 21 360   M    M   0 1      27  10
18  67  34  51  -2  14   0 0.00  0.0    M  3.5 12 360   M    M   0        14 360
19  67  42  55   3  10   0 0.00  0.0    M  6.7 13  70   M    M   0        17  70
20  73  44  59   7   6   0 0.00  0.0    M  3.7 10  50   M    M   0        13  50
21  74  44  59   7   6   0 0.00  0.0    M  2.1  8 120   M    M   0        12  30
22  73  48  61   9   4   0 0.00  0.0    M  4.1 16 240   M    M   5 8      20 340
23  61  36  49  -2  16   0 0.00  0.0    M  6.1 14 360   M    M   3        19 360
24  66  36  51   0  14   0 0.00  0.0    M  6.2 15 150   M    M   0        19  60
25  71  52  62  12   3   0    M  0.0    M  6.0 20 270   M    M   6 1      26 170
26  72  42  57   7   8   0 0.00  0.0    M  2.4  9 240   M    M   4 1      12 230
27  73  41  57   7   8   0    M  0.0    M  2.5  9 270   M    M   3 1      12 280
28  66  49  58   8   7   0 0.00  0.0    M  3.2 13 360   M    M   2        16 360
29  59  49  54   5  11   0    M    M    0  5.9 14 270   M    M   7 1      19 280
================================================================================
SM 2050 1288       208  28  0.02  0.0    131.8          M       87
================================================================================
AV 70.7 46.0                               4.5 FASTST   M    M   3    MAX(MPH)
                                 MISC ---->    21 360                 29 360
================================================================================
NOTES:
# LAST OF SEVERAL OCCURRENCES

COLUMN 17 PEAK WIND IN M.P.H.

PRELIMINARY LOCAL CLIMATOLOGICAL DATA (WS FORM: F-6) , PAGE 2

                                          STATION:   ANNISTON
                                          MONTH:     NOVEMBER
                                          YEAR:      2020
                                          LATITUDE:   33 35 N
                                          LONGITUDE:  85 51 W

[TEMPERATURE DATA]      [PRECIPITATION DATA]       SYMBOLS USED IN COLUMN 16

AVERAGE MONTHLY: 58.3   TOTAL FOR MONTH:   0.02    1 = FOG OR MIST
DPTR FM NORMAL:   4.6   DPTR FM NORMAL:   -4.40    2 = FOG REDUCING VISIBILITY
HIGHEST:    81 ON 11    GRTST 24HR  0.23 ON 25-25      TO 1/4 MILE OR LESS
LOWEST:     30 ON 17                               3 = THUNDER
                        SNOW, ICE PELLETS, HAIL    4 = ICE PELLETS
                        TOTAL MONTH:   0.0 INCH    5 = HAIL
                        GRTST 24HR  0.0            6 = FREEZING RAIN OR DRIZZLE
                        GRTST DEPTH:  0            7 = DUSTSTORM OR SANDSTORM:
                                                       VSBY 1/2 MILE OR LESS
                                                   8 = SMOKE OR HAZE
[NO. OF DAYS WITH]      [WEATHER - DAYS WITH]      9 = BLOWING SNOW
                                                   X = TORNADO
MAX 32 OR BELOW:   0    0.01 INCH OR MORE:   1
MAX 90 OR ABOVE:   0    0.10 INCH OR MORE:   0
MIN 32 OR BELOW:   2    0.50 INCH OR MORE:   0
MIN  0 OR BELOW:   0    1.00 INCH OR MORE:   0

[HDD (BASE 65) ]
TOTAL THIS MO.   208    CLEAR  (SCALE 0-3)  14
DPTR FM NORMAL  -131    PTCLDY (SCALE 4-7)  12
TOTAL FM JUL 1   272    CLOUDY (SCALE 8-10)  3
DPTR FM NORMAL  -209

[CDD (BASE 65) ]
TOTAL THIS MO.    28
DPTR FM NORMAL    18    [PRESSURE DATA]
TOTAL FM JAN 1  2010    HIGHEST SLP M ON M
DPTR FM NORMAL   146    LOWEST  SLP 29.64 ON 29

[REMARKS]
