000
CXUS51 KCTP 290900
CF6AOO
PRELIMINARY LOCAL CLIMATOLOGICAL DATA (WS FORM: F-6)

                                          STATION:   ALTOONA
                                          MONTH:     NOVEMBER
                                          YEAR:      2020
                                          LATITUDE:   40 17 N
                                          LONGITUDE:  78 19 W

  TEMPERATURE IN F:       :PCPN:    SNOW:  WIND      :SUNSHINE: SKY     :PK WND
================================================================================
1   2   3   4   5  6A  6B    7    8   9   10  11  12  13   14  15   16   17  18
                                     12Z  AVG MX 2MIN
DY MAX MIN AVG DEP HDD CDD  WTR  SNW DPTH SPD SPD DIR MIN PSBL S-S WX    SPD DR
================================================================================

 1  55  33  44  -3  21   0 0.08    M    M 15.1 33 300   M    M   6        42 280
 2  41  32  37  -9  28   0    T    M    M 19.6 31 300   M    M   6        42 310
 3  55  37  46   0  19   0 0.00    M    M 11.3 30 270   M    M   0        42 290
 4  68  38  53   7  12   0 0.00    M    M  6.8 15 210   M    M   0        20 190
 5  68  41  55  10  10   0 0.00    M    M  4.8 13 220   M    M   0        16 210
 6  71  43  57  12   8   0 0.00    M    M  3.7  9 270   M    M   0        11 270
 7  73  39  56  11   9   0 0.00    M    M  1.2  8 210   M    M   0 8       9 210
 8  75  41  58  14   7   0 0.00    M    M  1.5  7 230   M    M   0 8       8  40
 9  73  41  57  13   8   0 0.00    M    M  3.5 14 180   M    M   0 18     18 190
10  74  47  61  17   4   0 0.00    M    M  6.0 15 180   M    M   0 12     21 180
11  65  58  62  19   3   0 1.18    M    M  7.0 15 170   M    M   8 12     22 160
12  58  34  46   3  19   0 0.00    M    M  6.6 17 320   M    M   4 1      21 320
13  54  31  43   0  22   0 0.00    M    M  5.7 20 300   M    M   4 128    26 300
14  50  32  41  -1  24   0 0.00    M    M  3.7 10 290   M    M   1         M   M
15  58  38  48   6  17   0 0.24    M    M 15.7 52 260   M    M   8 1      63 260
16  50  38  44   2  21   0 0.01    M    M 16.4 37 270   M    M   3        49 270
17  43  30  37  -4  28   0 0.01    M    M 15.2 29 300   M    M   6        39 310
18  36  24  30 -11  35   0 0.00    M    M  7.1 21 310   M    M   7        27 310
19  53  25  39  -1  26   0 0.00    M    M  5.6 15 210   M    M   0        19 200
20  67  44  56  16   9   0 0.00    M    M 10.7 17 230   M    M   1        24 220
21  55  43  49   9  16   0    T    M    M  2.9 13 320   M    M   8 8      15 320
22  50  39  45   6  20   0 0.21    M    M  6.7 16 160   M    M   9 18     22 150
23  50  35  43   4  22   0 0.14    M    M 12.8 23 300   M    M   9 1      33 290
24  43  27  35  -3  30   0 0.00    M    M  3.9 13  10   M    M   5        16 160
25  50  36  43   5  22   0 0.13    M    M  6.4 16 180   M    M   5 1      20 190
26  55  48  52  14  13   0 0.18    M    M  7.9 23 280   M    M  10 1      31 280
27  51  44  48  11  17   0    T    M    M  3.0 10 260   M    M  10 1      14 270
28  49  32  41   4  24   0 0.00    M    M  7.2 20 290   M    M   5        27 290
================================================================================
SM 1590 1050       494   0  2.18    M    218.0          M      115
================================================================================
AV 56.8 37.5                               7.8 FASTST   M    M   4    MAX(MPH)
                                 MISC ---->    52 260                 63 260
================================================================================
NOTES:
# LAST OF SEVERAL OCCURRENCES

COLUMN 17 PEAK WIND IN M.P.H.

PRELIMINARY LOCAL CLIMATOLOGICAL DATA (WS FORM: F-6) , PAGE 2

                                          STATION:   ALTOONA
                                          MONTH:     NOVEMBER
                                          YEAR:      2020
                                          LATITUDE:   40 17 N
                                          LONGITUDE:  78 19 W

[TEMPERATURE DATA]      [PRECIPITATION DATA]       SYMBOLS USED IN COLUMN 16

AVERAGE MONTHLY: 47.1   TOTAL FOR MONTH:   2.18    1 = FOG OR MIST
DPTR FM NORMAL:   5.2   DPTR FM NORMAL:   -0.83    2 = FOG REDUCING VISIBILITY
HIGHEST:    75 ON  8    GRTST 24HR  1.18 ON 11-11      TO 1/4 MILE OR LESS
LOWEST:     24 ON 18                               3 = THUNDER
                        SNOW, ICE PELLETS, HAIL    4 = ICE PELLETS
                        TOTAL MONTH:  M            5 = HAIL
                        GRTST 24HR    M  ON   M    6 = FREEZING RAIN OR DRIZZLE
                        GRTST DEPTH:  M  ON   M    7 = DUSTSTORM OR SANDSTORM:
                                                       VSBY 1/2 MILE OR LESS
                                                   8 = SMOKE OR HAZE
[NO. OF DAYS WITH]      [WEATHER - DAYS WITH]      9 = BLOWING SNOW
                                                   X = TORNADO
MAX 32 OR BELOW:   0    0.01 INCH OR MORE:   9
MAX 90 OR ABOVE:   0    0.10 INCH OR MORE:   6
MIN 32 OR BELOW:   8    0.50 INCH OR MORE:   1
MIN  0 OR BELOW:   0    1.00 INCH OR MORE:   1

[HDD (BASE 65) ]
TOTAL THIS MO.   494    CLEAR  (SCALE 0-3)  11
DPTR FM NORMAL  -151    PTCLDY (SCALE 4-7)  13
TOTAL FM JUL 1   974    CLOUDY (SCALE 8-10)  4
DPTR FM NORMAL  -286

[CDD (BASE 65) ]
TOTAL THIS MO.     0
DPTR FM NORMAL     0    [PRESSURE DATA]
TOTAL FM JAN 1   847    HIGHEST SLP M ON M
DPTR FM NORMAL   316    LOWEST  SLP 29.57 ON 15

[REMARKS]
