449
CXUS53 KDLH 300920
CF6ASX
PRELIMINARY LOCAL CLIMATOLOGICAL DATA (WS FORM: F-6)

                                          STATION:   ASHLAND
                                          MONTH:     NOVEMBER
                                          YEAR:      2020
                                          LATITUDE:   46 32 N
                                          LONGITUDE:  90 55 W

  TEMPERATURE IN F:       :PCPN:    SNOW:  WIND      :SUNSHINE: SKY     :PK WND
================================================================================
1   2   3   4   5  6A  6B    7    8   9   10  11  12  13   14  15   16   17  18
                                     12Z  AVG MX 2MIN
DY MAX MIN AVG DEP HDD CDD  WTR  SNW DPTH SPD SPD DIR MIN PSBL S-S WX    SPD DR
================================================================================

 1  35  25  30  -8  35   0    M    M    M 14.5 28 310   M    M   6        43 320
 2  56  29  43   5  22   0    M    M    M  9.9 18 240   M    M   1        27 240
 3  75  29  52  15  13   0    M    M    M 10.8 21 220   M    M   0        30 230
 4  73  44  59  22   6   0    M    M    M 10.7 20 240   M    M   0        25 250
 5  62  36  49  12  16   0    M    M    M  6.2 15 220   M    M   0        19 220
 6  78  45  62  26   3   0    M    M    M 15.3 24 210   M    M   0        35 180
 7  70  58  64  28   1   0    M    M    M 11.6 21 200   M    M   0        30 210
 8  72  57  65  30   0   0    M    M    M 14.4 26 200   M    M   0        43 190
 9  73  32  53  18  12   0    M    M    M 15.1 33 210   M    M   6 1      54 190
10  33  28  31  -3  34   0    M    M    M  9.3 22  50   M    M   5 12     30  50
11  38  23  31  -3  34   0    M    M    M  9.4 13 220   M    M   4 1      23 310
12  33  24  29  -4  36   0    M    M    M 10.0 16 230   M    M   7 18     22 250
13  32  22  27  -6  38   0    M    M    M  8.8 14 210   M    M   5        19 220
14  41  27  34   2  31   0    M    M    M  6.3 15 190   M    M   5 18     25 190
15  34  25  30  -2  35   0    M    M    M 14.0 29 290   M    M  10 18     45 290
16  30  19  25  -6  40   0    M    M    M 10.0 18 260   M    M   4        25 270
17  31  14  23  -8  42   0    M    M    M  6.7 14 260   M    M   2 1      19 280
18  46  16  31   1  34   0    M    M    M  8.1 20 200   M    M   1 18     31 200
19  52  31  42  12  23   0    M    M    M  5.2 12 220   M    M   2        15 210
20  35  28  32   3  33   0    M    M    M 10.0 22 290   M    M  10        29 300
21  35  20  28  -1  37   0    M    M    M  6.0 12 230   M    M   4        17 250
22  35  25  30   2  35   0    M    M    M  8.6 18 300   M    M   8 18     26 300
23  31  17  24  -4  41   0    M    M    M  5.4 16 320   M    M   5        24 320
24  36  14  25  -2  40   0    M    M    M  3.0 13 170   M    M   9 18     21 160
25  34  31  33   6  32   0    M    M    M  2.2  7 140   M    M  10 1      10 160
26  35  27  31   5  34   0    M    M    M  9.6 20 240   M    M  10 1      28 230
27  36  25  31   5  34   0    M    M    M 10.4 18 250   M    M   3        24 260
28  48  27  38  13  27   0    M    M    M  9.4 15 230   M    M   0        22 250
29  40  26  33   8  32   0    M    M    M 12.9 24 310   M    M   7        37 300
================================================================================
SM 1329  824       800   0     M    M    273.8          M      124
================================================================================
AV 45.8 28.4                               9.4 FASTST   M    M   4    MAX(MPH)
                                 MISC ---->    33 210                 54 190
================================================================================
NOTES:
# LAST OF SEVERAL OCCURRENCES

COLUMN 17 PEAK WIND IN M.P.H.

PRELIMINARY LOCAL CLIMATOLOGICAL DATA (WS FORM: F-6) , PAGE 2

                                          STATION:   ASHLAND
                                          MONTH:     NOVEMBER
                                          YEAR:      2020
                                          LATITUDE:   46 32 N
                                          LONGITUDE:  90 55 W

[TEMPERATURE DATA]      [PRECIPITATION DATA]       SYMBOLS USED IN COLUMN 16

AVERAGE MONTHLY: 37.1   TOTAL FOR MONTH:      M    1 = FOG OR MIST
DPTR FM NORMAL:   5.5   DPTR FM NORMAL:       M    2 = FOG REDUCING VISIBILITY
HIGHEST:    78 ON  6    GRTST 24HR  0.31 ON  9- 9      TO 1/4 MILE OR LESS
LOWEST:     14 ON 24,17                             3 = THUNDER
                        SNOW, ICE PELLETS, HAIL    4 = ICE PELLETS
                        TOTAL MONTH:  M            5 = HAIL
                        GRTST 24HR    M  ON   M    6 = FREEZING RAIN OR DRIZZLE
                        GRTST DEPTH:  M  ON   M    7 = DUSTSTORM OR SANDSTORM:
                                                       VSBY 1/2 MILE OR LESS
                                                   8 = SMOKE OR HAZE
[NO. OF DAYS WITH]      [WEATHER - DAYS WITH]      9 = BLOWING SNOW
                                                   X = TORNADO
MAX 32 OR BELOW:   4    0.01 INCH OR MORE:   0
MAX 90 OR ABOVE:   0    0.10 INCH OR MORE:   0
MIN 32 OR BELOW:  24    0.50 INCH OR MORE:   0
MIN  0 OR BELOW:   0    1.00 INCH OR MORE:   0

[HDD (BASE 65) ]
TOTAL THIS MO.   800    CLEAR  (SCALE 0-3)  12
DPTR FM NORMAL  -166    PTCLDY (SCALE 4-7)  12
TOTAL FM JUL 1  1965    CLOUDY (SCALE 8-10)  5
DPTR FM NORMAL   -45

[CDD (BASE 65) ]
TOTAL THIS MO.     0
DPTR FM NORMAL     0    [PRESSURE DATA]
TOTAL FM JAN 1   355    HIGHEST SLP M ON M
DPTR FM NORMAL   116    LOWEST  SLP 29.28 ON 15

[REMARKS]
