000
CXUS54 KMAF 301210
CF6ATS
PRELIMINARY LOCAL CLIMATOLOGICAL DATA (WS FORM: F-6)

                                          STATION:   ARTESIA
                                          MONTH:     NOVEMBER
                                          YEAR:      2020
                                          LATITUDE:   32 54 N
                                          LONGITUDE: 104 30 W

  TEMPERATURE IN F:       :PCPN:    SNOW:  WIND      :SUNSHINE: SKY     :PK WND
================================================================================
1   2   3   4   5  6A  6B    7    8   9   10  11  12  13   14  15   16   17  18
                                     12Z  AVG MX 2MIN
DY MAX MIN AVG DEP HDD CDD  WTR  SNW DPTH SPD SPD DIR MIN PSBL S-S WX    SPD DR
================================================================================

 1  68  43  56   M   9   0 0.00    M    M  7.1 12 330   M    M   0 8      15  10
 2  73  39  56   M   9   0 0.00    M    M  6.3 12 160   M    M   0        20 150
 3  79  39  59   M   6   0 0.00    M    M  8.6 16 230   M    M   0        18 160
 4  84  43  64   M   1   0 0.00    M    M  4.8 10 190   M    M   0        13 160
 5  82  46  64   M   1   0 0.00    M    M  6.2 14 360   M    M   0        17 360
 6  79  43  61   M   4   0 0.00    M    M  8.7 21 150   M    M   0        25 150
 7  79  45  62   M   3   0 0.00    M    M 14.0 22 160   M    M   0        31 160
 8  81  52  67   M   0   2 0.00    M    M 17.0 28 220   M    M   1        35 190
 9  77  48  63   M   2   0 0.00    M    M 16.4 31 230   M    M   0        38 230
10  61  37  49   M  16   0 0.00    M    M  6.7 14 270   M    M   0        15 350
11  70  28  49   M  16   0 0.00    M    M  8.0 18 180   M    M   0        22 200
12  68  36  52   M  13   0 0.00    M    M  6.6 13 310   M    M   0         M   M
13  57  37  47   M  18   0 0.00    M    M  6.2 14 330   M    M   0        12  99
14  81  39  60   M   5   0 0.00    M    M 14.2 26 240   M    M   0        33 240
15  64  30  47   M  18   0 0.00    M    M 11.3 21 150   M    M   0        28 150
16  75  34  55   M  10   0 0.00    M    M  3.9 12 320   M    M   0         M   M
17  70  37  54   M  11   0 0.00    M    M  9.1 17 160   M    M   0        23 140
18  77  39  58   M   7   0 0.00    M    M 11.3 21 150   M    M   0        18 170
19  86  43  65   M   0   0 0.00    M    M 12.6 24 230   M    M   0        31 220
20  70  45  58   M   7   0 0.00    M    M  9.5 21 360   M    M   0        28 360
21  64  45  55   M  10   0 0.00    M    M  8.3 13 340   M    M   0        14 350
22  52  41  47   M  18   0 0.12    M    M  9.5 17 360   M    M   7 1      22 340
23  61  48  55   M  10   0 0.02    M    M  8.3 18 160   M    M   7 1      25 160
24  68  39  54   M  11   0 0.00    M    M 14.5 31 270   M    M   0 1      39 280
25  68  30  49   M  16   0 0.00    M    M  9.1 20 220   M    M   0        28 220
26  70  34  52   M  13   0 0.00    M    M  7.3 12 260   M    M   0        14 220
27  52  36  44   M  21   0 0.00    M    M  9.4 18  10   M    M   4        24 350
28  54  36  45   M  20   0 0.00    M    M  5.2  9 250   M    M   3        14 360
29  54  30  42   M  23   0 0.00    M    M 11.9 26  10   M    M   1        35  10
================================================================================
SM 2024 1142       298   2  0.14    M    271.9          M       23
================================================================================
AV 69.8 39.4                               9.4 FASTST   M    M   1    MAX(MPH)
                                 MISC ---->    31 230                 39 280
================================================================================
NOTES:
# LAST OF SEVERAL OCCURRENCES

COLUMN 17 PEAK WIND IN M.P.H.

PRELIMINARY LOCAL CLIMATOLOGICAL DATA (WS FORM: F-6) , PAGE 2

                                          STATION:   ARTESIA
                                          MONTH:     NOVEMBER
                                          YEAR:      2020
                                          LATITUDE:   32 54 N
                                          LONGITUDE: 104 30 W

[TEMPERATURE DATA]      [PRECIPITATION DATA]       SYMBOLS USED IN COLUMN 16

AVERAGE MONTHLY: 54.6   TOTAL FOR MONTH:   0.14    1 = FOG OR MIST
DPTR FM NORMAL:   0.0   DPTR FM NORMAL:    0.14    2 = FOG REDUCING VISIBILITY
HIGHEST:    86 ON 19    GRTST 24HR  0.12 ON 22-22      TO 1/4 MILE OR LESS
LOWEST:     28 ON 11                               3 = THUNDER
                        SNOW, ICE PELLETS, HAIL    4 = ICE PELLETS
                        TOTAL MONTH:  M            5 = HAIL
                        GRTST 24HR    M  ON   M    6 = FREEZING RAIN OR DRIZZLE
                        GRTST DEPTH:  M  ON   M    7 = DUSTSTORM OR SANDSTORM:
                                                       VSBY 1/2 MILE OR LESS
                                                   8 = SMOKE OR HAZE
[NO. OF DAYS WITH]      [WEATHER - DAYS WITH]      9 = BLOWING SNOW
                                                   X = TORNADO
MAX 32 OR BELOW:   0    0.01 INCH OR MORE:   2
MAX 90 OR ABOVE:   0    0.10 INCH OR MORE:   1
MIN 32 OR BELOW:   4    0.50 INCH OR MORE:   0
MIN  0 OR BELOW:   0    1.00 INCH OR MORE:   0

[HDD (BASE 65) ]
TOTAL THIS MO.   298    CLEAR  (SCALE 0-3)  26
DPTR FM NORMAL     M    PTCLDY (SCALE 4-7)   3
TOTAL FM JUL 1   504    CLOUDY (SCALE 8-10)  0
DPTR FM NORMAL     M

[CDD (BASE 65) ]
TOTAL THIS MO.     2
DPTR FM NORMAL     M    [PRESSURE DATA]
TOTAL FM JAN 1  2472    HIGHEST SLP M ON M
DPTR FM NORMAL     M    LOWEST  SLP M ON M

[REMARKS]
