000
CXUS54 KEWX 301010
CF6ATT
PRELIMINARY LOCAL CLIMATOLOGICAL DATA (WS FORM: F-6)

                                          STATION:   AUSTIN CAMP MABRY
                                          MONTH:     NOVEMBER
                                          YEAR:      2020
                                          LATITUDE:   30 17 N
                                          LONGITUDE:  97 42 W

  TEMPERATURE IN F:       :PCPN:    SNOW:  WIND      :SUNSHINE: SKY     :PK WND
================================================================================
1   2   3   4   5  6A  6B    7    8   9   10  11  12  13   14  15   16   17  18
                                     12Z  AVG MX 2MIN
DY MAX MIN AVG DEP HDD CDD  WTR  SNW DPTH SPD SPD DIR MIN PSBL S-S WX    SPD DR
================================================================================

 1  79  50  65  -1   0   0 0.00  0.0    0  4.4 14  30   M    M   0        24  30
 2  78  47  63  -3   2   0 0.00  0.0    0  1.5  7 110   M    M   0        12 110
 3  81  43  62  -4   3   0 0.00  0.0    0  2.5 10 150   M    M   0        20 180
 4  82  48  65   0   0   0 0.00  0.0    0  2.7 12 150   M    M   0        22 170
 5  83  57  70   5   0   5 0.00  0.0    0  2.4 10 160   M    M   2        20 170
 6  82  63  73   8   0   8 0.00  0.0    0  2.5  8 130   M    M   6        13 140
 7  82  54  68   4   0   3 0.00  0.0    0  2.3  9 140   M    M   0        15 140
 8  84  59  72   8   0   7 0.00  0.0    0  3.9 13 140   M    M   4 1      21 150
 9  86  66  76  12   0  11 0.00  0.0    0  6.2 13 150   M    M   5        24 160
10  81  64  73  10   0   8 0.00  0.0    0  3.7 13 340   M    M   8        26 340
11  84  59  72   9   0   7 0.00  0.0    0  3.5  8  20   M    M   2        14  20
12  85  63  74  12   0   9 0.00  0.0    0  2.1  9 190   M    M   4 8      19 160
13  84  65  75  13   0  10 0.00  0.0    0  3.4 12 150   M    M   8 1      19 170
14  87  71  79  17   0  14    T  0.0    0  4.7 13 210   M    M   7        28 180
15  74  52  63   2   2   0 0.00  0.0    0  6.2 18 360   M    M   0        33  10
16  76  43  60  -1   5   0 0.00  0.0    0  0.5  9 140   M    M   0        13 140
17  78  41  60   0   5   0 0.00  0.0    0  1.9 12 110   M    M   0        16  90
18  81  43  62   2   3   0 0.00  0.0    0  3.4 12 140   M    M   0        20 160
19  83  59  71  11   0   6 0.00  0.0    0  3.9 12 170   M    M   4 1      22 180
20  84  63  74  15   0   9 0.00  0.0    0  3.3 10 150   M    M   5 1      18 190
21  81  65  73  14   0   8 0.00  0.0    0  3.3 10 150   M    M   9 1      16 120
22  83  57  70  12   0   5    T  0.0    0  4.9 14  10   M    M   8        26  50
23  68  52  60   2   5   0 0.00  0.0    0  4.5 12  30   M    M   7 18     19  40
24  84  59  72  14   0   7 0.04  0.0    0  6.0 14 210   M    M   7 18     30 190
25  74  50  62   5   3   0    T  0.0    0  4.3 14 360   M    M   3        27 340
26  78  45  62   5   3   0 0.00  0.0    0  1.7  9 220   M    M   3        19 190
27  71  60  66   9   0   1 0.02  0.0    0  4.8 13  10   M    M  10 18     24  10
28  61  51  56   0   9   0 0.65  0.0    0  4.9 10 320   M    M  10 18     20 320
29  57  46  52  -4  13   0 0.02  0.0    0  7.8 16 350   M    M   8 1      29 340
================================================================================
SM 2291 1595        53 118  0.73     0.0 107.2          M      120
================================================================================
AV 79.0 55.0                               3.7 FASTST   M    M   4    MAX(MPH)
                                 MISC ---->  # 18 360               # 33   10
================================================================================
NOTES:
# LAST OF SEVERAL OCCURRENCES

COLUMN 17 PEAK WIND IN M.P.H.

PRELIMINARY LOCAL CLIMATOLOGICAL DATA (WS FORM: F-6) , PAGE 2

                                          STATION:  AUSTIN CAMP MABRY
                                          MONTH:    NOVEMBER
                                          YEAR:     2020
                                          LATITUDE:   30 17 N
                                          LONGITUDE:  97 42 W

[TEMPERATURE DATA]      [PRECIPITATION DATA]       SYMBOLS USED IN COLUMN 16

AVERAGE MONTHLY: 67.0   TOTAL FOR MONTH:   0.73    1 = FOG OR MIST
DPTR FM NORMAL:   5.8   DPTR FM NORMAL:   -2.15    2 = FOG REDUCING VISIBILITY
HIGHEST:    87 ON 14    GRTST 24HR  0.65 ON 28-28      TO 1/4 MILE OR LESS
LOWEST:     41 ON 17                               3 = THUNDER
                        SNOW, ICE PELLETS, HAIL    4 = ICE PELLETS
                        TOTAL MONTH:   0.0 INCH    5 = HAIL
                        GRTST 24HR     0.0         6 = FREEZING RAIN OR DRIZZLE
                        GRTST DEPTH:   0           7 = DUSTSTORM OR SANDSTORM:
                                                       VSBY 1/2 MILE OR LESS
                                                   8 = SMOKE OR HAZE
[NO. OF DAYS WITH]      [WEATHER - DAYS WITH]      9 = BLOWING SNOW
                                                   X = TORNADO
MAX 32 OR BELOW:   0    0.01 INCH OR MORE:   4
MAX 90 OR ABOVE:   0    0.10 INCH OR MORE:   1
MIN 32 OR BELOW:   0    0.50 INCH OR MORE:   1
MIN  0 OR BELOW:   0    1.00 INCH OR MORE:   0

[HDD (BASE 65) ]
TOTAL THIS MO.    53    CLEAR  (SCALE 0-3)  12
DPTR FM NORMAL  -119    PTCLDY (SCALE 4-7)  14
TOTAL FM JUL 1   127    CLOUDY (SCALE 8-10)  3
DPTR FM NORMAL   -76

[CDD (BASE 65) ]
TOTAL THIS MO.   118
DPTR FM NORMAL    58    [PRESSURE DATA]
TOTAL FM JAN 1  3689    HIGHEST SLP M ON M
DPTR FM NORMAL   564    LOWEST  SLP 29.74 ON 24

[REMARKS]
