000
CXUS53 KGRR 301010
CF6AZO
PRELIMINARY LOCAL CLIMATOLOGICAL DATA (WS FORM: F-6)

                                          STATION:   KALAMAZOO
                                          MONTH:     NOVEMBER
                                          YEAR:      2020
                                          LATITUDE:   42 13 N
                                          LONGITUDE:  85 33 W

  TEMPERATURE IN F:       :PCPN:    SNOW:  WIND      :SUNSHINE: SKY     :PK WND
================================================================================
1   2   3   4   5  6A  6B    7    8   9   10  11  12  13   14  15   16   17  18
                                     12Z  AVG MX 2MIN
DY MAX MIN AVG DEP HDD CDD  WTR  SNW DPTH SPD SPD DIR MIN PSBL S-S WX    SPD DR
================================================================================

 1  52  33  43  -3  22   0 0.06    M    M 17.4 30 300   M    M   9 8      48 290
 2  50  24  37  -9  28   0 0.00    M    M  9.6 23 250   M    M   0        34 250
 3  66  33  50   5  15   0 0.00    M    M  8.5 15 230   M    M   0        23 220
 4  73  46  60  15   5   0 0.00    M    M 11.4 18 200   M    M   0        28 230
 5  66  46  56  11   9   0 0.00    M    M  8.6 16 210   M    M   0        24 200
 6  73  42  58  14   7   0 0.00    M    M  7.6 17 220   M    M   0        25 220
 7  71  48  60  16   5   0 0.00    M    M  7.2 17 220   M    M   0        24 210
 8  75  43  59  15   6   0 0.00    M    M  4.6 13 180   M    M   2 8      18 190
 9  77  51  64  21   1   0 0.00    M    M  7.6 18 180   M    M   3 8      26 180
10  75  57  66  23   0   1 0.36    M    M 14.5 37 250   M    M   7 13     61 270
11  57  30  44   2  21   0 0.01    M    M  8.7 22 270   M    M   7        30 270
12  51  27  39  -3  26   0 0.00    M    M  4.3 12 180   M    M   1 18     16 170
13  43  27  35  -7  30   0 0.02    M    M  8.9 22 310   M    M   9 18     28 320
14  45  21  33  -8  32   0 0.16    M    M  7.8 17 150   M    M   4 18     27 170
15  55  37  46   5  19   0 0.39    M    M 18.7 36 250   M    M  10 18     52 240
16  44  34  39  -1  26   0 0.00    M    M 11.4 22 260   M    M   7        31 250
17  40  23  32  -8  33   0    T    M    M 12.2 23 290   M    M   7        32 300
18  47  24  36  -4  29   0 0.00    M    M 10.4 23 190   M    M   3        32 180
19  66  39  53  14  12   0 0.00    M    M 15.6 30 210   M    M   0        43 210
20  64  39  52  13  13   0 0.00    M    M 11.7 23 220   M    M   3        31 220
21  47  33  40   2  25   0 0.00    M    M  3.1  8 360   M    M   0        14 360
22  39  31  35  -3  30   0 0.14    M    M  5.1 12 350   M    M   9 1      17 120
23  46  27  37   0  28   0 0.00    M    M  6.6 17 280   M    M   7 18     23 290
24  40  24  32  -5  33   0 0.17    M    M  5.0 13 150   M    M   7 128    22 140
25  49  40  45   9  20   0 0.33    M    M  4.4 10 190   M    M  10 128    14 120
26  48  38  43   7  22   0 0.00    M    M  8.4 16 270   M    M   9 12     22 240
27  46  34  40   4  25   0 0.00    M    M  7.2 14 310   M    M   8 8      18 300
28  48  25  37   2  28   0 0.00    M    M  8.6 15 210   M    M   0        22 210
29  54  32  43   8  22   0 0.00    M    M  9.4 17 250   M    M   0        23 250
================================================================================
SM 1607 1008       572   1  1.64    M    264.5          M      122
================================================================================
AV 55.4 34.8                               9.1 FASTST   M    M   4    MAX(MPH)
                                 MISC ---->    37 250                 61 270
================================================================================
NOTES:
# LAST OF SEVERAL OCCURRENCES

COLUMN 17 PEAK WIND IN M.P.H.

PRELIMINARY LOCAL CLIMATOLOGICAL DATA (WS FORM: F-6) , PAGE 2

                                          STATION:   KALAMAZOO
                                          MONTH:     NOVEMBER
                                          YEAR:      2020
                                          LATITUDE:   42 13 N
                                          LONGITUDE:  85 33 W

[TEMPERATURE DATA]      [PRECIPITATION DATA]       SYMBOLS USED IN COLUMN 16

AVERAGE MONTHLY: 45.1   TOTAL FOR MONTH:   1.64    1 = FOG OR MIST
DPTR FM NORMAL:   4.4   DPTR FM NORMAL:   -1.29    2 = FOG REDUCING VISIBILITY
HIGHEST:    77 ON  9    GRTST 24HR  0.53 ON 14-15      TO 1/4 MILE OR LESS
LOWEST:     21 ON 14                               3 = THUNDER
                        SNOW, ICE PELLETS, HAIL    4 = ICE PELLETS
                        TOTAL MONTH:  M            5 = HAIL
                        GRTST 24HR    M  ON   M    6 = FREEZING RAIN OR DRIZZLE
                        GRTST DEPTH:  M  ON   M    7 = DUSTSTORM OR SANDSTORM:
                                                       VSBY 1/2 MILE OR LESS
                                                   8 = SMOKE OR HAZE
[NO. OF DAYS WITH]      [WEATHER - DAYS WITH]      9 = BLOWING SNOW
                                                   X = TORNADO
MAX 32 OR BELOW:   0    0.01 INCH OR MORE:   9
MAX 90 OR ABOVE:   0    0.10 INCH OR MORE:   6
MIN 32 OR BELOW:  12    0.50 INCH OR MORE:   0
MIN  0 OR BELOW:   0    1.00 INCH OR MORE:   0

[HDD (BASE 65) ]
TOTAL THIS MO.   572    CLEAR  (SCALE 0-3)  14
DPTR FM NORMAL  -132    PTCLDY (SCALE 4-7)   8
TOTAL FM JUL 1  1161    CLOUDY (SCALE 8-10)  7
DPTR FM NORMAL  -135

[CDD (BASE 65) ]
TOTAL THIS MO.     1
DPTR FM NORMAL     1    [PRESSURE DATA]
TOTAL FM JAN 1   939    HIGHEST SLP M ON M
DPTR FM NORMAL   264    LOWEST  SLP 29.28 ON 15

[REMARKS]
