000
CXUS51 KBUF 300905
CF6BUF
PRELIMINARY LOCAL CLIMATOLOGICAL DATA (WS FORM: F-6)

                                          STATION:   BUFFALO NY
                                          MONTH:     NOVEMBER
                                          YEAR:      2020
                                          LATITUDE:   42 55 N
                                          LONGITUDE:  78 44 W

  TEMPERATURE IN F:       :PCPN:    SNOW:  WIND      :SUNSHINE: SKY     :PK WND
================================================================================
1   2   3   4   5  6A  6B    7    8   9   10  11  12  13   14  15   16   17  18
                                     12Z  AVG MX 2MIN
DY MAX MIN AVG DEP HDD CDD  WTR  SNW DPTH SPD SPD DIR MIN PSBL S-S WX    SPD DR
================================================================================

 1  52  33  43  -3  22   0 0.40    T    0 18.5 31 270   M    M   7 1      42 250
 2  47  31  39  -6  26   0    T  0.2    T 20.8 39 250   M    M   9 1      52 220
 3  50  40  45   0  20   0 0.00  0.0    0  8.9 24 270   M    M   7        33 260
 4  69  41  55  10  10   0 0.00  0.0    0 14.3 25 200   M    M   1        34 210
 5  67  56  62  18   3   0 0.00  0.0    0 13.1 30 220   M    M   6        40 220
 6  64  51  58  14   7   0 0.00  0.0    0 15.0 28 230   M    M   3        35 250
 7  65  48  57  13   8   0 0.00  0.0    0 10.4 23 230   M    M   5        29 230
 8  71  44  58  14   7   0 0.00  0.0    0  5.2  9 240   M    M   1        12 250
 9  76  50  63  20   2   0 0.00  0.0    0  4.8 10 250   M    M   1        14 190
10  77  54  66  23   0   1 0.00  0.0    0  8.4 17 220   M    M   2        22 240
11  69  43  56  14   9   0 0.45  0.0    0 13.6 28 240   M    M   8 13     33 240
12  51  35  43   1  22   0 0.00  0.0    0  5.7 12  40   M    M   5        17  60
13  50  32  41  -1  24   0    T  0.0    0 10.3 21 250   M    M   7        27 220
14  44  33  39  -2  26   0 0.00  0.0    0  7.4 13 220   M    M   5        17 230
15  57  38  48   7  17   0 0.32    T    0 23.1 49 250   M    M  10 138    67 240
16  44  38  41   0  24   0 0.07    T    0 16.6 33 250   M    M   7 5      47 240
17  39  29  34  -6  31   0 0.01    T    0 13.6 26 280   M    M   9 8      36 300
18  35  27  31  -9  34   0    T    T    0  8.0 20 290   M    M   8        26 290
19  62  33  48   8  17   0 0.00  0.0    0 18.2 33 220   M    M   7        43 220
20  61  49  55  16  10   0    T  0.0    0 18.9 35 230   M    M   5        45 240
21  48  38  43   4  22   0 0.00  0.0    0  6.7 15 340   M    M   9        18 350
22  40  33  37  -1  28   0 0.43  0.5    0  9.3 16  50   M    M   9 1      20  60
23  41  32  37  -1  28   0    T    T    0 11.0 18 290   M    M   8 1      24 290
24  38  30  34  -4  31   0 0.01  0.1    T  6.1 14 100   M    M   9        19 300
25  52  37  45   8  20   0 0.20  0.0    0  9.1 16 200   M    M  10        22 200
26  54  47  51  14  14   0 0.13  0.0    0 13.0 25 240   M    M   8 1      34 230
27  48  43  46  10  19   0    T  0.0    0  8.1 16 250   M    M  10        21 250
28  44  39  42   6  23   0 0.00  0.0    0 13.9 23 240   M    M   6        31 250
29  51  36  44   8  21   0 0.00  0.0    0 11.1 24 220   M    M   5        29 220
================================================================================
SM 1566 1140       525   1  2.02     0.8 343.1          M      187
================================================================================
AV 54.0 39.3                              11.8 FASTST   M    M   6    MAX(MPH)
                                 MISC ---->  # 49 250               # 67  240
================================================================================
NOTES:
# LAST OF SEVERAL OCCURRENCES

COLUMN 17 PEAK WIND IN M.P.H.

PRELIMINARY LOCAL CLIMATOLOGICAL DATA (WS FORM: F-6) , PAGE 2

                                          STATION:  BUFFALO NY
                                          MONTH:    NOVEMBER
                                          YEAR:     2020
                                          LATITUDE:   42 55 N
                                          LONGITUDE:  78 44 W

[TEMPERATURE DATA]      [PRECIPITATION DATA]       SYMBOLS USED IN COLUMN 16

AVERAGE MONTHLY: 46.7   TOTAL FOR MONTH:   2.02    1 = FOG OR MIST
DPTR FM NORMAL:   5.8   DPTR FM NORMAL:   -1.86    2 = FOG REDUCING VISIBILITY
HIGHEST:    77 ON 10    GRTST 24HR  0.45 ON 11-11      TO 1/4 MILE OR LESS
LOWEST:     27 ON 18                               3 = THUNDER
                        SNOW, ICE PELLETS, HAIL    4 = ICE PELLETS
                        TOTAL MONTH:   0.8 INCH    5 = HAIL
                        GRTST 24HR   0.5 ON 22-22  6 = FREEZING RAIN OR DRIZZLE
                        GRTST DEPTH:   0           7 = DUSTSTORM OR SANDSTORM:
                                                       VSBY 1/2 MILE OR LESS
                                                   8 = SMOKE OR HAZE
[NO. OF DAYS WITH]      [WEATHER - DAYS WITH]      9 = BLOWING SNOW
                                                   X = TORNADO
MAX 32 OR BELOW:   0    0.01 INCH OR MORE:   9
MAX 90 OR ABOVE:   0    0.10 INCH OR MORE:   6
MIN 32 OR BELOW:   6    0.50 INCH OR MORE:   0
MIN  0 OR BELOW:   0    1.00 INCH OR MORE:   0

[HDD (BASE 65) ]
TOTAL THIS MO.   525    CLEAR  (SCALE 0-3)   4
DPTR FM NORMAL  -174    PTCLDY (SCALE 4-7)  17
TOTAL FM JUL 1  1031    CLOUDY (SCALE 8-10)  8
DPTR FM NORMAL  -273

[CDD (BASE 65) ]
TOTAL THIS MO.     1
DPTR FM NORMAL     1    [PRESSURE DATA]
TOTAL FM JAN 1   949    HIGHEST SLP M ON M
DPTR FM NORMAL   405    LOWEST  SLP 29.35 ON 15

[REMARKS]
