000
CXUS56 KLOX 301655
CF6BUR
PRELIMINARY LOCAL CLIMATOLOGICAL DATA (WS FORM: F-6)

                                          STATION:   HOLLYWOOD/BURBANK  AIRPORT CA
                                          MONTH:     NOVEMBER
                                          YEAR:      2020
                                          LATITUDE:   34 12 N
                                          LONGITUDE: 118 22 W

  TEMPERATURE IN F:       :PCPN:    SNOW:  WIND      :SUNSHINE: SKY     :PK WND
================================================================================
1   2   3   4   5  6A  6B    7    8   9   10  11  12  13   14  15   16   17  18
                                     12Z  AVG MX 2MIN
DY MAX MIN AVG DEP HDD CDD  WTR  SNW DPTH SPD SPD DIR MIN PSBL S-S WX    SPD DR
================================================================================

 1  90  55  73  10   0   8 0.00  0.0    0  2.1 10 250   M    M   0 8      12 270
 2  81  56  69   6   0   4 0.00  0.0    0  3.7 10 120   M    M   0 8      16  90
 3  80  56  68   5   0   3 0.00  0.0    0  4.0 10 160   M    M   0 18     17 240
 4  90  54  72   9   0   7 0.00  0.0    0  2.2  8 140   M    M   0 8      11 130
 5  93  59  76  14   0  11 0.00  0.0    0  2.3 10 330   M    M   0        14 330
 6  76  55  66   4   0   1 0.00  0.0    0  9.7 21 150   M    M   3        25 150
 7  60  48  54  -8  11   0 0.06    M    0  6.3 22 250   M    M   5 3      26 250
 8  61  48  55  -7  10   0 0.00  0.0    0 10.5 28 270   M    M   4        33 270
 9  62  40  51 -10  14   0 0.00  0.0    0  2.4 13 180   M    M   0        16 280
10  66  42  54  -7  11   0 0.00  0.0    0  2.6 12 200   M    M   0 8      14 200
11  68  41  55  -6  10   0 0.00  0.0    0  3.0 10 150   M    M   0        13 200
12  72  43  58  -2   7   0 0.00  0.0    0  2.1 12 170   M    M   0        13 170
13  68  44  56  -4   9   0 0.00  0.0    0  3.7 10 170   M    M   0        13 170
14  72  47  60   0   5   0 0.00  0.0    0  4.6 14 320   M    M   0 8      17 320
15  86  50  68   8   0   3 0.00  0.0    0  1.7  8 320   M    M   0        14 130
16  90  52  71  12   0   6 0.00  0.0    0  3.0 13 320   M    M   0        16 310
17  80  51  66   7   0   1 0.00  0.0    0  3.9 14 120   M    M   0        17 110
18  68  47  58  -1   7   0 0.00  0.0    0  3.8 12 180   M    M   1 128    14 120
19  73  50  62   4   3   0 0.00  0.0    0  3.0 13 150   M    M   2 128    16 150
20  79  49  64   6   1   0 0.00  0.0    0  2.2  7 140   M    M   0         9 130
21  82  49  66   8   0   1 0.00  0.0    0  2.3  9 170   M    M   0        13 100
22  76  51  64   6   1   0 0.00  0.0    0  3.0 10 170   M    M   0        14 180
23  64  47  56  -1   9   0 0.00  0.0    0  4.0 10 170   M    M   1 18     14 230
24  69  47  58   1   7   0 0.00  0.0    0  3.1  9 190   M    M   1 18     19 250
25  67  45  56  -1   9   0 0.00  0.0    0  3.2 10 180   M    M   0 8      13 190
26  69  45  57   0   8   0 0.00  0.0    0  8.0 31  70   M    M   2        42  50
27  67  46  57   1   8   0 0.00  0.0    0  4.5 21 360   M    M   0        24 360
28  73  41  57   1   8   0 0.00  0.0    0  2.3  9 210   M    M   0        12 250
29  77  41  59   3   6   0 0.00  0.0    0  2.3  8 340   M    M   0        13 340
================================================================================
SM 2159 1399       144  45  0.06     0.0 109.5          M       19
================================================================================
AV 74.5 48.2                               3.8 FASTST   M    M   1    MAX(MPH)
                                 MISC ---->  # 31  70               # 42   50
================================================================================
NOTES:
# LAST OF SEVERAL OCCURRENCES

COLUMN 17 PEAK WIND IN M.P.H.

PRELIMINARY LOCAL CLIMATOLOGICAL DATA (WS FORM: F-6) , PAGE 2

                                          STATION:  HOLLYWOOD/BURBANK  AIRPORT CA
                                          MONTH:    NOVEMBER
                                          YEAR:     2020
                                          LATITUDE:   34 12 N
                                          LONGITUDE: 118 22 W

[TEMPERATURE DATA]      [PRECIPITATION DATA]       SYMBOLS USED IN COLUMN 16

AVERAGE MONTHLY: 61.3   TOTAL FOR MONTH:   0.06    1 = FOG OR MIST
DPTR FM NORMAL:   1.8   DPTR FM NORMAL:   -0.96    2 = FOG REDUCING VISIBILITY
HIGHEST:    93 ON  5    GRTST 24HR  0.06 ON  7- 7      TO 1/4 MILE OR LESS
LOWEST:     40 ON  9                               3 = THUNDER
                        SNOW, ICE PELLETS, HAIL    4 = ICE PELLETS
                        TOTAL MONTH:   0.0 INCH    5 = HAIL
                        GRTST 24HR     0.0         6 = FREEZING RAIN OR DRIZZLE
                        GRTST DEPTH:   0           7 = DUSTSTORM OR SANDSTORM:
                                                       VSBY 1/2 MILE OR LESS
                                                   8 = SMOKE OR HAZE
[NO. OF DAYS WITH]      [WEATHER - DAYS WITH]      9 = BLOWING SNOW
                                                   X = TORNADO
MAX 32 OR BELOW:   0    0.01 INCH OR MORE:   1
MAX 90 OR ABOVE:   4    0.10 INCH OR MORE:   0
MIN 32 OR BELOW:   0    0.50 INCH OR MORE:   0
MIN  0 OR BELOW:   0    1.00 INCH OR MORE:   0

[HDD (BASE 65) ]
TOTAL THIS MO.   144    CLEAR  (SCALE 0-3)  26
DPTR FM NORMAL   -26    PTCLDY (SCALE 4-7)   3
TOTAL FM JUL 1   150    CLOUDY (SCALE 8-10)  0
DPTR FM NORMAL   -69

[CDD (BASE 65) ]
TOTAL THIS MO.    45
DPTR FM NORMAL    33    [PRESSURE DATA]
TOTAL FM JAN 1  1947    HIGHEST SLP M ON M
DPTR FM NORMAL   704    LOWEST  SLP 29.58 ON  6

[REMARKS]
